{"version":"1.0","provider_name":"Moviment dels Focolars","provider_url":"https:\/\/focolares.es\/ca","author_name":"Isabel de la Riva","author_url":"https:\/\/focolares.es\/ca\/author\/isabel\/","title":"Trabajar por la paz - Movimiento de los Focolares","type":"rich","width":600,"height":338,"html":"<blockquote class=\"wp-embedded-content\" data-secret=\"3WTjt0j5Ma\"><a href=\"https:\/\/focolares.es\/ca\/idea-del-mes\/noviembre-2025\/\">Treballar per la pau<\/a><\/blockquote><iframe sandbox=\"allow-scripts\" security=\"restricted\" src=\"https:\/\/focolares.es\/ca\/idea-del-mes\/noviembre-2025\/embed\/#?secret=3WTjt0j5Ma\" width=\"600\" height=\"338\" title=\"&#8220;Trabajar por la paz&#8221; &#8212; Movimiento de los Focolares\" data-secret=\"3WTjt0j5Ma\" frameborder=\"0\" marginwidth=\"0\" marginheight=\"0\" scrolling=\"no\" class=\"wp-embedded-content\"><\/iframe><script>\n\/*! This file is auto-generated *\/\n!function(d,l){\"use strict\";l.querySelector&&d.addEventListener&&\"undefined\"!=typeof URL&&(d.wp=d.wp||{},d.wp.receiveEmbedMessage||(d.wp.receiveEmbedMessage=function(e){var t=e.data;if((t||t.secret||t.message||t.value)&&!\/[^a-zA-Z0-9]\/.test(t.secret)){for(var s,r,n,a=l.querySelectorAll('iframe[data-secret=\"'+t.secret+'\"]'),o=l.querySelectorAll('blockquote[data-secret=\"'+t.secret+'\"]'),c=new RegExp(\"^https?:$\",\"i\"),i=0;i<o.length;i++)o[i].style.display=\"none\";for(i=0;i<a.length;i++)s=a[i],e.source===s.contentWindow&&(s.removeAttribute(\"style\"),\"height\"===t.message?(1e3<(r=parseInt(t.value,10))?r=1e3:~~r<200&&(r=200),s.height=r):\"link\"===t.message&&(r=new URL(s.getAttribute(\"src\")),n=new URL(t.value),c.test(n.protocol))&&n.host===r.host&&l.activeElement===s&&(d.top.location.href=t.value))}},d.addEventListener(\"message\",d.wp.receiveEmbedMessage,!1),l.addEventListener(\"DOMContentLoaded\",function(){for(var e,t,s=l.querySelectorAll(\"iframe.wp-embedded-content\"),r=0;r<s.length;r++)(t=(e=s[r]).getAttribute(\"data-secret\"))||(t=Math.random().toString(36).substring(2,12),e.src+=\"#?secret=\"+t,e.setAttribute(\"data-secret\",t)),e.contentWindow.postMessage({message:\"ready\",secret:t},\"*\")},!1)))}(window,document);\n<\/script>","description":"Vivimos un tiempo en el que las tensiones, los conflictos y los mensajes de odio parecen multiplicarse: en las redes sociales, en el trabajo, en la pol\u00edtica, incluso en las familias. Tambi\u00e9n a escala global los conflictos armados alcanzan cifras que no ve\u00edamos desde hace d\u00e9cadas. Todo esto nos recuerda que la paz nunca est\u00e1 garantizada, sino que necesita ser construida cada d\u00eda. Ante esta realidad, las palabras de Chiara Lubich en 2004 son tambi\u00e9n para hoy: \u00abTodo pueblo y toda persona tiene un profundo anhelo de paz, de concordia y de unidad. Pero a pesar de los esfuerzos y la buena voluntad, despu\u00e9s de milenios de historia nos vemos incapaces de mantener una paz estable y duradera. (\u2026)&nbsp;&nbsp;&nbsp; porque la paz no es solo ausencia de guerra, de luchas, divisiones y traumas\u00bb. La verdadera paz \u00abes plenitud de vida y de alegr\u00eda, es salvaci\u00f3n integral de la persona, es libertad, es justicia y fraternidad en el amor entre todos los pueblos\u00bb. Trabajar por la paz requiere ponerse en acci\u00f3n, tomar la iniciativa, a veces con creatividad. Tambi\u00e9n cada uno de nosotros puede ser un \u201cartesano de paz\u201d: en lo peque\u00f1o del d\u00eda a d\u00eda y tambi\u00e9n en lo grande, uni\u00e9ndonos a iniciativas globales que promuevan la concordia y la colaboraci\u00f3n. El proyecto Living Peace[1]donde el deseo personal de hacer algo en favor de la paz, se ha convertido en un programa de educaci\u00f3n a la paz. Actualmente m\u00e1s de 2.600 colegios y grupos se adhieren a este proyecto, y m\u00e1s de dos millones de ni\u00f1os, j\u00f3venes y adultos de los cinco continentes participan en sus iniciativas. Entre ellas est\u00e1 el \u00abdado de la paz\u00bb en cuyas caras est\u00e1n escritas frases que ayudan a construir relaciones de paz y que cada uno trata de poner en pr\u00e1ctica. Recientemente en un webinar titulado \u201cPerd\u00f3n y paz: el coraje de las decisiones dif\u00edciles\u201d[2], se pon\u00eda en evidencia la importancia del perd\u00f3n y de la reconciliaci\u00f3n para ser art\u00edfices de paz reconstruyendo aquello que se hab\u00eda roto. Por \u00faltimo, otro ejemplo es el del M\u00e9todo Rondine[3]: un laboratorio a cielo abierto para salir de la l\u00f3gica del enemigo. Israel\u00edes y palestinos, serbios y bosnios, armenios y azer\u00edes, pero tambi\u00e9n malienses, nigerianos y colombianos, y \u00faltimamente rusos y ucranianos, han construido un camino viable para reparar las relaciones destruidas por el odio y construir v\u00ednculos s\u00f3lidos a favor de la paz. Entre todos los j\u00f3venes que se han acercado en estos treinta a\u00f1os a la Ciudadela de la Paz, un peque\u00f1o pueblo medieval a las puertas de Arezzo, hoy encontramos pol\u00edticos, embajadores, empresarios, j\u00f3venes l\u00edderes que ponen su vida al servicio de sanar las heridas de esos conflictos dolorosos, sentando las bases de un futuro que entrelaza relaciones pacificadas y desarrollo. Para vivir esta Idea, propong\u00e1monos sembrar paz all\u00ed donde estemos, porque cada paso hacia la paz nos hace m\u00e1s plenamente humanos y acerca a toda la sociedad a un horizonte de justicia y fraternidad. [1] http:\/\/livingpeaceinternational.org[2] https:\/\/www.youtube.com\/watch?v=F5zkU3b6H3o&amp;t=2008s[3] https:\/\/rondine.org\/en\/who-we-are\/."}

Vivimos un tiempo en el que las tensiones, los conflictos y los mensajes de odio parecen multiplicarse: en las redes sociales, en el trabajo, en la política, incluso en las familias. También a escala global los conflictos armados alcanzan cifras que no veíamos desde hace décadas. Todo esto nos recuerda que la paz nunca está garantizada, sino que necesita ser construida cada día. Ante esta realidad, las palabras de Chiara Lubich en 2004 son también para hoy: «Todo pueblo y toda persona tiene un profundo anhelo de paz, de concordia y de unidad. Pero a pesar de los esfuerzos y la buena voluntad, después de milenios de historia nos vemos incapaces de mantener una paz estable y duradera. (…)&nbsp;&nbsp;&nbsp; porque la paz no es solo ausencia de guerra, de luchas, divisiones y traumas». La verdadera paz «es plenitud de vida y de alegría, es salvación integral de la persona, es libertad, es justicia y fraternidad en el amor entre todos los pueblos». Trabajar por la paz requiere ponerse en acción, tomar la iniciativa, a veces con creatividad. También cada uno de nosotros puede ser un “artesano de paz”: en lo pequeño del día a día y también en lo grande, uniéndonos a iniciativas globales que promuevan la concordia y la colaboración. El proyecto Living Peace[1]donde el deseo personal de hacer algo en favor de la paz, se ha convertido en un programa de educación a la paz. Actualmente más de 2.600 colegios y grupos se adhieren a este proyecto, y más de dos millones de niños, jóvenes y adultos de los cinco continentes participan en sus iniciativas. Entre ellas está el «dado de la paz» en cuyas caras están escritas frases que ayudan a construir relaciones de paz y que cada uno trata de poner en práctica. Recientemente en un webinar titulado “Perdón y paz: el coraje de las decisiones difíciles”[2], se ponía en evidencia la importancia del perdón y de la reconciliación para ser artífices de paz reconstruyendo aquello que se había roto. Por último, otro ejemplo es el del Método Rondine[3]: un laboratorio a cielo abierto para salir de la lógica del enemigo. Israelíes y palestinos, serbios y bosnios, armenios y azeríes, pero también malienses, nigerianos y colombianos, y últimamente rusos y ucranianos, han construido un camino viable para reparar las relaciones destruidas por el odio y construir vínculos sólidos a favor de la paz. Entre todos los jóvenes que se han acercado en estos treinta años a la Ciudadela de la Paz, un pequeño pueblo medieval a las puertas de Arezzo, hoy encontramos políticos, embajadores, empresarios, jóvenes líderes que ponen su vida al servicio de sanar las heridas de esos conflictos dolorosos, sentando las bases de un futuro que entrelaza relaciones pacificadas y desarrollo. Para vivir esta Idea, propongámonos sembrar paz allí donde estemos, porque cada paso hacia la paz nos hace más plenamente humanos y acerca a toda la sociedad a un horizonte de justicia y fraternidad. [1] http://livingpeaceinternational.org[2] https://www.youtube.com/watch?v=F5zkU3b6H3o&amp;t=2008s[3] https://rondine.org/en/who-we-are/.
