{"id":492,"date":"2024-02-07T11:29:48","date_gmt":"2024-02-07T11:29:48","guid":{"rendered":"https:\/\/focolares.es\/?page_id=492"},"modified":"2026-03-05T19:17:54","modified_gmt":"2026-03-05T18:17:54","slug":"espais-segurs","status":"publish","type":"page","link":"https:\/\/focolares.es\/ca\/espacios-seguros\/","title":{"rendered":"Espais segurs"},"content":{"rendered":"<p>Com a part del seu comprom\u00eds, el Moviment treballa activament per prevenir el maltractament i fomentar el benestar, amb una atenci\u00f3 especial a menors i persones vulnerables. Aix\u00f2 es fa mitjan\u00e7ant accions de formaci\u00f3, sensibilitzaci\u00f3 i mesures concretes de protecci\u00f3.<\/p>\n\n\n\n<p class=\"translation-block\">A Espanya comptem amb la <em>Comissi\u00f3 de Formaci\u00f3<\/em>, que s'encarrega d'educar els membres del Moviment, i la <em>Comissi\u00f3 Independent Estatal per a la Protecci\u00f3 del Menor i les Persones Vulnerables<\/em>, que assessora, ajuda en casos de maltractament i\/o ab\u00fas i at\u00e9n den\u00fancies, garantint la confidencialitat i actuant de manera r\u00e0pida i eficient per gestionar cada cas.<\/p>\n\n\n\n<p><strong>Per contactar amb la Comissi\u00f3 Independent Estatal:<\/strong><br><br>Correu: <a href=\"mailto:protecciondelmenor@focolares.org\">protecciondelmenor@focolares.org<\/a><br>Tel\u00e8fon: 628857657<\/p>\n\n\n\n<div style=\"height:8px\" aria-hidden=\"true\" class=\"wp-block-spacer\"><\/div>\n\n\n\n<h3 class=\"wp-block-heading\">L\u00ednies Guia per a la promoci\u00f3 del benestar i la protecci\u00f3 dels menors<\/h3>\n\n\n\n<p>L&#039;1 de gener de 2026 va entrar en vigor el document<strong> <a href=\"https:\/\/focolares.es:\/wp-content\/uploads\/2026\/03\/ES-CGO-00-20251121-Policy_Tutela_c.pdf?#\" target=\"_blank\" rel=\"noreferrer noopener\">Pol\u00edtica per a la Protecci\u00f3 de les Persones al Moviment dels Focolars<\/a><\/strong>. Aquestes directrius s&#039;han anat actualitzant per garantir un tracte adequat a menors i persones vulnerables, millorant els procediments i les estructures de suport.<\/p>\n\n\n\n<p>Actualment existeixen:<\/p>\n\n\n\n<ul class=\"wp-block-list\">\n<li><strong>Comissi\u00f3 Independent Central<\/strong>: \u00d2rgan de vigil\u00e0ncia que encarrega exclusivament de gestionar les den\u00fancies d&#039;ab\u00fas en col\u00b7laboraci\u00f3 amb les comissions estatals.<\/li>\n\n\n\n<li><strong>Coordinadora Central de Formaci\u00f3<\/strong>: Un equip d&#039;experts i assessors que forma els membres del Moviment en prevenci\u00f3 i protecci\u00f3, amb el suport de les comissions estatals.<\/li>\n\n\n\n<li class=\"translation-block\"><strong>Punts d'escolta<\/strong>: Des de 2022, a Europa Occidental estan disponibles els <em><a href=\"https:\/\/focolares.es\/ca\/punts-descolta\/\" target=\"_self\">Punts d'escolta<\/a><\/em>, espais independents on les persones poden compartir les seves experi\u00e8ncies relacionades amb ab\u00fas de poder, <a href=\"https:\/\/focolares.es\/ca\/abusos-espirituals\/\" target=\"_self\">abusos espirituals<\/a> o altres inquietuds. Aquests punts garanteixen un entorn segur i confidencial, separat de les estructures de govern del moviment.<\/li>\n<\/ul>\n\n\n\n<p><\/p>","protected":false},"excerpt":{"rendered":"<p>Com a part del seu comprom\u00eds, el Moviment treballa activament per prevenir el maltractament i fomentar el benestar, amb una atenci\u00f3 especial a menors i persones vulnerables. Aix\u00f2 es fa mitjan\u00e7ant accions de formaci\u00f3, sensibilitzaci\u00f3 i mesures concretes de protecci\u00f3. A Espanya, comptem amb la Comissi\u00f3 de Formaci\u00f3, que s&#039;encarrega d&#039;educar els membres del Moviment, i la Comissi\u00f3 Independent Estatal per a la Protecci\u00f3 del Menor i les Persones Vulnerables, que assessora, ajuda en casos de maltractament i\/o ab\u00fas i at\u00e9n den\u00fancies, garantint la confidencialitat i actuant de manera r\u00e0pida i eficient per gestionar cada cas. Per contactar amb la Comissi\u00f3 Independent Estatal: Correu: protecciondelmenor@focolares.orgTel\u00e8fon: 628857657 L\u00ednies Guia per a la promoci\u00f3 del benestar i la protecci\u00f3 dels menors Des del 2014, el Moviment dels Focolars compta amb unes L\u00ednies Guia per a la promoci\u00f3 del benestar i la protecci\u00f3 dels menors. Aquestes directrius s&#039;han anat actualitzant per garantir un tracte adequat a menors i persones vulnerables, millorant els procediments i les estructures de suport. Actualment existeixen:<\/p>","protected":false},"author":1,"featured_media":0,"parent":0,"menu_order":0,"comment_status":"closed","ping_status":"closed","template":"","meta":{"_price":"","_stock":"","_tribe_ticket_header":"","_tribe_default_ticket_provider":"","_tribe_ticket_capacity":"0","_ticket_start_date":"","_ticket_end_date":"","_tribe_ticket_show_description":"","_tribe_ticket_show_not_going":false,"_tribe_ticket_use_global_stock":"","_tribe_ticket_global_stock_level":"","_global_stock_mode":"","_global_stock_cap":"","_tribe_rsvp_for_event":"","_tribe_ticket_going_count":"","_tribe_ticket_not_going_count":"","_tribe_tickets_list":"[]","_tribe_ticket_has_attendee_info_fields":false,"footnotes":"","_tec_slr_enabled":"","_tec_slr_layout":""},"class_list":["post-492","page","type-page","status-publish","hentry"],"yoast_head":"<!-- This site is optimized with the Yoast SEO plugin v27.2 - https:\/\/yoast.com\/product\/yoast-seo-wordpress\/ -->\n<title>Espacios seguros - Movimiento de los Focolares<\/title>\n<meta name=\"description\" content=\"Espacios seguros\" \/>\n<meta name=\"robots\" content=\"index, follow, max-snippet:-1, max-image-preview:large, max-video-preview:-1\" \/>\n<link rel=\"canonical\" href=\"https:\/\/focolares.es\/ca\/espais-segurs\/\" \/>\n<meta property=\"og:locale\" content=\"ca_ES\" \/>\n<meta property=\"og:type\" content=\"article\" \/>\n<meta property=\"og:title\" content=\"Espacios seguros - Movimiento de los Focolares\" \/>\n<meta property=\"og:description\" content=\"Espacios seguros\" \/>\n<meta property=\"og:url\" content=\"https:\/\/focolares.es\/ca\/espais-segurs\/\" \/>\n<meta property=\"og:site_name\" content=\"Movimiento de los Focolares\" \/>\n<meta property=\"article:modified_time\" content=\"2026-03-05T18:17:54+00:00\" \/>\n<meta name=\"twitter:card\" content=\"summary_large_image\" \/>\n<meta name=\"twitter:label1\" content=\"Temps estimat de lectura\" \/>\n\t<meta name=\"twitter:data1\" content=\"2 minuts\" \/>\n<script type=\"application\/ld+json\" class=\"yoast-schema-graph\">{\"@context\":\"https:\/\/schema.org\",\"@graph\":[{\"@type\":\"WebPage\",\"@id\":\"https:\/\/focolares.es\/espacios-seguros\/\",\"url\":\"https:\/\/focolares.es\/espacios-seguros\/\",\"name\":\"Espacios seguros - Movimiento de los Focolares\",\"isPartOf\":{\"@id\":\"https:\/\/focolares.es\/#website\"},\"datePublished\":\"2024-02-07T11:29:48+00:00\",\"dateModified\":\"2026-03-05T18:17:54+00:00\",\"description\":\"Espacios seguros\",\"breadcrumb\":{\"@id\":\"https:\/\/focolares.es\/espacios-seguros\/#breadcrumb\"},\"inLanguage\":\"ca\",\"potentialAction\":[{\"@type\":\"ReadAction\",\"target\":[\"https:\/\/focolares.es\/espacios-seguros\/\"]}]},{\"@type\":\"BreadcrumbList\",\"@id\":\"https:\/\/focolares.es\/espacios-seguros\/#breadcrumb\",\"itemListElement\":[{\"@type\":\"ListItem\",\"position\":1,\"name\":\"Portada\",\"item\":\"https:\/\/focolares.es\/\"},{\"@type\":\"ListItem\",\"position\":2,\"name\":\"Espacios seguros\"}]},{\"@type\":\"WebSite\",\"@id\":\"https:\/\/focolares.es\/#website\",\"url\":\"https:\/\/focolares.es\/\",\"name\":\"Movimiento de los Focolares\",\"description\":\"\",\"publisher\":{\"@id\":\"https:\/\/focolares.es\/#organization\"},\"potentialAction\":[{\"@type\":\"SearchAction\",\"target\":{\"@type\":\"EntryPoint\",\"urlTemplate\":\"https:\/\/focolares.es\/?s={search_term_string}\"},\"query-input\":{\"@type\":\"PropertyValueSpecification\",\"valueRequired\":true,\"valueName\":\"search_term_string\"}}],\"inLanguage\":\"ca\"},{\"@type\":\"Organization\",\"@id\":\"https:\/\/focolares.es\/#organization\",\"name\":\"Movimiento de los Focolares\",\"url\":\"https:\/\/focolares.es\/\",\"logo\":{\"@type\":\"ImageObject\",\"inLanguage\":\"ca\",\"@id\":\"https:\/\/focolares.es\/#\/schema\/logo\/image\/\",\"url\":\"https:\/\/focolares.es\/wp-content\/uploads\/2024\/03\/Logo_focolares-1024x944-1.jpg\",\"contentUrl\":\"https:\/\/focolares.es\/wp-content\/uploads\/2024\/03\/Logo_focolares-1024x944-1.jpg\",\"width\":1024,\"height\":944,\"caption\":\"Movimiento de los Focolares\"},\"image\":{\"@id\":\"https:\/\/focolares.es\/#\/schema\/logo\/image\/\"}}]}<\/script>\n<!-- \/ Yoast SEO plugin. -->","yoast_head_json":{"title":"Espais segurs - Moviment dels Focolars","description":"Espais segurs","robots":{"index":"index","follow":"follow","max-snippet":"max-snippet:-1","max-image-preview":"max-image-preview:large","max-video-preview":"max-video-preview:-1"},"canonical":"https:\/\/focolares.es\/ca\/espais-segurs\/","og_locale":"ca_ES","og_type":"article","og_title":"Espacios seguros - Movimiento de los Focolares","og_description":"Espacios seguros","og_url":"https:\/\/focolares.es\/ca\/espais-segurs\/","og_site_name":"Movimiento de los Focolares","article_modified_time":"2026-03-05T18:17:54+00:00","twitter_card":"summary_large_image","twitter_misc":{"Temps estimat de lectura":"2 minuts"},"schema":{"@context":"https:\/\/schema.org","@graph":[{"@type":"WebPage","@id":"https:\/\/focolares.es\/espacios-seguros\/","url":"https:\/\/focolares.es\/espacios-seguros\/","name":"Espais segurs - Moviment dels Focolars","isPartOf":{"@id":"https:\/\/focolares.es\/#website"},"datePublished":"2024-02-07T11:29:48+00:00","dateModified":"2026-03-05T18:17:54+00:00","description":"Espais segurs","breadcrumb":{"@id":"https:\/\/focolares.es\/espacios-seguros\/#breadcrumb"},"inLanguage":"ca","potentialAction":[{"@type":"ReadAction","target":["https:\/\/focolares.es\/espacios-seguros\/"]}]},{"@type":"BreadcrumbList","@id":"https:\/\/focolares.es\/espacios-seguros\/#breadcrumb","itemListElement":[{"@type":"ListItem","position":1,"name":"Portada","item":"https:\/\/focolares.es\/"},{"@type":"ListItem","position":2,"name":"Espacios seguros"}]},{"@type":"WebSite","@id":"https:\/\/focolares.es\/#website","url":"https:\/\/focolares.es\/","name":"Moviment dels Focolars","description":"","publisher":{"@id":"https:\/\/focolares.es\/#organization"},"potentialAction":[{"@type":"SearchAction","target":{"@type":"EntryPoint","urlTemplate":"https:\/\/focolares.es\/?s={search_term_string}"},"query-input":{"@type":"PropertyValueSpecification","valueRequired":true,"valueName":"search_term_string"}}],"inLanguage":"ca"},{"@type":"Organization","@id":"https:\/\/focolares.es\/#organization","name":"Moviment dels Focolars","url":"https:\/\/focolares.es\/","logo":{"@type":"ImageObject","inLanguage":"ca","@id":"https:\/\/focolares.es\/#\/schema\/logo\/image\/","url":"https:\/\/focolares.es\/wp-content\/uploads\/2024\/03\/Logo_focolares-1024x944-1.jpg","contentUrl":"https:\/\/focolares.es\/wp-content\/uploads\/2024\/03\/Logo_focolares-1024x944-1.jpg","width":1024,"height":944,"caption":"Movimiento de los Focolares"},"image":{"@id":"https:\/\/focolares.es\/#\/schema\/logo\/image\/"}}]}},"ticketed":false,"_links":{"self":[{"href":"https:\/\/focolares.es\/ca\/wp-json\/wp\/v2\/pages\/492","targetHints":{"allow":["GET"]}}],"collection":[{"href":"https:\/\/focolares.es\/ca\/wp-json\/wp\/v2\/pages"}],"about":[{"href":"https:\/\/focolares.es\/ca\/wp-json\/wp\/v2\/types\/page"}],"author":[{"embeddable":true,"href":"https:\/\/focolares.es\/ca\/wp-json\/wp\/v2\/users\/1"}],"replies":[{"embeddable":true,"href":"https:\/\/focolares.es\/ca\/wp-json\/wp\/v2\/comments?post=492"}],"version-history":[{"count":31,"href":"https:\/\/focolares.es\/ca\/wp-json\/wp\/v2\/pages\/492\/revisions"}],"predecessor-version":[{"id":19042,"href":"https:\/\/focolares.es\/ca\/wp-json\/wp\/v2\/pages\/492\/revisions\/19042"}],"wp:attachment":[{"href":"https:\/\/focolares.es\/ca\/wp-json\/wp\/v2\/media?parent=492"}],"curies":[{"name":"wp","href":"https:\/\/api.w.org\/{rel}","templated":true}]}}

<p>Com a part del seu compromís, el Moviment treballa activament per prevenir el maltractament i fomentar el benestar, amb una atenció especial a menors i persones vulnerables. Això es fa mitjançant accions de formació, sensibilització i mesures concretes de protecció.</p>



<p class="translation-block">A Espanya comptem amb la <em>Comissió de Formació</em>, que s'encarrega d'educar els membres del Moviment, i la <em>Comissió Independent Estatal per a la Protecció del Menor i les Persones Vulnerables</em>, que assessora, ajuda en casos de maltractament i/o abús i atén denúncies, garantint la confidencialitat i actuant de manera ràpida i eficient per gestionar cada cas.</p>



<p><strong>Per contactar amb la Comissió Independent Estatal:</strong><br><br>Correu: <a href="mailto:protecciondelmenor@focolares.org">protecciondelmenor@focolares.org</a><br>Telèfon: 628857657</p>



<div style="height:8px" aria-hidden="true" class="wp-block-spacer"></div>



<h3 class="wp-block-heading">Línies Guia per a la promoció del benestar i la protecció dels menors</h3>



<p>L&#039;1 de gener de 2026 va entrar en vigor el document<strong> <a href="https://focolares.es:/wp-content/uploads/2026/03/ES-CGO-00-20251121-Policy_Tutela_c.pdf?#" target="_blank" rel="noreferrer noopener">Política per a la Protecció de les Persones al Moviment dels Focolars</a></strong>. Aquestes directrius s&#039;han anat actualitzant per garantir un tracte adequat a menors i persones vulnerables, millorant els procediments i les estructures de suport.</p>



<p>Actualment existeixen:</p>



<ul class="wp-block-list">
<li><strong>Comissió Independent Central</strong>: Òrgan de vigilància que encarrega exclusivament de gestionar les denúncies d&#039;abús en col·laboració amb les comissions estatals.</li>



<li><strong>Coordinadora Central de Formació</strong>: Un equip d&#039;experts i assessors que forma els membres del Moviment en prevenció i protecció, amb el suport de les comissions estatals.</li>



<li class="translation-block"><strong>Punts d'escolta</strong>: Des de 2022, a Europa Occidental estan disponibles els <em><a href="https://focolares.es/ca/punts-descolta/" target="_self">Punts d'escolta</a></em>, espais independents on les persones poden compartir les seves experiències relacionades amb abús de poder, <a href="https://focolares.es/ca/abusos-espirituals/" target="_self">abusos espirituals</a> o altres inquietuds. Aquests punts garanteixen un entorn segur i confidencial, separat de les estructures de govern del moviment.</li>
</ul>



<p></p>

<p>Com a part del seu compromís, el Moviment treballa activament per prevenir el maltractament i fomentar el benestar, amb una atenció especial a menors i persones vulnerables. Això es fa mitjançant accions de formació, sensibilització i mesures concretes de protecció. A Espanya, comptem amb la Comissió de Formació, que s&#039;encarrega d&#039;educar els membres del Moviment, i la Comissió Independent Estatal per a la Protecció del Menor i les Persones Vulnerables, que assessora, ajuda en casos de maltractament i/o abús i atén denúncies, garantint la confidencialitat i actuant de manera ràpida i eficient per gestionar cada cas. Per contactar amb la Comissió Independent Estatal: Correu: protecciondelmenor@focolares.orgTelèfon: 628857657 Línies Guia per a la promoció del benestar i la protecció dels menors Des del 2014, el Moviment dels Focolars compta amb unes Línies Guia per a la promoció del benestar i la protecció dels menors. Aquestes directrius s&#039;han anat actualitzant per garantir un tracte adequat a menors i persones vulnerables, millorant els procediments i les estructures de suport. Actualment existeixen:</p>
