{"id":14701,"date":"2025-01-28T12:16:55","date_gmt":"2025-01-28T11:16:55","guid":{"rendered":"https:\/\/focolares.es\/?post_type=tribe_events&#038;p=14701"},"modified":"2025-02-01T10:02:44","modified_gmt":"2025-02-01T09:02:44","slug":"marxem-a-valladolid","status":"publish","type":"tribe_events","link":"https:\/\/focolares.es\/ca\/agenda\/nos-vamos-a-valladolid\/","title":{"rendered":"Marxem a Valladolid!"},"content":{"rendered":"<p>Oferta de formaci\u00f3 i conviv\u00e8ncia familiar, amb els fills o sense, o b\u00e9 en situaci\u00f3 de vidu\u00eftat o separaci\u00f3.<\/p>\n<p>Podeu inscriure-us en aquest <a href=\"https:\/\/docs.google.com\/forms\/d\/e\/1FAIpQLScispa3V6cC7OU1E4xNhucoBBYm62TmPKFcG-jLBJakR-pDSw\/viewform\" target=\"_blank\" rel=\"noopener\">formulari<\/a>.<\/p>\n<p>Obert a totes les fam\u00edlies que hi vulguin participar, emmarcat dins l&#039;any jubilar del\u00a0<em>Santuari mari\u00e0 de la<\/em>\u00a0<em>Divina Provid\u00e8ncia<\/em>, i porta com a t\u00edtol &#039;Vinga el teu Regne&#039;. Podeu venir acompanyats dels vostres amics. El programa tindr\u00e0 moments formatius i una visita guiada a Valladolid i al santuari.<\/p>\n<p><a href=\"https:\/\/focolares.es\/wp-content\/uploads\/2025\/01\/Valladolid_Junio-2024-1.pdf\" target=\"_blank\" rel=\"noopener\">Descarregar invitaci\u00f3 amb m\u00e9s informaci\u00f3<\/a><\/p>\n<hr \/>\n<p><strong>Destinatari:<\/strong>\u00a0Totes les fam\u00edlies que hi vulguin participar<\/p>\n<p><strong>Lloc:<\/strong>\u00a0Centre Dioces\u00e0 d&#039;Espiritualitat (Bas\u00edlica de la Gran Promesa de Valladolid)<\/p>\n<p><strong>Preus:<\/strong><\/p>\n<ul>\n<li>El preu dadult \u00e9s de 110\u20ac pensi\u00f3 completa.<\/li>\n<li>Els nens entre 4 i 9 anys inclusivament, 70\u20ac i<\/li>\n<li>GRATIS els nens menors de 4 anys.<\/li>\n<\/ul>\n<p><strong>Contacte:<\/strong>\u00a0Juan Baraibar \u2013\u00a0<strong>Tel\u00e8fon:<\/strong>\u00a0627171724 \u2013\u00a0<strong>e-mail:<\/strong>\u00a0<a href=\"mailto:juanbaraibarlopez@yahoo.es\">juanbaraibarlopez@yahoo.es<\/a><\/p>","protected":false},"excerpt":{"rendered":"<p>Oferta de formaci\u00f3 i conviv\u00e8ncia familiar.<\/p>","protected":false},"author":1,"featured_media":14703,"template":"","meta":{"_price":"","_stock":"","_tribe_ticket_header":"","_tribe_default_ticket_provider":"TEC\\Tickets\\Commerce\\Module","_tribe_ticket_capacity":"0","_ticket_start_date":"","_ticket_end_date":"","_tribe_ticket_show_description":"","_tribe_ticket_show_not_going":false,"_tribe_ticket_use_global_stock":"","_tribe_ticket_global_stock_level":"","_global_stock_mode":"","_global_stock_cap":"","_tribe_rsvp_for_event":"","_tribe_ticket_going_count":"","_tribe_ticket_not_going_count":"","_tribe_tickets_list":"[]","_tribe_ticket_has_attendee_info_fields":false,"_tribe_events_status":"","_tribe_events_status_reason":"","footnotes":"","_tec_slr_enabled":"","_tec_slr_layout":""},"tags":[],"tribe_events_cat":[],"class_list":["post-14701","tribe_events","type-tribe_events","status-publish","has-post-thumbnail","hentry"],"yoast_head":"<!-- This site is optimized with the Yoast SEO plugin v27.2 - https:\/\/yoast.com\/product\/yoast-seo-wordpress\/ -->\n<title>\u00a1Nos vamos a Valladolid! - Movimiento de los Focolares<\/title>\n<meta name=\"description\" content=\"Movimiento de los Focolares Formaci\u00f3n y convivencia familiar,\u00a0con los hijos o sin ellos, o bien en situaci\u00f3n de viudedad o separaci\u00f3n.\" \/>\n<meta name=\"robots\" content=\"index, follow, max-snippet:-1, max-image-preview:large, max-video-preview:-1\" \/>\n<link rel=\"canonical\" href=\"https:\/\/focolares.es\/ca\/agenda\/marxem-a-valladolid\/\" \/>\n<meta property=\"og:locale\" content=\"ca_ES\" \/>\n<meta property=\"og:type\" content=\"article\" \/>\n<meta property=\"og:title\" content=\"\u00a1Nos vamos a Valladolid! - Movimiento de los Focolares\" \/>\n<meta property=\"og:description\" content=\"Movimiento de los Focolares Formaci\u00f3n y convivencia familiar,\u00a0con los hijos o sin ellos, o bien en situaci\u00f3n de viudedad o separaci\u00f3n.\" \/>\n<meta property=\"og:url\" content=\"https:\/\/focolares.es\/ca\/agenda\/marxem-a-valladolid\/\" \/>\n<meta property=\"og:site_name\" content=\"Movimiento de los Focolares\" \/>\n<meta property=\"article:modified_time\" content=\"2025-02-01T09:02:44+00:00\" \/>\n<meta property=\"og:image\" content=\"https:\/\/focolares.es\/wp-content\/uploads\/2025\/01\/FN-Valladolid.jpg\" \/>\n\t<meta property=\"og:image:width\" content=\"900\" \/>\n\t<meta property=\"og:image:height\" content=\"600\" \/>\n\t<meta property=\"og:image:type\" content=\"image\/jpeg\" \/>\n<meta name=\"twitter:card\" content=\"summary_large_image\" \/>\n<meta name=\"twitter:label1\" content=\"Temps estimat de lectura\" \/>\n\t<meta name=\"twitter:data1\" content=\"1 minut\" \/>\n<script type=\"application\/ld+json\" class=\"yoast-schema-graph\">{\"@context\":\"https:\/\/schema.org\",\"@graph\":[{\"@type\":\"WebPage\",\"@id\":\"https:\/\/focolares.es\/agenda\/nos-vamos-a-valladolid\/\",\"url\":\"https:\/\/focolares.es\/agenda\/nos-vamos-a-valladolid\/\",\"name\":\"\u00a1Nos vamos a Valladolid! - Movimiento de los Focolares\",\"isPartOf\":{\"@id\":\"https:\/\/focolares.es\/#website\"},\"primaryImageOfPage\":{\"@id\":\"https:\/\/focolares.es\/agenda\/nos-vamos-a-valladolid\/#primaryimage\"},\"image\":{\"@id\":\"https:\/\/focolares.es\/agenda\/nos-vamos-a-valladolid\/#primaryimage\"},\"thumbnailUrl\":\"https:\/\/focolares.es\/wp-content\/uploads\/2025\/01\/FN-Valladolid.jpg\",\"datePublished\":\"2025-01-28T11:16:55+00:00\",\"dateModified\":\"2025-02-01T09:02:44+00:00\",\"description\":\"Movimiento de los Focolares Formaci\u00f3n y convivencia familiar,\u00a0con los hijos o sin ellos, o bien en situaci\u00f3n de viudedad o separaci\u00f3n.\",\"breadcrumb\":{\"@id\":\"https:\/\/focolares.es\/agenda\/nos-vamos-a-valladolid\/#breadcrumb\"},\"inLanguage\":\"ca\",\"potentialAction\":[{\"@type\":\"ReadAction\",\"target\":[\"https:\/\/focolares.es\/agenda\/nos-vamos-a-valladolid\/\"]}]},{\"@type\":\"ImageObject\",\"inLanguage\":\"ca\",\"@id\":\"https:\/\/focolares.es\/agenda\/nos-vamos-a-valladolid\/#primaryimage\",\"url\":\"https:\/\/focolares.es\/wp-content\/uploads\/2025\/01\/FN-Valladolid.jpg\",\"contentUrl\":\"https:\/\/focolares.es\/wp-content\/uploads\/2025\/01\/FN-Valladolid.jpg\",\"width\":900,\"height\":600},{\"@type\":\"BreadcrumbList\",\"@id\":\"https:\/\/focolares.es\/agenda\/nos-vamos-a-valladolid\/#breadcrumb\",\"itemListElement\":[{\"@type\":\"ListItem\",\"position\":1,\"name\":\"Portada\",\"item\":\"https:\/\/focolares.es\/\"},{\"@type\":\"ListItem\",\"position\":2,\"name\":\"Eventos\",\"item\":\"https:\/\/focolares.es\/events\/\"},{\"@type\":\"ListItem\",\"position\":3,\"name\":\"\u00a1Nos vamos a Valladolid!\"}]},{\"@type\":\"WebSite\",\"@id\":\"https:\/\/focolares.es\/#website\",\"url\":\"https:\/\/focolares.es\/\",\"name\":\"Movimiento de los Focolares\",\"description\":\"\",\"publisher\":{\"@id\":\"https:\/\/focolares.es\/#organization\"},\"potentialAction\":[{\"@type\":\"SearchAction\",\"target\":{\"@type\":\"EntryPoint\",\"urlTemplate\":\"https:\/\/focolares.es\/?s={search_term_string}\"},\"query-input\":{\"@type\":\"PropertyValueSpecification\",\"valueRequired\":true,\"valueName\":\"search_term_string\"}}],\"inLanguage\":\"ca\"},{\"@type\":\"Organization\",\"@id\":\"https:\/\/focolares.es\/#organization\",\"name\":\"Movimiento de los Focolares\",\"url\":\"https:\/\/focolares.es\/\",\"logo\":{\"@type\":\"ImageObject\",\"inLanguage\":\"ca\",\"@id\":\"https:\/\/focolares.es\/#\/schema\/logo\/image\/\",\"url\":\"https:\/\/focolares.es\/wp-content\/uploads\/2024\/03\/Logo_focolares-1024x944-1.jpg\",\"contentUrl\":\"https:\/\/focolares.es\/wp-content\/uploads\/2024\/03\/Logo_focolares-1024x944-1.jpg\",\"width\":1024,\"height\":944,\"caption\":\"Movimiento de los Focolares\"},\"image\":{\"@id\":\"https:\/\/focolares.es\/#\/schema\/logo\/image\/\"}}]}<\/script>\n<!-- \/ Yoast SEO plugin. -->","yoast_head_json":{"title":"Marxem a Valladolid! - Moviment dels Focolars","description":"Moviment dels Focolars Formaci\u00f3 i conviv\u00e8ncia familiar, amb els fills o sense, o b\u00e9 en situaci\u00f3 de vidu\u00eftat o separaci\u00f3.","robots":{"index":"index","follow":"follow","max-snippet":"max-snippet:-1","max-image-preview":"max-image-preview:large","max-video-preview":"max-video-preview:-1"},"canonical":"https:\/\/focolares.es\/ca\/agenda\/marxem-a-valladolid\/","og_locale":"ca_ES","og_type":"article","og_title":"\u00a1Nos vamos a Valladolid! - Movimiento de los Focolares","og_description":"Movimiento de los Focolares Formaci\u00f3n y convivencia familiar,\u00a0con los hijos o sin ellos, o bien en situaci\u00f3n de viudedad o separaci\u00f3n.","og_url":"https:\/\/focolares.es\/ca\/agenda\/marxem-a-valladolid\/","og_site_name":"Movimiento de los Focolares","article_modified_time":"2025-02-01T09:02:44+00:00","og_image":[{"width":900,"height":600,"url":"https:\/\/focolares.es\/wp-content\/uploads\/2025\/01\/FN-Valladolid.jpg","type":"image\/jpeg"}],"twitter_card":"summary_large_image","twitter_misc":{"Temps estimat de lectura":"1 minut"},"schema":{"@context":"https:\/\/schema.org","@graph":[{"@type":"WebPage","@id":"https:\/\/focolares.es\/agenda\/nos-vamos-a-valladolid\/","url":"https:\/\/focolares.es\/agenda\/nos-vamos-a-valladolid\/","name":"Marxem a Valladolid! - Moviment dels Focolars","isPartOf":{"@id":"https:\/\/focolares.es\/#website"},"primaryImageOfPage":{"@id":"https:\/\/focolares.es\/agenda\/nos-vamos-a-valladolid\/#primaryimage"},"image":{"@id":"https:\/\/focolares.es\/agenda\/nos-vamos-a-valladolid\/#primaryimage"},"thumbnailUrl":"https:\/\/focolares.es\/wp-content\/uploads\/2025\/01\/FN-Valladolid.jpg","datePublished":"2025-01-28T11:16:55+00:00","dateModified":"2025-02-01T09:02:44+00:00","description":"Moviment dels Focolars Formaci\u00f3 i conviv\u00e8ncia familiar, amb els fills o sense, o b\u00e9 en situaci\u00f3 de vidu\u00eftat o separaci\u00f3.","breadcrumb":{"@id":"https:\/\/focolares.es\/agenda\/nos-vamos-a-valladolid\/#breadcrumb"},"inLanguage":"ca","potentialAction":[{"@type":"ReadAction","target":["https:\/\/focolares.es\/agenda\/nos-vamos-a-valladolid\/"]}]},{"@type":"ImageObject","inLanguage":"ca","@id":"https:\/\/focolares.es\/agenda\/nos-vamos-a-valladolid\/#primaryimage","url":"https:\/\/focolares.es\/wp-content\/uploads\/2025\/01\/FN-Valladolid.jpg","contentUrl":"https:\/\/focolares.es\/wp-content\/uploads\/2025\/01\/FN-Valladolid.jpg","width":900,"height":600},{"@type":"BreadcrumbList","@id":"https:\/\/focolares.es\/agenda\/nos-vamos-a-valladolid\/#breadcrumb","itemListElement":[{"@type":"ListItem","position":1,"name":"Portada","item":"https:\/\/focolares.es\/"},{"@type":"ListItem","position":2,"name":"Eventos","item":"https:\/\/focolares.es\/events\/"},{"@type":"ListItem","position":3,"name":"\u00a1Nos vamos a Valladolid!"}]},{"@type":"WebSite","@id":"https:\/\/focolares.es\/#website","url":"https:\/\/focolares.es\/","name":"Moviment dels Focolars","description":"","publisher":{"@id":"https:\/\/focolares.es\/#organization"},"potentialAction":[{"@type":"SearchAction","target":{"@type":"EntryPoint","urlTemplate":"https:\/\/focolares.es\/?s={search_term_string}"},"query-input":{"@type":"PropertyValueSpecification","valueRequired":true,"valueName":"search_term_string"}}],"inLanguage":"ca"},{"@type":"Organization","@id":"https:\/\/focolares.es\/#organization","name":"Moviment dels Focolars","url":"https:\/\/focolares.es\/","logo":{"@type":"ImageObject","inLanguage":"ca","@id":"https:\/\/focolares.es\/#\/schema\/logo\/image\/","url":"https:\/\/focolares.es\/wp-content\/uploads\/2024\/03\/Logo_focolares-1024x944-1.jpg","contentUrl":"https:\/\/focolares.es\/wp-content\/uploads\/2024\/03\/Logo_focolares-1024x944-1.jpg","width":1024,"height":944,"caption":"Movimiento de los Focolares"},"image":{"@id":"https:\/\/focolares.es\/#\/schema\/logo\/image\/"}}]}},"ticketed":false,"_links":{"self":[{"href":"https:\/\/focolares.es\/ca\/wp-json\/wp\/v2\/tribe_events\/14701","targetHints":{"allow":["GET"]}}],"collection":[{"href":"https:\/\/focolares.es\/ca\/wp-json\/wp\/v2\/tribe_events"}],"about":[{"href":"https:\/\/focolares.es\/ca\/wp-json\/wp\/v2\/types\/tribe_events"}],"author":[{"embeddable":true,"href":"https:\/\/focolares.es\/ca\/wp-json\/wp\/v2\/users\/1"}],"version-history":[{"count":3,"href":"https:\/\/focolares.es\/ca\/wp-json\/wp\/v2\/tribe_events\/14701\/revisions"}],"predecessor-version":[{"id":14919,"href":"https:\/\/focolares.es\/ca\/wp-json\/wp\/v2\/tribe_events\/14701\/revisions\/14919"}],"wp:featuredmedia":[{"embeddable":true,"href":"https:\/\/focolares.es\/ca\/wp-json\/wp\/v2\/media\/14703"}],"wp:attachment":[{"href":"https:\/\/focolares.es\/ca\/wp-json\/wp\/v2\/media?parent=14701"}],"wp:term":[{"taxonomy":"post_tag","embeddable":true,"href":"https:\/\/focolares.es\/ca\/wp-json\/wp\/v2\/tags?post=14701"},{"taxonomy":"tribe_events_cat","embeddable":true,"href":"https:\/\/focolares.es\/ca\/wp-json\/wp\/v2\/tribe_events_cat?post=14701"}],"curies":[{"name":"wp","href":"https:\/\/api.w.org\/{rel}","templated":true}]}}

<p>Oferta de formació i convivència familiar, amb els fills o sense, o bé en situació de viduïtat o separació.</p>
<p>Podeu inscriure-us en aquest <a href="https://docs.google.com/forms/d/e/1FAIpQLScispa3V6cC7OU1E4xNhucoBBYm62TmPKFcG-jLBJakR-pDSw/viewform" target="_blank" rel="noopener">formulari</a>.</p>
<p>Obert a totes les famílies que hi vulguin participar, emmarcat dins l&#039;any jubilar del <em>Santuari marià de la</em> <em>Divina Providència</em>, i porta com a títol &#039;Vinga el teu Regne&#039;. Podeu venir acompanyats dels vostres amics. El programa tindrà moments formatius i una visita guiada a Valladolid i al santuari.</p>
<p><a href="https://focolares.es/wp-content/uploads/2025/01/Valladolid_Junio-2024-1.pdf" target="_blank" rel="noopener">Descarregar invitació amb més informació</a></p>
<hr />
<p><strong>Destinatari:</strong> Totes les famílies que hi vulguin participar</p>
<p><strong>Lloc:</strong> Centre Diocesà d&#039;Espiritualitat (Basílica de la Gran Promesa de Valladolid)</p>
<p><strong>Preus:</strong></p>
<ul>
<li>El preu dadult és de 110€ pensió completa.</li>
<li>Els nens entre 4 i 9 anys inclusivament, 70€ i</li>
<li>GRATIS els nens menors de 4 anys.</li>
</ul>
<p><strong>Contacte:</strong> Juan Baraibar – <strong>Telèfon:</strong> 627171724 – <strong>e-mail:</strong> <a href="mailto:juanbaraibarlopez@yahoo.es">juanbaraibarlopez@yahoo.es</a></p>

<p>Oferta de formació i convivència familiar.</p>

<!-- This site is optimized with the Yoast SEO plugin v27.2 - https://yoast.com/product/yoast-seo-wordpress/ -->
<title>¡Nos vamos a Valladolid! - Movimiento de los Focolares</title>
<meta name="description" content="Movimiento de los Focolares Formación y convivencia familiar, con los hijos o sin ellos, o bien en situación de viudedad o separación." />
<meta name="robots" content="index, follow, max-snippet:-1, max-image-preview:large, max-video-preview:-1" />
<link rel="canonical" href="https://focolares.es/ca/agenda/marxem-a-valladolid/" />
<meta property="og:locale" content="ca_ES" />
<meta property="og:type" content="article" />
<meta property="og:title" content="¡Nos vamos a Valladolid! - Movimiento de los Focolares" />
<meta property="og:description" content="Movimiento de los Focolares Formación y convivencia familiar, con los hijos o sin ellos, o bien en situación de viudedad o separación." />
<meta property="og:url" content="https://focolares.es/ca/agenda/marxem-a-valladolid/" />
<meta property="og:site_name" content="Movimiento de los Focolares" />
<meta property="article:modified_time" content="2025-02-01T09:02:44+00:00" />
<meta property="og:image" content="https://focolares.es/wp-content/uploads/2025/01/FN-Valladolid.jpg" />
	<meta property="og:image:width" content="900" />
	<meta property="og:image:height" content="600" />
	<meta property="og:image:type" content="image/jpeg" />
<meta name="twitter:card" content="summary_large_image" />
<meta name="twitter:label1" content="Temps estimat de lectura" />
	<meta name="twitter:data1" content="1 minut" />
<script type="application/ld+json" class="yoast-schema-graph">{"@context":"https://schema.org","@graph":[{"@type":"WebPage","@id":"https://focolares.es/agenda/nos-vamos-a-valladolid/","url":"https://focolares.es/agenda/nos-vamos-a-valladolid/","name":"¡Nos vamos a Valladolid! - Movimiento de los Focolares","isPartOf":{"@id":"https://focolares.es/#website"},"primaryImageOfPage":{"@id":"https://focolares.es/agenda/nos-vamos-a-valladolid/#primaryimage"},"image":{"@id":"https://focolares.es/agenda/nos-vamos-a-valladolid/#primaryimage"},"thumbnailUrl":"https://focolares.es/wp-content/uploads/2025/01/FN-Valladolid.jpg","datePublished":"2025-01-28T11:16:55+00:00","dateModified":"2025-02-01T09:02:44+00:00","description":"Movimiento de los Focolares Formación y convivencia familiar, con los hijos o sin ellos, o bien en situación de viudedad o separación.","breadcrumb":{"@id":"https://focolares.es/agenda/nos-vamos-a-valladolid/#breadcrumb"},"inLanguage":"ca","potentialAction":[{"@type":"ReadAction","target":["https://focolares.es/agenda/nos-vamos-a-valladolid/"]}]},{"@type":"ImageObject","inLanguage":"ca","@id":"https://focolares.es/agenda/nos-vamos-a-valladolid/#primaryimage","url":"https://focolares.es/wp-content/uploads/2025/01/FN-Valladolid.jpg","contentUrl":"https://focolares.es/wp-content/uploads/2025/01/FN-Valladolid.jpg","width":900,"height":600},{"@type":"BreadcrumbList","@id":"https://focolares.es/agenda/nos-vamos-a-valladolid/#breadcrumb","itemListElement":[{"@type":"ListItem","position":1,"name":"Portada","item":"https://focolares.es/"},{"@type":"ListItem","position":2,"name":"Eventos","item":"https://focolares.es/events/"},{"@type":"ListItem","position":3,"name":"¡Nos vamos a Valladolid!"}]},{"@type":"WebSite","@id":"https://focolares.es/#website","url":"https://focolares.es/","name":"Movimiento de los Focolares","description":"","publisher":{"@id":"https://focolares.es/#organization"},"potentialAction":[{"@type":"SearchAction","target":{"@type":"EntryPoint","urlTemplate":"https://focolares.es/?s={search_term_string}"},"query-input":{"@type":"PropertyValueSpecification","valueRequired":true,"valueName":"search_term_string"}}],"inLanguage":"ca"},{"@type":"Organization","@id":"https://focolares.es/#organization","name":"Movimiento de los Focolares","url":"https://focolares.es/","logo":{"@type":"ImageObject","inLanguage":"ca","@id":"https://focolares.es/#/schema/logo/image/","url":"https://focolares.es/wp-content/uploads/2024/03/Logo_focolares-1024x944-1.jpg","contentUrl":"https://focolares.es/wp-content/uploads/2024/03/Logo_focolares-1024x944-1.jpg","width":1024,"height":944,"caption":"Movimiento de los Focolares"},"image":{"@id":"https://focolares.es/#/schema/logo/image/"}}]}</script>
<!-- / Yoast SEO plugin. -->

Moviment dels Focolars Formació i convivència familiar, amb els fills o sense, o bé en situació de viduïtat o separació.

Movimiento de los Focolares Formación y convivencia familiar, con los hijos o sin ellos, o bien en situación de viudedad o separación.
