{"id":16122,"date":"2025-05-01T14:52:30","date_gmt":"2025-05-01T12:52:30","guid":{"rendered":"https:\/\/focolares.es\/?post_type=tribe_events&#038;p=16122"},"modified":"2025-05-17T16:59:28","modified_gmt":"2025-05-17T14:59:28","slug":"trastorn-limit-de-la-personalitat-tlp-online","status":"publish","type":"tribe_events","link":"https:\/\/focolares.es\/ca\/agenda\/trastorno-limite-de-la-personalidad-tlp-online\/","title":{"rendered":"Trastorn L\u00edmit de la personalitat (TLP) (online)"},"content":{"rendered":"<p><em>La Fundaci\u00f3 Igino Giordani<\/em>\u00a0<em>(FIG)<\/em>\u00a0i la\u00a0<em>Facultat d&#039;Educaci\u00f3 de la Universitat Complutense de Madrid (UCM)<\/em>, han posat en marxa el projecte<strong><a href=\"https:\/\/fundaciongiordani.org\/proyectos\/promocion-de-la-paz-y-la-fraternidad-en-la-educacion\/\" target=\"_blank\" rel=\"noopener\">\u00a0Alian\u00e7a per a la promoci\u00f3 de la pau i la fraternitat a l&#039;educaci\u00f3<\/a>,\u00a0<\/strong>que fomenta el benestar mental i la conviv\u00e8ncia pac\u00edfica a trav\u00e9s de formaci\u00f3, recursos pr\u00e0ctics i espais de reflexi\u00f3.<\/p>\n<p><strong>Cinquena sessi\u00f3:<\/strong><\/p>\n<ul>\n<li>Hi intervenen<strong>:<\/strong>\u00a0<strong>Malena Garc\u00eda Rubio i Nora Ftaich del Cid<\/strong><\/li>\n<\/ul>\n<p>Acc\u00e9s: a trav\u00e9s del canal de\u00a0<a href=\"https:\/\/www.youtube.com\/live\/jaqEGEfITGE\" target=\"_blank\" rel=\"noopener\">YouTube<\/a>\u00a0de la FIG.<\/p>","protected":false},"excerpt":{"rendered":"<p>Quart Webinar sobre projecte formatiu de la Fundaci\u00f3 Igino Giordani i la Universitat Complutense de Madrid<\/p>","protected":false},"author":8,"featured_media":16123,"template":"","meta":{"_price":"","_stock":"","_tribe_ticket_header":"","_tribe_default_ticket_provider":"TEC\\Tickets\\Commerce\\Module","_tribe_ticket_capacity":"0","_ticket_start_date":"","_ticket_end_date":"","_tribe_ticket_show_description":"","_tribe_ticket_show_not_going":false,"_tribe_ticket_use_global_stock":"","_tribe_ticket_global_stock_level":"","_global_stock_mode":"","_global_stock_cap":"","_tribe_rsvp_for_event":"","_tribe_ticket_going_count":"","_tribe_ticket_not_going_count":"","_tribe_tickets_list":"[]","_tribe_ticket_has_attendee_info_fields":false,"_tribe_events_status":"","_tribe_events_status_reason":"","footnotes":"","_tec_slr_enabled":"","_tec_slr_layout":""},"tags":[59],"tribe_events_cat":[],"class_list":["post-16122","tribe_events","type-tribe_events","status-publish","has-post-thumbnail","hentry","tag-humanidades-y-pensamiento"],"yoast_head":"<!-- This site is optimized with the Yoast SEO plugin v27.2 - https:\/\/yoast.com\/product\/yoast-seo-wordpress\/ -->\n<title>Trastorno L\u00edmite de la personalidad (TLP) (online) - Movimiento de los Focolares<\/title>\n<meta name=\"description\" content=\"Trastorno L\u00edmite de la personalidad (TLP) (online)\" \/>\n<meta name=\"robots\" content=\"index, follow, max-snippet:-1, max-image-preview:large, max-video-preview:-1\" \/>\n<link rel=\"canonical\" href=\"https:\/\/focolares.es\/ca\/agenda\/trastorn-limit-de-la-personalitat-tlp-online\/\" \/>\n<meta property=\"og:locale\" content=\"ca_ES\" \/>\n<meta property=\"og:type\" content=\"article\" \/>\n<meta property=\"og:title\" content=\"Trastorno L\u00edmite de la personalidad (TLP) (online) - Movimiento de los Focolares\" \/>\n<meta property=\"og:description\" content=\"Trastorno L\u00edmite de la personalidad (TLP) (online)\" \/>\n<meta property=\"og:url\" content=\"https:\/\/focolares.es\/ca\/agenda\/trastorn-limit-de-la-personalitat-tlp-online\/\" \/>\n<meta property=\"og:site_name\" content=\"Movimiento de los Focolares\" \/>\n<meta property=\"article:modified_time\" content=\"2025-05-17T14:59:28+00:00\" \/>\n<meta property=\"og:image\" content=\"https:\/\/focolares.es\/wp-content\/uploads\/2025\/05\/IMG-FIG-Proyecto-5-webinar.jpg\" \/>\n\t<meta property=\"og:image:width\" content=\"900\" \/>\n\t<meta property=\"og:image:height\" content=\"600\" \/>\n\t<meta property=\"og:image:type\" content=\"image\/jpeg\" \/>\n<meta name=\"twitter:card\" content=\"summary_large_image\" \/>\n<meta name=\"twitter:label1\" content=\"Temps estimat de lectura\" \/>\n\t<meta name=\"twitter:data1\" content=\"1 minut\" \/>\n<script type=\"application\/ld+json\" class=\"yoast-schema-graph\">{\"@context\":\"https:\/\/schema.org\",\"@graph\":[{\"@type\":\"WebPage\",\"@id\":\"https:\/\/focolares.es\/agenda\/trastorno-limite-de-la-personalidad-tlp-online\/\",\"url\":\"https:\/\/focolares.es\/agenda\/trastorno-limite-de-la-personalidad-tlp-online\/\",\"name\":\"Trastorno L\u00edmite de la personalidad (TLP) (online) - Movimiento de los Focolares\",\"isPartOf\":{\"@id\":\"https:\/\/focolares.es\/#website\"},\"primaryImageOfPage\":{\"@id\":\"https:\/\/focolares.es\/agenda\/trastorno-limite-de-la-personalidad-tlp-online\/#primaryimage\"},\"image\":{\"@id\":\"https:\/\/focolares.es\/agenda\/trastorno-limite-de-la-personalidad-tlp-online\/#primaryimage\"},\"thumbnailUrl\":\"https:\/\/focolares.es\/wp-content\/uploads\/2025\/05\/IMG-FIG-Proyecto-5-webinar.jpg\",\"datePublished\":\"2025-05-01T12:52:30+00:00\",\"dateModified\":\"2025-05-17T14:59:28+00:00\",\"description\":\"Trastorno L\u00edmite de la personalidad (TLP) (online)\",\"breadcrumb\":{\"@id\":\"https:\/\/focolares.es\/agenda\/trastorno-limite-de-la-personalidad-tlp-online\/#breadcrumb\"},\"inLanguage\":\"ca\",\"potentialAction\":[{\"@type\":\"ReadAction\",\"target\":[\"https:\/\/focolares.es\/agenda\/trastorno-limite-de-la-personalidad-tlp-online\/\"]}]},{\"@type\":\"ImageObject\",\"inLanguage\":\"ca\",\"@id\":\"https:\/\/focolares.es\/agenda\/trastorno-limite-de-la-personalidad-tlp-online\/#primaryimage\",\"url\":\"https:\/\/focolares.es\/wp-content\/uploads\/2025\/05\/IMG-FIG-Proyecto-5-webinar.jpg\",\"contentUrl\":\"https:\/\/focolares.es\/wp-content\/uploads\/2025\/05\/IMG-FIG-Proyecto-5-webinar.jpg\",\"width\":900,\"height\":600},{\"@type\":\"BreadcrumbList\",\"@id\":\"https:\/\/focolares.es\/agenda\/trastorno-limite-de-la-personalidad-tlp-online\/#breadcrumb\",\"itemListElement\":[{\"@type\":\"ListItem\",\"position\":1,\"name\":\"Portada\",\"item\":\"https:\/\/focolares.es\/\"},{\"@type\":\"ListItem\",\"position\":2,\"name\":\"Eventos\",\"item\":\"https:\/\/focolares.es\/events\/\"},{\"@type\":\"ListItem\",\"position\":3,\"name\":\"Trastorno L\u00edmite de la personalidad (TLP) (online)\"}]},{\"@type\":\"WebSite\",\"@id\":\"https:\/\/focolares.es\/#website\",\"url\":\"https:\/\/focolares.es\/\",\"name\":\"Movimiento de los Focolares\",\"description\":\"\",\"publisher\":{\"@id\":\"https:\/\/focolares.es\/#organization\"},\"potentialAction\":[{\"@type\":\"SearchAction\",\"target\":{\"@type\":\"EntryPoint\",\"urlTemplate\":\"https:\/\/focolares.es\/?s={search_term_string}\"},\"query-input\":{\"@type\":\"PropertyValueSpecification\",\"valueRequired\":true,\"valueName\":\"search_term_string\"}}],\"inLanguage\":\"ca\"},{\"@type\":\"Organization\",\"@id\":\"https:\/\/focolares.es\/#organization\",\"name\":\"Movimiento de los Focolares\",\"url\":\"https:\/\/focolares.es\/\",\"logo\":{\"@type\":\"ImageObject\",\"inLanguage\":\"ca\",\"@id\":\"https:\/\/focolares.es\/#\/schema\/logo\/image\/\",\"url\":\"https:\/\/focolares.es\/wp-content\/uploads\/2024\/03\/Logo_focolares-1024x944-1.jpg\",\"contentUrl\":\"https:\/\/focolares.es\/wp-content\/uploads\/2024\/03\/Logo_focolares-1024x944-1.jpg\",\"width\":1024,\"height\":944,\"caption\":\"Movimiento de los Focolares\"},\"image\":{\"@id\":\"https:\/\/focolares.es\/#\/schema\/logo\/image\/\"}}]}<\/script>\n<!-- \/ Yoast SEO plugin. -->","yoast_head_json":{"title":"Trastorn L\u00edmit de la personalitat (TLP) (online) - Moviment dels Focolars","description":"Trastorn L\u00edmit de la personalitat (TLP) (online)","robots":{"index":"index","follow":"follow","max-snippet":"max-snippet:-1","max-image-preview":"max-image-preview:large","max-video-preview":"max-video-preview:-1"},"canonical":"https:\/\/focolares.es\/ca\/agenda\/trastorn-limit-de-la-personalitat-tlp-online\/","og_locale":"ca_ES","og_type":"article","og_title":"Trastorno L\u00edmite de la personalidad (TLP) (online) - Movimiento de los Focolares","og_description":"Trastorno L\u00edmite de la personalidad (TLP) (online)","og_url":"https:\/\/focolares.es\/ca\/agenda\/trastorn-limit-de-la-personalitat-tlp-online\/","og_site_name":"Movimiento de los Focolares","article_modified_time":"2025-05-17T14:59:28+00:00","og_image":[{"width":900,"height":600,"url":"https:\/\/focolares.es\/wp-content\/uploads\/2025\/05\/IMG-FIG-Proyecto-5-webinar.jpg","type":"image\/jpeg"}],"twitter_card":"summary_large_image","twitter_misc":{"Temps estimat de lectura":"1 minut"},"schema":{"@context":"https:\/\/schema.org","@graph":[{"@type":"WebPage","@id":"https:\/\/focolares.es\/agenda\/trastorno-limite-de-la-personalidad-tlp-online\/","url":"https:\/\/focolares.es\/agenda\/trastorno-limite-de-la-personalidad-tlp-online\/","name":"Trastorn L\u00edmit de la personalitat (TLP) (online) - Moviment dels Focolars","isPartOf":{"@id":"https:\/\/focolares.es\/#website"},"primaryImageOfPage":{"@id":"https:\/\/focolares.es\/agenda\/trastorno-limite-de-la-personalidad-tlp-online\/#primaryimage"},"image":{"@id":"https:\/\/focolares.es\/agenda\/trastorno-limite-de-la-personalidad-tlp-online\/#primaryimage"},"thumbnailUrl":"https:\/\/focolares.es\/wp-content\/uploads\/2025\/05\/IMG-FIG-Proyecto-5-webinar.jpg","datePublished":"2025-05-01T12:52:30+00:00","dateModified":"2025-05-17T14:59:28+00:00","description":"Trastorn L\u00edmit de la personalitat (TLP) (online)","breadcrumb":{"@id":"https:\/\/focolares.es\/agenda\/trastorno-limite-de-la-personalidad-tlp-online\/#breadcrumb"},"inLanguage":"ca","potentialAction":[{"@type":"ReadAction","target":["https:\/\/focolares.es\/agenda\/trastorno-limite-de-la-personalidad-tlp-online\/"]}]},{"@type":"ImageObject","inLanguage":"ca","@id":"https:\/\/focolares.es\/agenda\/trastorno-limite-de-la-personalidad-tlp-online\/#primaryimage","url":"https:\/\/focolares.es\/wp-content\/uploads\/2025\/05\/IMG-FIG-Proyecto-5-webinar.jpg","contentUrl":"https:\/\/focolares.es\/wp-content\/uploads\/2025\/05\/IMG-FIG-Proyecto-5-webinar.jpg","width":900,"height":600},{"@type":"BreadcrumbList","@id":"https:\/\/focolares.es\/agenda\/trastorno-limite-de-la-personalidad-tlp-online\/#breadcrumb","itemListElement":[{"@type":"ListItem","position":1,"name":"Portada","item":"https:\/\/focolares.es\/"},{"@type":"ListItem","position":2,"name":"Eventos","item":"https:\/\/focolares.es\/events\/"},{"@type":"ListItem","position":3,"name":"Trastorno L\u00edmite de la personalidad (TLP) (online)"}]},{"@type":"WebSite","@id":"https:\/\/focolares.es\/#website","url":"https:\/\/focolares.es\/","name":"Moviment dels Focolars","description":"","publisher":{"@id":"https:\/\/focolares.es\/#organization"},"potentialAction":[{"@type":"SearchAction","target":{"@type":"EntryPoint","urlTemplate":"https:\/\/focolares.es\/?s={search_term_string}"},"query-input":{"@type":"PropertyValueSpecification","valueRequired":true,"valueName":"search_term_string"}}],"inLanguage":"ca"},{"@type":"Organization","@id":"https:\/\/focolares.es\/#organization","name":"Moviment dels Focolars","url":"https:\/\/focolares.es\/","logo":{"@type":"ImageObject","inLanguage":"ca","@id":"https:\/\/focolares.es\/#\/schema\/logo\/image\/","url":"https:\/\/focolares.es\/wp-content\/uploads\/2024\/03\/Logo_focolares-1024x944-1.jpg","contentUrl":"https:\/\/focolares.es\/wp-content\/uploads\/2024\/03\/Logo_focolares-1024x944-1.jpg","width":1024,"height":944,"caption":"Movimiento de los Focolares"},"image":{"@id":"https:\/\/focolares.es\/#\/schema\/logo\/image\/"}}]}},"ticketed":false,"_links":{"self":[{"href":"https:\/\/focolares.es\/ca\/wp-json\/wp\/v2\/tribe_events\/16122","targetHints":{"allow":["GET"]}}],"collection":[{"href":"https:\/\/focolares.es\/ca\/wp-json\/wp\/v2\/tribe_events"}],"about":[{"href":"https:\/\/focolares.es\/ca\/wp-json\/wp\/v2\/types\/tribe_events"}],"author":[{"embeddable":true,"href":"https:\/\/focolares.es\/ca\/wp-json\/wp\/v2\/users\/8"}],"version-history":[{"count":2,"href":"https:\/\/focolares.es\/ca\/wp-json\/wp\/v2\/tribe_events\/16122\/revisions"}],"predecessor-version":[{"id":16126,"href":"https:\/\/focolares.es\/ca\/wp-json\/wp\/v2\/tribe_events\/16122\/revisions\/16126"}],"wp:featuredmedia":[{"embeddable":true,"href":"https:\/\/focolares.es\/ca\/wp-json\/wp\/v2\/media\/16123"}],"wp:attachment":[{"href":"https:\/\/focolares.es\/ca\/wp-json\/wp\/v2\/media?parent=16122"}],"wp:term":[{"taxonomy":"post_tag","embeddable":true,"href":"https:\/\/focolares.es\/ca\/wp-json\/wp\/v2\/tags?post=16122"},{"taxonomy":"tribe_events_cat","embeddable":true,"href":"https:\/\/focolares.es\/ca\/wp-json\/wp\/v2\/tribe_events_cat?post=16122"}],"curies":[{"name":"wp","href":"https:\/\/api.w.org\/{rel}","templated":true}]}}

Trastorn Límit de la personalitat (TLP) (online)

<p><em>La Fundació Igino Giordani</em> <em>(FIG)</em> i la <em>Facultat d&#039;Educació de la Universitat Complutense de Madrid (UCM)</em>, han posat en marxa el projecte<strong><a href="https://fundaciongiordani.org/proyectos/promocion-de-la-paz-y-la-fraternidad-en-la-educacion/" target="_blank" rel="noopener"> Aliança per a la promoció de la pau i la fraternitat a l&#039;educació</a>, </strong>que fomenta el benestar mental i la convivència pacífica a través de formació, recursos pràctics i espais de reflexió.</p>
<p><strong>Cinquena sessió:</strong></p>
<ul>
<li>Hi intervenen<strong>:</strong> <strong>Malena García Rubio i Nora Ftaich del Cid</strong></li>
</ul>
<p>Accés: a través del canal de <a href="https://www.youtube.com/live/jaqEGEfITGE" target="_blank" rel="noopener">YouTube</a> de la FIG.</p>

<p>Quart Webinar sobre projecte formatiu de la Fundació Igino Giordani i la Universitat Complutense de Madrid</p>

<!-- This site is optimized with the Yoast SEO plugin v27.2 - https://yoast.com/product/yoast-seo-wordpress/ -->
<title>Trastorno Límite de la personalidad (TLP) (online) - Movimiento de los Focolares</title>
<meta name="description" content="Trastorno Límite de la personalidad (TLP) (online)" />
<meta name="robots" content="index, follow, max-snippet:-1, max-image-preview:large, max-video-preview:-1" />
<link rel="canonical" href="https://focolares.es/ca/agenda/trastorn-limit-de-la-personalitat-tlp-online/" />
<meta property="og:locale" content="ca_ES" />
<meta property="og:type" content="article" />
<meta property="og:title" content="Trastorno Límite de la personalidad (TLP) (online) - Movimiento de los Focolares" />
<meta property="og:description" content="Trastorno Límite de la personalidad (TLP) (online)" />
<meta property="og:url" content="https://focolares.es/ca/agenda/trastorn-limit-de-la-personalitat-tlp-online/" />
<meta property="og:site_name" content="Movimiento de los Focolares" />
<meta property="article:modified_time" content="2025-05-17T14:59:28+00:00" />
<meta property="og:image" content="https://focolares.es/wp-content/uploads/2025/05/IMG-FIG-Proyecto-5-webinar.jpg" />
	<meta property="og:image:width" content="900" />
	<meta property="og:image:height" content="600" />
	<meta property="og:image:type" content="image/jpeg" />
<meta name="twitter:card" content="summary_large_image" />
<meta name="twitter:label1" content="Temps estimat de lectura" />
	<meta name="twitter:data1" content="1 minut" />
<script type="application/ld+json" class="yoast-schema-graph">{"@context":"https://schema.org","@graph":[{"@type":"WebPage","@id":"https://focolares.es/agenda/trastorno-limite-de-la-personalidad-tlp-online/","url":"https://focolares.es/agenda/trastorno-limite-de-la-personalidad-tlp-online/","name":"Trastorno Límite de la personalidad (TLP) (online) - Movimiento de los Focolares","isPartOf":{"@id":"https://focolares.es/#website"},"primaryImageOfPage":{"@id":"https://focolares.es/agenda/trastorno-limite-de-la-personalidad-tlp-online/#primaryimage"},"image":{"@id":"https://focolares.es/agenda/trastorno-limite-de-la-personalidad-tlp-online/#primaryimage"},"thumbnailUrl":"https://focolares.es/wp-content/uploads/2025/05/IMG-FIG-Proyecto-5-webinar.jpg","datePublished":"2025-05-01T12:52:30+00:00","dateModified":"2025-05-17T14:59:28+00:00","description":"Trastorno Límite de la personalidad (TLP) (online)","breadcrumb":{"@id":"https://focolares.es/agenda/trastorno-limite-de-la-personalidad-tlp-online/#breadcrumb"},"inLanguage":"ca","potentialAction":[{"@type":"ReadAction","target":["https://focolares.es/agenda/trastorno-limite-de-la-personalidad-tlp-online/"]}]},{"@type":"ImageObject","inLanguage":"ca","@id":"https://focolares.es/agenda/trastorno-limite-de-la-personalidad-tlp-online/#primaryimage","url":"https://focolares.es/wp-content/uploads/2025/05/IMG-FIG-Proyecto-5-webinar.jpg","contentUrl":"https://focolares.es/wp-content/uploads/2025/05/IMG-FIG-Proyecto-5-webinar.jpg","width":900,"height":600},{"@type":"BreadcrumbList","@id":"https://focolares.es/agenda/trastorno-limite-de-la-personalidad-tlp-online/#breadcrumb","itemListElement":[{"@type":"ListItem","position":1,"name":"Portada","item":"https://focolares.es/"},{"@type":"ListItem","position":2,"name":"Eventos","item":"https://focolares.es/events/"},{"@type":"ListItem","position":3,"name":"Trastorno Límite de la personalidad (TLP) (online)"}]},{"@type":"WebSite","@id":"https://focolares.es/#website","url":"https://focolares.es/","name":"Movimiento de los Focolares","description":"","publisher":{"@id":"https://focolares.es/#organization"},"potentialAction":[{"@type":"SearchAction","target":{"@type":"EntryPoint","urlTemplate":"https://focolares.es/?s={search_term_string}"},"query-input":{"@type":"PropertyValueSpecification","valueRequired":true,"valueName":"search_term_string"}}],"inLanguage":"ca"},{"@type":"Organization","@id":"https://focolares.es/#organization","name":"Movimiento de los Focolares","url":"https://focolares.es/","logo":{"@type":"ImageObject","inLanguage":"ca","@id":"https://focolares.es/#/schema/logo/image/","url":"https://focolares.es/wp-content/uploads/2024/03/Logo_focolares-1024x944-1.jpg","contentUrl":"https://focolares.es/wp-content/uploads/2024/03/Logo_focolares-1024x944-1.jpg","width":1024,"height":944,"caption":"Movimiento de los Focolares"},"image":{"@id":"https://focolares.es/#/schema/logo/image/"}}]}</script>
<!-- / Yoast SEO plugin. -->

Trastorn Límit de la personalitat (TLP) (online) - Moviment dels Focolars

Trastorno Límite de la personalidad (TLP) (online) - Movimiento de los Focolares

Trastorno Límite de la personalidad (TLP) (online)
