{"id":17275,"date":"2025-07-20T23:50:55","date_gmt":"2025-07-20T21:50:55","guid":{"rendered":"https:\/\/focolares.es\/?post_type=tribe_events&#038;p=17275"},"modified":"2025-07-23T13:36:12","modified_gmt":"2025-07-23T11:36:12","slug":"labart-living-thinking-making","status":"publish","type":"tribe_events","link":"https:\/\/focolares.es\/ca\/agenda\/labart-living-thinking-making\/","title":{"rendered":"LabArt: Living, thinking, making"},"content":{"rendered":"<h4 class=\"wp-block-heading\">\u00bf A punt per ser part d&#039;una cosa gran?<\/h4>\n<p>Si tens entre\u00a0<strong>18 i 35 anys<\/strong>\u00a0i l&#039;art \u00e9s la teva passi\u00f3, aquest \u00e9s el teu moment i el teu lloc. Inspira&#039;t, apr\u00e8n i connecta amb joves artistes de tot el m\u00f3n en una trobada sense fronteres. Comparteix la teva obra, la teva experi\u00e8ncia i fes cr\u00e9ixer la teva creativitat en una comunitat vibrant.<\/p>\n<p><strong>T&#039;esperem!<\/strong><\/p>\n<p><a href=\"https:\/\/labart25.com\/inicio\/\" target=\"_blank\" rel=\"noopener\">M\u00e9s informaci\u00f3 i inscripcions<\/a><\/p>","protected":false},"excerpt":{"rendered":"<p>Congr\u00e9s internacional de joves artistes<\/p>","protected":false},"author":11,"featured_media":17278,"template":"","meta":{"_price":"","_stock":"","_tribe_ticket_header":"","_tribe_default_ticket_provider":"TEC\\Tickets\\Commerce\\Module","_tribe_ticket_capacity":"0","_ticket_start_date":"","_ticket_end_date":"","_tribe_ticket_show_description":"","_tribe_ticket_show_not_going":false,"_tribe_ticket_use_global_stock":"","_tribe_ticket_global_stock_level":"","_global_stock_mode":"","_global_stock_cap":"","_tribe_rsvp_for_event":"","_tribe_ticket_going_count":"","_tribe_ticket_not_going_count":"","_tribe_tickets_list":"[]","_tribe_ticket_has_attendee_info_fields":false,"_tribe_events_status":"","_tribe_events_status_reason":"","footnotes":"","_tec_slr_enabled":"","_tec_slr_layout":""},"tags":[63],"tribe_events_cat":[],"class_list":["post-17275","tribe_events","type-tribe_events","status-publish","has-post-thumbnail","hentry","tag-arte"],"yoast_head":"<!-- This site is optimized with the Yoast SEO plugin v27.2 - https:\/\/yoast.com\/product\/yoast-seo-wordpress\/ -->\n<title>LabArt: Living, thinking, making - Movimiento de los Focolares<\/title>\n<meta name=\"description\" content=\"Si tienes entre\u00a018 y 35 a\u00f1os\u00a0y el arte es tu pasi\u00f3n, este es tu momento y tu lugar. Insp\u00edrate, aprende y conecta con j\u00f3venes artistas.\" \/>\n<meta name=\"robots\" content=\"index, follow, max-snippet:-1, max-image-preview:large, max-video-preview:-1\" \/>\n<link rel=\"canonical\" href=\"https:\/\/focolares.es\/ca\/agenda\/labart-living-thinking-making\/\" \/>\n<meta property=\"og:locale\" content=\"ca_ES\" \/>\n<meta property=\"og:type\" content=\"article\" \/>\n<meta property=\"og:title\" content=\"LabArt: Living, thinking, making - Movimiento de los Focolares\" \/>\n<meta property=\"og:description\" content=\"Si tienes entre\u00a018 y 35 a\u00f1os\u00a0y el arte es tu pasi\u00f3n, este es tu momento y tu lugar. Insp\u00edrate, aprende y conecta con j\u00f3venes artistas.\" \/>\n<meta property=\"og:url\" content=\"https:\/\/focolares.es\/ca\/agenda\/labart-living-thinking-making\/\" \/>\n<meta property=\"og:site_name\" content=\"Movimiento de los Focolares\" \/>\n<meta property=\"article:modified_time\" content=\"2025-07-23T11:36:12+00:00\" \/>\n<meta property=\"og:image\" content=\"https:\/\/focolares.es\/wp-content\/uploads\/2025\/07\/IMG-LabArt.jpg\" \/>\n\t<meta property=\"og:image:width\" content=\"1006\" \/>\n\t<meta property=\"og:image:height\" content=\"565\" \/>\n\t<meta property=\"og:image:type\" content=\"image\/jpeg\" \/>\n<meta name=\"twitter:card\" content=\"summary_large_image\" \/>\n<meta name=\"twitter:label1\" content=\"Temps estimat de lectura\" \/>\n\t<meta name=\"twitter:data1\" content=\"1 minut\" \/>\n<script type=\"application\/ld+json\" class=\"yoast-schema-graph\">{\"@context\":\"https:\/\/schema.org\",\"@graph\":[{\"@type\":\"WebPage\",\"@id\":\"https:\/\/focolares.es\/agenda\/labart-living-thinking-making\/\",\"url\":\"https:\/\/focolares.es\/agenda\/labart-living-thinking-making\/\",\"name\":\"LabArt: Living, thinking, making - Movimiento de los Focolares\",\"isPartOf\":{\"@id\":\"https:\/\/focolares.es\/#website\"},\"primaryImageOfPage\":{\"@id\":\"https:\/\/focolares.es\/agenda\/labart-living-thinking-making\/#primaryimage\"},\"image\":{\"@id\":\"https:\/\/focolares.es\/agenda\/labart-living-thinking-making\/#primaryimage\"},\"thumbnailUrl\":\"https:\/\/focolares.es\/wp-content\/uploads\/2025\/07\/IMG-LabArt.jpg\",\"datePublished\":\"2025-07-20T21:50:55+00:00\",\"dateModified\":\"2025-07-23T11:36:12+00:00\",\"description\":\"Si tienes entre\u00a018 y 35 a\u00f1os\u00a0y el arte es tu pasi\u00f3n, este es tu momento y tu lugar. Insp\u00edrate, aprende y conecta con j\u00f3venes artistas.\",\"breadcrumb\":{\"@id\":\"https:\/\/focolares.es\/agenda\/labart-living-thinking-making\/#breadcrumb\"},\"inLanguage\":\"ca\",\"potentialAction\":[{\"@type\":\"ReadAction\",\"target\":[\"https:\/\/focolares.es\/agenda\/labart-living-thinking-making\/\"]}]},{\"@type\":\"ImageObject\",\"inLanguage\":\"ca\",\"@id\":\"https:\/\/focolares.es\/agenda\/labart-living-thinking-making\/#primaryimage\",\"url\":\"https:\/\/focolares.es\/wp-content\/uploads\/2025\/07\/IMG-LabArt.jpg\",\"contentUrl\":\"https:\/\/focolares.es\/wp-content\/uploads\/2025\/07\/IMG-LabArt.jpg\",\"width\":1006,\"height\":565},{\"@type\":\"BreadcrumbList\",\"@id\":\"https:\/\/focolares.es\/agenda\/labart-living-thinking-making\/#breadcrumb\",\"itemListElement\":[{\"@type\":\"ListItem\",\"position\":1,\"name\":\"Portada\",\"item\":\"https:\/\/focolares.es\/\"},{\"@type\":\"ListItem\",\"position\":2,\"name\":\"Eventos\",\"item\":\"https:\/\/focolares.es\/events\/\"},{\"@type\":\"ListItem\",\"position\":3,\"name\":\"LabArt: Living, thinking, making\"}]},{\"@type\":\"WebSite\",\"@id\":\"https:\/\/focolares.es\/#website\",\"url\":\"https:\/\/focolares.es\/\",\"name\":\"Movimiento de los Focolares\",\"description\":\"\",\"publisher\":{\"@id\":\"https:\/\/focolares.es\/#organization\"},\"potentialAction\":[{\"@type\":\"SearchAction\",\"target\":{\"@type\":\"EntryPoint\",\"urlTemplate\":\"https:\/\/focolares.es\/?s={search_term_string}\"},\"query-input\":{\"@type\":\"PropertyValueSpecification\",\"valueRequired\":true,\"valueName\":\"search_term_string\"}}],\"inLanguage\":\"ca\"},{\"@type\":\"Organization\",\"@id\":\"https:\/\/focolares.es\/#organization\",\"name\":\"Movimiento de los Focolares\",\"url\":\"https:\/\/focolares.es\/\",\"logo\":{\"@type\":\"ImageObject\",\"inLanguage\":\"ca\",\"@id\":\"https:\/\/focolares.es\/#\/schema\/logo\/image\/\",\"url\":\"https:\/\/focolares.es\/wp-content\/uploads\/2024\/03\/Logo_focolares-1024x944-1.jpg\",\"contentUrl\":\"https:\/\/focolares.es\/wp-content\/uploads\/2024\/03\/Logo_focolares-1024x944-1.jpg\",\"width\":1024,\"height\":944,\"caption\":\"Movimiento de los Focolares\"},\"image\":{\"@id\":\"https:\/\/focolares.es\/#\/schema\/logo\/image\/\"}}]}<\/script>\n<!-- \/ Yoast SEO plugin. -->","yoast_head_json":{"title":"LabArt: Living, thinking, making - Moviment dels Focolars","description":"Si tens entre 18 i 35 anys i l&#039;art \u00e9s la teva passi\u00f3, aquest \u00e9s el teu moment i el teu lloc. Inspira&#039;t, apr\u00e8n i connecta amb joves artistes.","robots":{"index":"index","follow":"follow","max-snippet":"max-snippet:-1","max-image-preview":"max-image-preview:large","max-video-preview":"max-video-preview:-1"},"canonical":"https:\/\/focolares.es\/ca\/agenda\/labart-living-thinking-making\/","og_locale":"ca_ES","og_type":"article","og_title":"LabArt: Living, thinking, making - Movimiento de los Focolares","og_description":"Si tienes entre\u00a018 y 35 a\u00f1os\u00a0y el arte es tu pasi\u00f3n, este es tu momento y tu lugar. Insp\u00edrate, aprende y conecta con j\u00f3venes artistas.","og_url":"https:\/\/focolares.es\/ca\/agenda\/labart-living-thinking-making\/","og_site_name":"Movimiento de los Focolares","article_modified_time":"2025-07-23T11:36:12+00:00","og_image":[{"width":1006,"height":565,"url":"https:\/\/focolares.es\/wp-content\/uploads\/2025\/07\/IMG-LabArt.jpg","type":"image\/jpeg"}],"twitter_card":"summary_large_image","twitter_misc":{"Temps estimat de lectura":"1 minut"},"schema":{"@context":"https:\/\/schema.org","@graph":[{"@type":"WebPage","@id":"https:\/\/focolares.es\/agenda\/labart-living-thinking-making\/","url":"https:\/\/focolares.es\/agenda\/labart-living-thinking-making\/","name":"LabArt: Living, thinking, making - Moviment dels Focolars","isPartOf":{"@id":"https:\/\/focolares.es\/#website"},"primaryImageOfPage":{"@id":"https:\/\/focolares.es\/agenda\/labart-living-thinking-making\/#primaryimage"},"image":{"@id":"https:\/\/focolares.es\/agenda\/labart-living-thinking-making\/#primaryimage"},"thumbnailUrl":"https:\/\/focolares.es\/wp-content\/uploads\/2025\/07\/IMG-LabArt.jpg","datePublished":"2025-07-20T21:50:55+00:00","dateModified":"2025-07-23T11:36:12+00:00","description":"Si tens entre 18 i 35 anys i l&#039;art \u00e9s la teva passi\u00f3, aquest \u00e9s el teu moment i el teu lloc. Inspira&#039;t, apr\u00e8n i connecta amb joves artistes.","breadcrumb":{"@id":"https:\/\/focolares.es\/agenda\/labart-living-thinking-making\/#breadcrumb"},"inLanguage":"ca","potentialAction":[{"@type":"ReadAction","target":["https:\/\/focolares.es\/agenda\/labart-living-thinking-making\/"]}]},{"@type":"ImageObject","inLanguage":"ca","@id":"https:\/\/focolares.es\/agenda\/labart-living-thinking-making\/#primaryimage","url":"https:\/\/focolares.es\/wp-content\/uploads\/2025\/07\/IMG-LabArt.jpg","contentUrl":"https:\/\/focolares.es\/wp-content\/uploads\/2025\/07\/IMG-LabArt.jpg","width":1006,"height":565},{"@type":"BreadcrumbList","@id":"https:\/\/focolares.es\/agenda\/labart-living-thinking-making\/#breadcrumb","itemListElement":[{"@type":"ListItem","position":1,"name":"Portada","item":"https:\/\/focolares.es\/"},{"@type":"ListItem","position":2,"name":"Eventos","item":"https:\/\/focolares.es\/events\/"},{"@type":"ListItem","position":3,"name":"LabArt: Living, thinking, making"}]},{"@type":"WebSite","@id":"https:\/\/focolares.es\/#website","url":"https:\/\/focolares.es\/","name":"Moviment dels Focolars","description":"","publisher":{"@id":"https:\/\/focolares.es\/#organization"},"potentialAction":[{"@type":"SearchAction","target":{"@type":"EntryPoint","urlTemplate":"https:\/\/focolares.es\/?s={search_term_string}"},"query-input":{"@type":"PropertyValueSpecification","valueRequired":true,"valueName":"search_term_string"}}],"inLanguage":"ca"},{"@type":"Organization","@id":"https:\/\/focolares.es\/#organization","name":"Moviment dels Focolars","url":"https:\/\/focolares.es\/","logo":{"@type":"ImageObject","inLanguage":"ca","@id":"https:\/\/focolares.es\/#\/schema\/logo\/image\/","url":"https:\/\/focolares.es\/wp-content\/uploads\/2024\/03\/Logo_focolares-1024x944-1.jpg","contentUrl":"https:\/\/focolares.es\/wp-content\/uploads\/2024\/03\/Logo_focolares-1024x944-1.jpg","width":1024,"height":944,"caption":"Movimiento de los Focolares"},"image":{"@id":"https:\/\/focolares.es\/#\/schema\/logo\/image\/"}}]}},"ticketed":false,"_links":{"self":[{"href":"https:\/\/focolares.es\/ca\/wp-json\/wp\/v2\/tribe_events\/17275","targetHints":{"allow":["GET"]}}],"collection":[{"href":"https:\/\/focolares.es\/ca\/wp-json\/wp\/v2\/tribe_events"}],"about":[{"href":"https:\/\/focolares.es\/ca\/wp-json\/wp\/v2\/types\/tribe_events"}],"author":[{"embeddable":true,"href":"https:\/\/focolares.es\/ca\/wp-json\/wp\/v2\/users\/11"}],"version-history":[{"count":5,"href":"https:\/\/focolares.es\/ca\/wp-json\/wp\/v2\/tribe_events\/17275\/revisions"}],"predecessor-version":[{"id":17285,"href":"https:\/\/focolares.es\/ca\/wp-json\/wp\/v2\/tribe_events\/17275\/revisions\/17285"}],"wp:featuredmedia":[{"embeddable":true,"href":"https:\/\/focolares.es\/ca\/wp-json\/wp\/v2\/media\/17278"}],"wp:attachment":[{"href":"https:\/\/focolares.es\/ca\/wp-json\/wp\/v2\/media?parent=17275"}],"wp:term":[{"taxonomy":"post_tag","embeddable":true,"href":"https:\/\/focolares.es\/ca\/wp-json\/wp\/v2\/tags?post=17275"},{"taxonomy":"tribe_events_cat","embeddable":true,"href":"https:\/\/focolares.es\/ca\/wp-json\/wp\/v2\/tribe_events_cat?post=17275"}],"curies":[{"name":"wp","href":"https:\/\/api.w.org\/{rel}","templated":true}]}}

<h4 class="wp-block-heading">¿ A punt per ser part d&#039;una cosa gran?</h4>
<p>Si tens entre <strong>18 i 35 anys</strong> i l&#039;art és la teva passió, aquest és el teu moment i el teu lloc. Inspira&#039;t, aprèn i connecta amb joves artistes de tot el món en una trobada sense fronteres. Comparteix la teva obra, la teva experiència i fes créixer la teva creativitat en una comunitat vibrant.</p>
<p><strong>T&#039;esperem!</strong></p>
<p><a href="https://labart25.com/inicio/" target="_blank" rel="noopener">Més informació i inscripcions</a></p>

<p>Congrés internacional de joves artistes</p>

<!-- This site is optimized with the Yoast SEO plugin v27.2 - https://yoast.com/product/yoast-seo-wordpress/ -->
<title>LabArt: Living, thinking, making - Movimiento de los Focolares</title>
<meta name="description" content="Si tienes entre 18 y 35 años y el arte es tu pasión, este es tu momento y tu lugar. Inspírate, aprende y conecta con jóvenes artistas." />
<meta name="robots" content="index, follow, max-snippet:-1, max-image-preview:large, max-video-preview:-1" />
<link rel="canonical" href="https://focolares.es/ca/agenda/labart-living-thinking-making/" />
<meta property="og:locale" content="ca_ES" />
<meta property="og:type" content="article" />
<meta property="og:title" content="LabArt: Living, thinking, making - Movimiento de los Focolares" />
<meta property="og:description" content="Si tienes entre 18 y 35 años y el arte es tu pasión, este es tu momento y tu lugar. Inspírate, aprende y conecta con jóvenes artistas." />
<meta property="og:url" content="https://focolares.es/ca/agenda/labart-living-thinking-making/" />
<meta property="og:site_name" content="Movimiento de los Focolares" />
<meta property="article:modified_time" content="2025-07-23T11:36:12+00:00" />
<meta property="og:image" content="https://focolares.es/wp-content/uploads/2025/07/IMG-LabArt.jpg" />
	<meta property="og:image:width" content="1006" />
	<meta property="og:image:height" content="565" />
	<meta property="og:image:type" content="image/jpeg" />
<meta name="twitter:card" content="summary_large_image" />
<meta name="twitter:label1" content="Temps estimat de lectura" />
	<meta name="twitter:data1" content="1 minut" />
<script type="application/ld+json" class="yoast-schema-graph">{"@context":"https://schema.org","@graph":[{"@type":"WebPage","@id":"https://focolares.es/agenda/labart-living-thinking-making/","url":"https://focolares.es/agenda/labart-living-thinking-making/","name":"LabArt: Living, thinking, making - Movimiento de los Focolares","isPartOf":{"@id":"https://focolares.es/#website"},"primaryImageOfPage":{"@id":"https://focolares.es/agenda/labart-living-thinking-making/#primaryimage"},"image":{"@id":"https://focolares.es/agenda/labart-living-thinking-making/#primaryimage"},"thumbnailUrl":"https://focolares.es/wp-content/uploads/2025/07/IMG-LabArt.jpg","datePublished":"2025-07-20T21:50:55+00:00","dateModified":"2025-07-23T11:36:12+00:00","description":"Si tienes entre 18 y 35 años y el arte es tu pasión, este es tu momento y tu lugar. Inspírate, aprende y conecta con jóvenes artistas.","breadcrumb":{"@id":"https://focolares.es/agenda/labart-living-thinking-making/#breadcrumb"},"inLanguage":"ca","potentialAction":[{"@type":"ReadAction","target":["https://focolares.es/agenda/labart-living-thinking-making/"]}]},{"@type":"ImageObject","inLanguage":"ca","@id":"https://focolares.es/agenda/labart-living-thinking-making/#primaryimage","url":"https://focolares.es/wp-content/uploads/2025/07/IMG-LabArt.jpg","contentUrl":"https://focolares.es/wp-content/uploads/2025/07/IMG-LabArt.jpg","width":1006,"height":565},{"@type":"BreadcrumbList","@id":"https://focolares.es/agenda/labart-living-thinking-making/#breadcrumb","itemListElement":[{"@type":"ListItem","position":1,"name":"Portada","item":"https://focolares.es/"},{"@type":"ListItem","position":2,"name":"Eventos","item":"https://focolares.es/events/"},{"@type":"ListItem","position":3,"name":"LabArt: Living, thinking, making"}]},{"@type":"WebSite","@id":"https://focolares.es/#website","url":"https://focolares.es/","name":"Movimiento de los Focolares","description":"","publisher":{"@id":"https://focolares.es/#organization"},"potentialAction":[{"@type":"SearchAction","target":{"@type":"EntryPoint","urlTemplate":"https://focolares.es/?s={search_term_string}"},"query-input":{"@type":"PropertyValueSpecification","valueRequired":true,"valueName":"search_term_string"}}],"inLanguage":"ca"},{"@type":"Organization","@id":"https://focolares.es/#organization","name":"Movimiento de los Focolares","url":"https://focolares.es/","logo":{"@type":"ImageObject","inLanguage":"ca","@id":"https://focolares.es/#/schema/logo/image/","url":"https://focolares.es/wp-content/uploads/2024/03/Logo_focolares-1024x944-1.jpg","contentUrl":"https://focolares.es/wp-content/uploads/2024/03/Logo_focolares-1024x944-1.jpg","width":1024,"height":944,"caption":"Movimiento de los Focolares"},"image":{"@id":"https://focolares.es/#/schema/logo/image/"}}]}</script>
<!-- / Yoast SEO plugin. -->

Si tens entre 18 i 35 anys i l&#039;art és la teva passió, aquest és el teu moment i el teu lloc. Inspira&#039;t, aprèn i connecta amb joves artistes.

Si tienes entre 18 y 35 años y el arte es tu pasión, este es tu momento y tu lugar. Inspírate, aprende y conecta con jóvenes artistas.
