{"id":17608,"date":"2025-09-09T19:40:20","date_gmt":"2025-09-09T17:40:20","guid":{"rendered":"https:\/\/focolares.es\/?post_type=tribe_events&#038;p=17608"},"modified":"2025-09-09T19:40:20","modified_gmt":"2025-09-09T17:40:20","slug":"presentacio-curs-up2me-nens-online","status":"publish","type":"tribe_events","link":"https:\/\/focolares.es\/ca\/agenda\/presentacion-curso-up2me-ninos-online\/","title":{"rendered":"Presentaci\u00f3 Curs Up2Me Nens (online)"},"content":{"rendered":"<p>Curs de formaci\u00f3 sobre afectivitat i sexualitat per a nens, nenes i fam\u00edlies. Una oportunitat de cr\u00e9ixer junts com a nucli familiar, desenvolupant una relaci\u00f3 positiva amb ells mateixos i amb els altres, enriquint-se d&#039;habilitats per a la vida relacional intrafamiliar i comunit\u00e0ria.<\/p>\n<p>El curs UP2Me per a nens es viu en fam\u00edlia: nens i nenes (de 4 a 8 anys) acompanyats pels pares o altres figures de refer\u00e8ncia.<\/p>\n<p><strong>OBJECTIUS DEL CURS:<\/strong><\/p>\n<p>Que els nens:<\/p>\n<ul>\n<li>Aprenguin a recon\u00e8ixer, acollir i expressar emocions de manera positiva.<\/li>\n<li>Desenvolupin una comunicaci\u00f3 efectiva amb els pares.<\/li>\n<li>Cultivin la interioritat i l&#039;autoconeixement.<\/li>\n<li>Creixin en la dimensi\u00f3 espiritual (capacitat de contemplar i transcendir)<\/li>\n<li>Aprengueu a cuidar el vostre cos, el dels altres i la natura.<\/li>\n<\/ul>\n<p>Que les fam\u00edlies visquin juntes aquesta experi\u00e8ncia de creixement.<\/p>\n<p><strong>METODOLOGIA:<\/strong> din\u00e0miques participatives, jocs, moments de reflexi\u00f3.<\/p>\n<p><strong>ESTRUCTURA I FUNCIONAMENT:<\/strong><\/p>\n<ul>\n<li>Durada: 5 a 7 sessions.<\/li>\n<li>Temps: 2 hores i mitja per trobada.<\/li>\n<li>Freq\u00fc\u00e8ncia: cada 3-4 setmanes.<\/li>\n<\/ul>\n<p>Acc\u00e9s a la presentaci\u00f3 del curs <a href=\"https:\/\/us02web.zoom.us\/meetings\/89380648187\/invitations?signature=w5YO-SvCpaDJiJbXtDEvuWFjIc1Qgkhd4d8KO2Uk9Kw\">via zoom<\/a><\/p>","protected":false},"excerpt":{"rendered":"<p>Formaci\u00f3 per a xiquets i xiquetes de 4 a 8 anys i les seues fam\u00edlies.<\/p>","protected":false},"author":11,"featured_media":17609,"template":"","meta":{"_price":"","_stock":"","_tribe_ticket_header":"","_tribe_default_ticket_provider":"TEC\\Tickets\\Commerce\\Module","_tribe_ticket_capacity":"0","_ticket_start_date":"","_ticket_end_date":"","_tribe_ticket_show_description":"","_tribe_ticket_show_not_going":false,"_tribe_ticket_use_global_stock":"","_tribe_ticket_global_stock_level":"","_global_stock_mode":"","_global_stock_cap":"","_tribe_rsvp_for_event":"","_tribe_ticket_going_count":"","_tribe_ticket_not_going_count":"","_tribe_tickets_list":"[]","_tribe_ticket_has_attendee_info_fields":false,"_tribe_events_status":"","_tribe_events_status_reason":"","footnotes":"","_tec_slr_enabled":"","_tec_slr_layout":""},"tags":[67],"tribe_events_cat":[],"class_list":["post-17608","tribe_events","type-tribe_events","status-publish","has-post-thumbnail","hentry","tag-formacion"],"yoast_head":"<!-- This site is optimized with the Yoast SEO plugin v27.2 - https:\/\/yoast.com\/product\/yoast-seo-wordpress\/ -->\n<title>Presentaci\u00f3n Curso Up2Me Ni\u00f1os (online) - Movimiento de los Focolares<\/title>\n<meta name=\"description\" content=\"Up2Me: Formaci\u00f3n para ni\u00f1os y ni\u00f1as de 4 a 8 a\u00f1os y sus familias.\" \/>\n<meta name=\"robots\" content=\"index, follow, max-snippet:-1, max-image-preview:large, max-video-preview:-1\" \/>\n<link rel=\"canonical\" href=\"https:\/\/focolares.es\/ca\/agenda\/presentacio-curs-up2me-nens-online\/\" \/>\n<meta property=\"og:locale\" content=\"ca_ES\" \/>\n<meta property=\"og:type\" content=\"article\" \/>\n<meta property=\"og:title\" content=\"Presentaci\u00f3n Curso Up2Me Ni\u00f1os (online) - Movimiento de los Focolares\" \/>\n<meta property=\"og:description\" content=\"Up2Me: Formaci\u00f3n para ni\u00f1os y ni\u00f1as de 4 a 8 a\u00f1os y sus familias.\" \/>\n<meta property=\"og:url\" content=\"https:\/\/focolares.es\/ca\/agenda\/presentacio-curs-up2me-nens-online\/\" \/>\n<meta property=\"og:site_name\" content=\"Movimiento de los Focolares\" \/>\n<meta property=\"og:image\" content=\"https:\/\/focolares.es\/wp-content\/uploads\/2025\/09\/IMG-Presentacion-UP2Me.jpeg\" \/>\n\t<meta property=\"og:image:width\" content=\"1291\" \/>\n\t<meta property=\"og:image:height\" content=\"727\" \/>\n\t<meta property=\"og:image:type\" content=\"image\/jpeg\" \/>\n<meta name=\"twitter:card\" content=\"summary_large_image\" \/>\n<meta name=\"twitter:label1\" content=\"Temps estimat de lectura\" \/>\n\t<meta name=\"twitter:data1\" content=\"1 minut\" \/>\n<script type=\"application\/ld+json\" class=\"yoast-schema-graph\">{\"@context\":\"https:\/\/schema.org\",\"@graph\":[{\"@type\":\"WebPage\",\"@id\":\"https:\/\/focolares.es\/agenda\/presentacion-curso-up2me-ninos-online\/\",\"url\":\"https:\/\/focolares.es\/agenda\/presentacion-curso-up2me-ninos-online\/\",\"name\":\"Presentaci\u00f3n Curso Up2Me Ni\u00f1os (online) - Movimiento de los Focolares\",\"isPartOf\":{\"@id\":\"https:\/\/focolares.es\/#website\"},\"primaryImageOfPage\":{\"@id\":\"https:\/\/focolares.es\/agenda\/presentacion-curso-up2me-ninos-online\/#primaryimage\"},\"image\":{\"@id\":\"https:\/\/focolares.es\/agenda\/presentacion-curso-up2me-ninos-online\/#primaryimage\"},\"thumbnailUrl\":\"https:\/\/focolares.es\/wp-content\/uploads\/2025\/09\/IMG-Presentacion-UP2Me.jpeg\",\"datePublished\":\"2025-09-09T17:40:20+00:00\",\"description\":\"Up2Me: Formaci\u00f3n para ni\u00f1os y ni\u00f1as de 4 a 8 a\u00f1os y sus familias.\",\"breadcrumb\":{\"@id\":\"https:\/\/focolares.es\/agenda\/presentacion-curso-up2me-ninos-online\/#breadcrumb\"},\"inLanguage\":\"ca\",\"potentialAction\":[{\"@type\":\"ReadAction\",\"target\":[\"https:\/\/focolares.es\/agenda\/presentacion-curso-up2me-ninos-online\/\"]}]},{\"@type\":\"ImageObject\",\"inLanguage\":\"ca\",\"@id\":\"https:\/\/focolares.es\/agenda\/presentacion-curso-up2me-ninos-online\/#primaryimage\",\"url\":\"https:\/\/focolares.es\/wp-content\/uploads\/2025\/09\/IMG-Presentacion-UP2Me.jpeg\",\"contentUrl\":\"https:\/\/focolares.es\/wp-content\/uploads\/2025\/09\/IMG-Presentacion-UP2Me.jpeg\",\"width\":1291,\"height\":727},{\"@type\":\"BreadcrumbList\",\"@id\":\"https:\/\/focolares.es\/agenda\/presentacion-curso-up2me-ninos-online\/#breadcrumb\",\"itemListElement\":[{\"@type\":\"ListItem\",\"position\":1,\"name\":\"Portada\",\"item\":\"https:\/\/focolares.es\/\"},{\"@type\":\"ListItem\",\"position\":2,\"name\":\"Eventos\",\"item\":\"https:\/\/focolares.es\/events\/\"},{\"@type\":\"ListItem\",\"position\":3,\"name\":\"Presentaci\u00f3n Curso Up2Me Ni\u00f1os (online)\"}]},{\"@type\":\"WebSite\",\"@id\":\"https:\/\/focolares.es\/#website\",\"url\":\"https:\/\/focolares.es\/\",\"name\":\"Movimiento de los Focolares\",\"description\":\"\",\"publisher\":{\"@id\":\"https:\/\/focolares.es\/#organization\"},\"potentialAction\":[{\"@type\":\"SearchAction\",\"target\":{\"@type\":\"EntryPoint\",\"urlTemplate\":\"https:\/\/focolares.es\/?s={search_term_string}\"},\"query-input\":{\"@type\":\"PropertyValueSpecification\",\"valueRequired\":true,\"valueName\":\"search_term_string\"}}],\"inLanguage\":\"ca\"},{\"@type\":\"Organization\",\"@id\":\"https:\/\/focolares.es\/#organization\",\"name\":\"Movimiento de los Focolares\",\"url\":\"https:\/\/focolares.es\/\",\"logo\":{\"@type\":\"ImageObject\",\"inLanguage\":\"ca\",\"@id\":\"https:\/\/focolares.es\/#\/schema\/logo\/image\/\",\"url\":\"https:\/\/focolares.es\/wp-content\/uploads\/2024\/03\/Logo_focolares-1024x944-1.jpg\",\"contentUrl\":\"https:\/\/focolares.es\/wp-content\/uploads\/2024\/03\/Logo_focolares-1024x944-1.jpg\",\"width\":1024,\"height\":944,\"caption\":\"Movimiento de los Focolares\"},\"image\":{\"@id\":\"https:\/\/focolares.es\/#\/schema\/logo\/image\/\"}}]}<\/script>\n<!-- \/ Yoast SEO plugin. -->","yoast_head_json":{"title":"Presentaci\u00f3 Curs Up2Me Nens (online) - Moviment dels Focolars","description":"Up2Me: Formaci\u00f3 per a nens i nenes de 4 a 8 anys i les seves fam\u00edlies.","robots":{"index":"index","follow":"follow","max-snippet":"max-snippet:-1","max-image-preview":"max-image-preview:large","max-video-preview":"max-video-preview:-1"},"canonical":"https:\/\/focolares.es\/ca\/agenda\/presentacio-curs-up2me-nens-online\/","og_locale":"ca_ES","og_type":"article","og_title":"Presentaci\u00f3n Curso Up2Me Ni\u00f1os (online) - Movimiento de los Focolares","og_description":"Up2Me: Formaci\u00f3n para ni\u00f1os y ni\u00f1as de 4 a 8 a\u00f1os y sus familias.","og_url":"https:\/\/focolares.es\/ca\/agenda\/presentacio-curs-up2me-nens-online\/","og_site_name":"Movimiento de los Focolares","og_image":[{"width":1291,"height":727,"url":"https:\/\/focolares.es\/wp-content\/uploads\/2025\/09\/IMG-Presentacion-UP2Me.jpeg","type":"image\/jpeg"}],"twitter_card":"summary_large_image","twitter_misc":{"Temps estimat de lectura":"1 minut"},"schema":{"@context":"https:\/\/schema.org","@graph":[{"@type":"WebPage","@id":"https:\/\/focolares.es\/agenda\/presentacion-curso-up2me-ninos-online\/","url":"https:\/\/focolares.es\/agenda\/presentacion-curso-up2me-ninos-online\/","name":"Presentaci\u00f3 Curs Up2Me Nens (online) - Moviment dels Focolars","isPartOf":{"@id":"https:\/\/focolares.es\/#website"},"primaryImageOfPage":{"@id":"https:\/\/focolares.es\/agenda\/presentacion-curso-up2me-ninos-online\/#primaryimage"},"image":{"@id":"https:\/\/focolares.es\/agenda\/presentacion-curso-up2me-ninos-online\/#primaryimage"},"thumbnailUrl":"https:\/\/focolares.es\/wp-content\/uploads\/2025\/09\/IMG-Presentacion-UP2Me.jpeg","datePublished":"2025-09-09T17:40:20+00:00","description":"Up2Me: Formaci\u00f3 per a nens i nenes de 4 a 8 anys i les seves fam\u00edlies.","breadcrumb":{"@id":"https:\/\/focolares.es\/agenda\/presentacion-curso-up2me-ninos-online\/#breadcrumb"},"inLanguage":"ca","potentialAction":[{"@type":"ReadAction","target":["https:\/\/focolares.es\/agenda\/presentacion-curso-up2me-ninos-online\/"]}]},{"@type":"ImageObject","inLanguage":"ca","@id":"https:\/\/focolares.es\/agenda\/presentacion-curso-up2me-ninos-online\/#primaryimage","url":"https:\/\/focolares.es\/wp-content\/uploads\/2025\/09\/IMG-Presentacion-UP2Me.jpeg","contentUrl":"https:\/\/focolares.es\/wp-content\/uploads\/2025\/09\/IMG-Presentacion-UP2Me.jpeg","width":1291,"height":727},{"@type":"BreadcrumbList","@id":"https:\/\/focolares.es\/agenda\/presentacion-curso-up2me-ninos-online\/#breadcrumb","itemListElement":[{"@type":"ListItem","position":1,"name":"Portada","item":"https:\/\/focolares.es\/"},{"@type":"ListItem","position":2,"name":"Eventos","item":"https:\/\/focolares.es\/events\/"},{"@type":"ListItem","position":3,"name":"Presentaci\u00f3n Curso Up2Me Ni\u00f1os (online)"}]},{"@type":"WebSite","@id":"https:\/\/focolares.es\/#website","url":"https:\/\/focolares.es\/","name":"Moviment dels Focolars","description":"","publisher":{"@id":"https:\/\/focolares.es\/#organization"},"potentialAction":[{"@type":"SearchAction","target":{"@type":"EntryPoint","urlTemplate":"https:\/\/focolares.es\/?s={search_term_string}"},"query-input":{"@type":"PropertyValueSpecification","valueRequired":true,"valueName":"search_term_string"}}],"inLanguage":"ca"},{"@type":"Organization","@id":"https:\/\/focolares.es\/#organization","name":"Moviment dels Focolars","url":"https:\/\/focolares.es\/","logo":{"@type":"ImageObject","inLanguage":"ca","@id":"https:\/\/focolares.es\/#\/schema\/logo\/image\/","url":"https:\/\/focolares.es\/wp-content\/uploads\/2024\/03\/Logo_focolares-1024x944-1.jpg","contentUrl":"https:\/\/focolares.es\/wp-content\/uploads\/2024\/03\/Logo_focolares-1024x944-1.jpg","width":1024,"height":944,"caption":"Movimiento de los Focolares"},"image":{"@id":"https:\/\/focolares.es\/#\/schema\/logo\/image\/"}}]}},"ticketed":false,"_links":{"self":[{"href":"https:\/\/focolares.es\/ca\/wp-json\/wp\/v2\/tribe_events\/17608","targetHints":{"allow":["GET"]}}],"collection":[{"href":"https:\/\/focolares.es\/ca\/wp-json\/wp\/v2\/tribe_events"}],"about":[{"href":"https:\/\/focolares.es\/ca\/wp-json\/wp\/v2\/types\/tribe_events"}],"author":[{"embeddable":true,"href":"https:\/\/focolares.es\/ca\/wp-json\/wp\/v2\/users\/11"}],"version-history":[{"count":2,"href":"https:\/\/focolares.es\/ca\/wp-json\/wp\/v2\/tribe_events\/17608\/revisions"}],"predecessor-version":[{"id":17622,"href":"https:\/\/focolares.es\/ca\/wp-json\/wp\/v2\/tribe_events\/17608\/revisions\/17622"}],"wp:featuredmedia":[{"embeddable":true,"href":"https:\/\/focolares.es\/ca\/wp-json\/wp\/v2\/media\/17609"}],"wp:attachment":[{"href":"https:\/\/focolares.es\/ca\/wp-json\/wp\/v2\/media?parent=17608"}],"wp:term":[{"taxonomy":"post_tag","embeddable":true,"href":"https:\/\/focolares.es\/ca\/wp-json\/wp\/v2\/tags?post=17608"},{"taxonomy":"tribe_events_cat","embeddable":true,"href":"https:\/\/focolares.es\/ca\/wp-json\/wp\/v2\/tribe_events_cat?post=17608"}],"curies":[{"name":"wp","href":"https:\/\/api.w.org\/{rel}","templated":true}]}}

Presentació Curs Up2Me Nens (online)

<p>Curs de formació sobre afectivitat i sexualitat per a nens, nenes i famílies. Una oportunitat de créixer junts com a nucli familiar, desenvolupant una relació positiva amb ells mateixos i amb els altres, enriquint-se d&#039;habilitats per a la vida relacional intrafamiliar i comunitària.</p>
<p>El curs UP2Me per a nens es viu en família: nens i nenes (de 4 a 8 anys) acompanyats pels pares o altres figures de referència.</p>
<p><strong>OBJECTIUS DEL CURS:</strong></p>
<p>Que els nens:</p>
<ul>
<li>Aprenguin a reconèixer, acollir i expressar emocions de manera positiva.</li>
<li>Desenvolupin una comunicació efectiva amb els pares.</li>
<li>Cultivin la interioritat i l&#039;autoconeixement.</li>
<li>Creixin en la dimensió espiritual (capacitat de contemplar i transcendir)</li>
<li>Aprengueu a cuidar el vostre cos, el dels altres i la natura.</li>
</ul>
<p>Que les famílies visquin juntes aquesta experiència de creixement.</p>
<p><strong>METODOLOGIA:</strong> dinàmiques participatives, jocs, moments de reflexió.</p>
<p><strong>ESTRUCTURA I FUNCIONAMENT:</strong></p>
<ul>
<li>Durada: 5 a 7 sessions.</li>
<li>Temps: 2 hores i mitja per trobada.</li>
<li>Freqüència: cada 3-4 setmanes.</li>
</ul>
<p>Accés a la presentació del curs <a href="https://us02web.zoom.us/meetings/89380648187/invitations?signature=w5YO-SvCpaDJiJbXtDEvuWFjIc1Qgkhd4d8KO2Uk9Kw">via zoom</a></p>

<p>Formació per a xiquets i xiquetes de 4 a 8 anys i les seues famílies.</p>

<!-- This site is optimized with the Yoast SEO plugin v27.2 - https://yoast.com/product/yoast-seo-wordpress/ -->
<title>Presentación Curso Up2Me Niños (online) - Movimiento de los Focolares</title>
<meta name="description" content="Up2Me: Formación para niños y niñas de 4 a 8 años y sus familias." />
<meta name="robots" content="index, follow, max-snippet:-1, max-image-preview:large, max-video-preview:-1" />
<link rel="canonical" href="https://focolares.es/ca/agenda/presentacio-curs-up2me-nens-online/" />
<meta property="og:locale" content="ca_ES" />
<meta property="og:type" content="article" />
<meta property="og:title" content="Presentación Curso Up2Me Niños (online) - Movimiento de los Focolares" />
<meta property="og:description" content="Up2Me: Formación para niños y niñas de 4 a 8 años y sus familias." />
<meta property="og:url" content="https://focolares.es/ca/agenda/presentacio-curs-up2me-nens-online/" />
<meta property="og:site_name" content="Movimiento de los Focolares" />
<meta property="og:image" content="https://focolares.es/wp-content/uploads/2025/09/IMG-Presentacion-UP2Me.jpeg" />
	<meta property="og:image:width" content="1291" />
	<meta property="og:image:height" content="727" />
	<meta property="og:image:type" content="image/jpeg" />
<meta name="twitter:card" content="summary_large_image" />
<meta name="twitter:label1" content="Temps estimat de lectura" />
	<meta name="twitter:data1" content="1 minut" />
<script type="application/ld+json" class="yoast-schema-graph">{"@context":"https://schema.org","@graph":[{"@type":"WebPage","@id":"https://focolares.es/agenda/presentacion-curso-up2me-ninos-online/","url":"https://focolares.es/agenda/presentacion-curso-up2me-ninos-online/","name":"Presentación Curso Up2Me Niños (online) - Movimiento de los Focolares","isPartOf":{"@id":"https://focolares.es/#website"},"primaryImageOfPage":{"@id":"https://focolares.es/agenda/presentacion-curso-up2me-ninos-online/#primaryimage"},"image":{"@id":"https://focolares.es/agenda/presentacion-curso-up2me-ninos-online/#primaryimage"},"thumbnailUrl":"https://focolares.es/wp-content/uploads/2025/09/IMG-Presentacion-UP2Me.jpeg","datePublished":"2025-09-09T17:40:20+00:00","description":"Up2Me: Formación para niños y niñas de 4 a 8 años y sus familias.","breadcrumb":{"@id":"https://focolares.es/agenda/presentacion-curso-up2me-ninos-online/#breadcrumb"},"inLanguage":"ca","potentialAction":[{"@type":"ReadAction","target":["https://focolares.es/agenda/presentacion-curso-up2me-ninos-online/"]}]},{"@type":"ImageObject","inLanguage":"ca","@id":"https://focolares.es/agenda/presentacion-curso-up2me-ninos-online/#primaryimage","url":"https://focolares.es/wp-content/uploads/2025/09/IMG-Presentacion-UP2Me.jpeg","contentUrl":"https://focolares.es/wp-content/uploads/2025/09/IMG-Presentacion-UP2Me.jpeg","width":1291,"height":727},{"@type":"BreadcrumbList","@id":"https://focolares.es/agenda/presentacion-curso-up2me-ninos-online/#breadcrumb","itemListElement":[{"@type":"ListItem","position":1,"name":"Portada","item":"https://focolares.es/"},{"@type":"ListItem","position":2,"name":"Eventos","item":"https://focolares.es/events/"},{"@type":"ListItem","position":3,"name":"Presentación Curso Up2Me Niños (online)"}]},{"@type":"WebSite","@id":"https://focolares.es/#website","url":"https://focolares.es/","name":"Movimiento de los Focolares","description":"","publisher":{"@id":"https://focolares.es/#organization"},"potentialAction":[{"@type":"SearchAction","target":{"@type":"EntryPoint","urlTemplate":"https://focolares.es/?s={search_term_string}"},"query-input":{"@type":"PropertyValueSpecification","valueRequired":true,"valueName":"search_term_string"}}],"inLanguage":"ca"},{"@type":"Organization","@id":"https://focolares.es/#organization","name":"Movimiento de los Focolares","url":"https://focolares.es/","logo":{"@type":"ImageObject","inLanguage":"ca","@id":"https://focolares.es/#/schema/logo/image/","url":"https://focolares.es/wp-content/uploads/2024/03/Logo_focolares-1024x944-1.jpg","contentUrl":"https://focolares.es/wp-content/uploads/2024/03/Logo_focolares-1024x944-1.jpg","width":1024,"height":944,"caption":"Movimiento de los Focolares"},"image":{"@id":"https://focolares.es/#/schema/logo/image/"}}]}</script>
<!-- / Yoast SEO plugin. -->

Presentació Curs Up2Me Nens (online) - Moviment dels Focolars

Up2Me: Formació per a nens i nenes de 4 a 8 anys i les seves famílies.

Presentación Curso Up2Me Niños (online) - Movimiento de los Focolares

Up2Me: Formación para niños y niñas de 4 a 8 años y sus familias.

Presentación Curso Up2Me Niños (online)
