{"version":"1.0","provider_name":"Fokolareen Mugimenduaren","provider_url":"https:\/\/focolares.es\/eu","author_name":"admin","author_url":"https:\/\/focolares.es\/eu\/author\/afesersl_mcjhk9wv\/","title":"Di\u00e1logo como estilo de vida - Movimiento de los Focolares","type":"rich","width":600,"height":338,"html":"<blockquote class=\"wp-embedded-content\" data-secret=\"KanitJ5N1B\"><a href=\"https:\/\/focolares.es\/eu\/un-estilo-de-vida\/\">Elkarrizketa bizimodu gisa<\/a><\/blockquote><iframe sandbox=\"allow-scripts\" security=\"restricted\" src=\"https:\/\/focolares.es\/eu\/un-estilo-de-vida\/embed\/#?secret=KanitJ5N1B\" width=\"600\" height=\"338\" title=\"&#8220;Di\u00e1logo como estilo de vida&#8221; &#8212; Movimiento de los Focolares\" data-secret=\"KanitJ5N1B\" frameborder=\"0\" marginwidth=\"0\" marginheight=\"0\" scrolling=\"no\" class=\"wp-embedded-content\"><\/iframe><script>\n\/*! This file is auto-generated *\/\n!function(d,l){\"use strict\";l.querySelector&&d.addEventListener&&\"undefined\"!=typeof URL&&(d.wp=d.wp||{},d.wp.receiveEmbedMessage||(d.wp.receiveEmbedMessage=function(e){var t=e.data;if((t||t.secret||t.message||t.value)&&!\/[^a-zA-Z0-9]\/.test(t.secret)){for(var s,r,n,a=l.querySelectorAll('iframe[data-secret=\"'+t.secret+'\"]'),o=l.querySelectorAll('blockquote[data-secret=\"'+t.secret+'\"]'),c=new RegExp(\"^https?:$\",\"i\"),i=0;i<o.length;i++)o[i].style.display=\"none\";for(i=0;i<a.length;i++)s=a[i],e.source===s.contentWindow&&(s.removeAttribute(\"style\"),\"height\"===t.message?(1e3<(r=parseInt(t.value,10))?r=1e3:~~r<200&&(r=200),s.height=r):\"link\"===t.message&&(r=new URL(s.getAttribute(\"src\")),n=new URL(t.value),c.test(n.protocol))&&n.host===r.host&&l.activeElement===s&&(d.top.location.href=t.value))}},d.addEventListener(\"message\",d.wp.receiveEmbedMessage,!1),l.addEventListener(\"DOMContentLoaded\",function(){for(var e,t,s=l.querySelectorAll(\"iframe.wp-embedded-content\"),r=0;r<s.length;r++)(t=(e=s[r]).getAttribute(\"data-secret\"))||(t=Math.random().toString(36).substring(2,12),e.src+=\"#?secret=\"+t,e.setAttribute(\"data-secret\",t)),e.contentWindow.postMessage({message:\"ready\",secret:t},\"*\")},!1)))}(window,document);\n<\/script>","description":"\u201cHe aqu\u00ed lo m\u00e1s fascinante de nuestro tiempo: penetrar en la m\u00e1s alta contemplaci\u00f3n y permanecer mezclado con todos, hombre entre los hombres\u201d (Chiara Lubich). La chispa inspiradora: construir relaciones Nos comprometemos a construir relaciones fraternas entre personas, pueblos, religiones y culturas, a trav\u00e9s del di\u00e1logo, sum\u00e1ndonos a muchos otros que comparten este camino. Inspirados por la oraci\u00f3n de Jes\u00fas: \u201cQue todos sean uno\u201d (Jn 17, 21), proponemos una espiritualidad de la unidad que se basa en el amor rec\u00edproco, el respeto por cada persona y la valoraci\u00f3n de las diferencias como una fuente de riqueza. Esta espiritualidad se ha convertido en un estilo de vida para personas de todas las edades y or\u00edgenes, transformando no solo nuestras vidas y relaciones, sino tambi\u00e9n los entornos sociales, familiares y eclesiales donde vivimos y trabajamos. Or\u00edgenes y vocaci\u00f3n universal El Movimiento de los Focolares naci\u00f3 en el seno de la Iglesia Cat\u00f3lica, fundado por Chiara Lubich en Trento, Italia, en 1943. Hoy est\u00e1 presente en 182 pa\u00edses y cuenta con miembros y colaboradores de todas las confesiones cristianas, as\u00ed como de otras religiones e incluso personas sin afiliaci\u00f3n religiosa. Todos, manteniendo sus convicciones y fidelidad a su conciencia, comparten el objetivo y el esp\u00edritu de los Focolares: construir un mundo m\u00e1s unido. Una espiritualidad comunitaria Somos parte de una gran familia, global y variada, unida por un mismo ideal. Chiara Lubich describi\u00f3 esta comunidad como un \u201cpueblo nuevo nacido del Evangelio\u201d. Su verdadera esencia no se puede comprender solo con palabras, porque se vive, se experimenta al compartirla con quienes la encarnan d\u00eda a d\u00eda. Es una espiritualidad que transforma, que nos invita a vivir en comuni\u00f3n. En el coraz\u00f3n del Movimiento est\u00e1n las peque\u00f1as comunidades conocidas como \u201cfocolares\u201d. Estas est\u00e1n formadas por hombres y mujeres que, inmersos en la realidad cotidiana, eligen dar un paso determinante: dejar atr\u00e1s su familia, su hogar y su tierra natal para abrazar un ideal. Su vida se convierte en una respuesta concreta a la oraci\u00f3n de Jes\u00fas: \u201cQue todos sean uno\u201d.&nbsp; Vivir el amor en cada instante&nbsp; En nuestras relaciones cotidianas, reconocemos el valor \u00fanico de cada ser humano y tratamos de acoger y acompa\u00f1ar a cada persona seg\u00fan sus necesidades. Amando de manera concreta a quienes est\u00e1n cerca, buscamos irradiar ese amor a toda la humanidad. El mandamiento de Jes\u00fas \u2014\u201cComo yo os he amado, amaos tambi\u00e9n unos a otros\u201d (Jn 13, 34)\u2014 nos anima a crear v\u00ednculos aut\u00e9nticos en nuestras comunidades y a crecer juntos, superando intereses personales. La espiritualidad de la unidad nos llama a vivir en el amor rec\u00edproco, renov\u00e1ndolo constantemente. Queremos que cada acci\u00f3n sea fecunda, contribuyendo a un camino de perfecci\u00f3n espiritual accesible para todos, en cualquier circunstancia y seg\u00fan las convicciones personales de cada uno, sean religiosas o no.","thumbnail_url":"https:\/\/focolares.es\/wp-content\/uploads\/2024\/08\/esp-col-red-freepik.jpg","thumbnail_width":611,"thumbnail_height":406}

Diálogo como estilo de vida - Movimiento de los Focolares

<blockquote class="wp-embedded-content" data-secret="KanitJ5N1B"><a href="https://focolares.es/eu/un-estilo-de-vida/">Elkarrizketa bizimodu gisa</a></blockquote><iframe sandbox="allow-scripts" security="restricted" src="https://focolares.es/eu/un-estilo-de-vida/embed/#?secret=KanitJ5N1B" width="600" height="338" title="&#8220;Diálogo como estilo de vida&#8221; &#8212; Movimiento de los Focolares" data-secret="KanitJ5N1B" frameborder="0" marginwidth="0" marginheight="0" scrolling="no" class="wp-embedded-content"></iframe><script>
/*! This file is auto-generated */
!function(d,l){"use strict";l.querySelector&&d.addEventListener&&"undefined"!=typeof URL&&(d.wp=d.wp||{},d.wp.receiveEmbedMessage||(d.wp.receiveEmbedMessage=function(e){var t=e.data;if((t||t.secret||t.message||t.value)&&!/[^a-zA-Z0-9]/.test(t.secret)){for(var s,r,n,a=l.querySelectorAll('iframe[data-secret="'+t.secret+'"]'),o=l.querySelectorAll('blockquote[data-secret="'+t.secret+'"]'),c=new RegExp("^https?:$","i"),i=0;i<o.length;i++)o[i].style.display="none";for(i=0;i<a.length;i++)s=a[i],e.source===s.contentWindow&&(s.removeAttribute("style"),"height"===t.message?(1e3<(r=parseInt(t.value,10))?r=1e3:~~r<200&&(r=200),s.height=r):"link"===t.message&&(r=new URL(s.getAttribute("src")),n=new URL(t.value),c.test(n.protocol))&&n.host===r.host&&l.activeElement===s&&(d.top.location.href=t.value))}},d.addEventListener("message",d.wp.receiveEmbedMessage,!1),l.addEventListener("DOMContentLoaded",function(){for(var e,t,s=l.querySelectorAll("iframe.wp-embedded-content"),r=0;r<s.length;r++)(t=(e=s[r]).getAttribute("data-secret"))||(t=Math.random().toString(36).substring(2,12),e.src+="#?secret="+t,e.setAttribute("data-secret",t)),e.contentWindow.postMessage({message:"ready",secret:t},"*")},!1)))}(window,document);
</script>

“He aquí lo más fascinante de nuestro tiempo: penetrar en la más alta contemplación y permanecer mezclado con todos, hombre entre los hombres” (Chiara Lubich). La chispa inspiradora: construir relaciones Nos comprometemos a construir relaciones fraternas entre personas, pueblos, religiones y culturas, a través del diálogo, sumándonos a muchos otros que comparten este camino. Inspirados por la oración de Jesús: “Que todos sean uno” (Jn 17, 21), proponemos una espiritualidad de la unidad que se basa en el amor recíproco, el respeto por cada persona y la valoración de las diferencias como una fuente de riqueza. Esta espiritualidad se ha convertido en un estilo de vida para personas de todas las edades y orígenes, transformando no solo nuestras vidas y relaciones, sino también los entornos sociales, familiares y eclesiales donde vivimos y trabajamos. Orígenes y vocación universal El Movimiento de los Focolares nació en el seno de la Iglesia Católica, fundado por Chiara Lubich en Trento, Italia, en 1943. Hoy está presente en 182 países y cuenta con miembros y colaboradores de todas las confesiones cristianas, así como de otras religiones e incluso personas sin afiliación religiosa. Todos, manteniendo sus convicciones y fidelidad a su conciencia, comparten el objetivo y el espíritu de los Focolares: construir un mundo más unido. Una espiritualidad comunitaria Somos parte de una gran familia, global y variada, unida por un mismo ideal. Chiara Lubich describió esta comunidad como un “pueblo nuevo nacido del Evangelio”. Su verdadera esencia no se puede comprender solo con palabras, porque se vive, se experimenta al compartirla con quienes la encarnan día a día. Es una espiritualidad que transforma, que nos invita a vivir en comunión. En el corazón del Movimiento están las pequeñas comunidades conocidas como “focolares”. Estas están formadas por hombres y mujeres que, inmersos en la realidad cotidiana, eligen dar un paso determinante: dejar atrás su familia, su hogar y su tierra natal para abrazar un ideal. Su vida se convierte en una respuesta concreta a la oración de Jesús: “Que todos sean uno”.&nbsp; Vivir el amor en cada instante&nbsp; En nuestras relaciones cotidianas, reconocemos el valor único de cada ser humano y tratamos de acoger y acompañar a cada persona según sus necesidades. Amando de manera concreta a quienes están cerca, buscamos irradiar ese amor a toda la humanidad. El mandamiento de Jesús —“Como yo os he amado, amaos también unos a otros” (Jn 13, 34)— nos anima a crear vínculos auténticos en nuestras comunidades y a crecer juntos, superando intereses personales. La espiritualidad de la unidad nos llama a vivir en el amor recíproco, renovándolo constantemente. Queremos que cada acción sea fecunda, contribuyendo a un camino de perfección espiritual accesible para todos, en cualquier circunstancia y según las convicciones personales de cada uno, sean religiosas o no.
