{"version":"1.0","provider_name":"Fokolareen Mugimenduaren","provider_url":"https:\/\/focolares.es\/eu","author_name":"admin","author_url":"https:\/\/focolares.es\/eu\/author\/afesersl_mcjhk9wv\/","title":"Palabra de vida - Movimiento de los Focolares","type":"rich","width":600,"height":338,"html":"<blockquote class=\"wp-embedded-content\" data-secret=\"tuT01gsdmw\"><a href=\"https:\/\/focolares.es\/eu\/palabra-de-vida\/septiembre-2024\/\">Bizi-Hitza<\/a><\/blockquote><iframe sandbox=\"allow-scripts\" security=\"restricted\" src=\"https:\/\/focolares.es\/eu\/palabra-de-vida\/septiembre-2024\/embed\/#?secret=tuT01gsdmw\" width=\"600\" height=\"338\" title=\"\u201cBizitzaren Hitza\u201d \u2014 Fokolare Mugimendua\" data-secret=\"tuT01gsdmw\" frameborder=\"0\" marginwidth=\"0\" marginheight=\"0\" scrolling=\"no\" class=\"wp-embedded-content\"><\/iframe><script>\n\/*! This file is auto-generated *\/\n!function(d,l){\"use strict\";l.querySelector&&d.addEventListener&&\"undefined\"!=typeof URL&&(d.wp=d.wp||{},d.wp.receiveEmbedMessage||(d.wp.receiveEmbedMessage=function(e){var t=e.data;if((t||t.secret||t.message||t.value)&&!\/[^a-zA-Z0-9]\/.test(t.secret)){for(var s,r,n,a=l.querySelectorAll('iframe[data-secret=\"'+t.secret+'\"]'),o=l.querySelectorAll('blockquote[data-secret=\"'+t.secret+'\"]'),c=new RegExp(\"^https?:$\",\"i\"),i=0;i<o.length;i++)o[i].style.display=\"none\";for(i=0;i<a.length;i++)s=a[i],e.source===s.contentWindow&&(s.removeAttribute(\"style\"),\"height\"===t.message?(1e3<(r=parseInt(t.value,10))?r=1e3:~~r<200&&(r=200),s.height=r):\"link\"===t.message&&(r=new URL(s.getAttribute(\"src\")),n=new URL(t.value),c.test(n.protocol))&&n.host===r.host&&l.activeElement===s&&(d.top.location.href=t.value))}},d.addEventListener(\"message\",d.wp.receiveEmbedMessage,!1),l.addEventListener(\"DOMContentLoaded\",function(){for(var e,t,s=l.querySelectorAll(\"iframe.wp-embedded-content\"),r=0;r<s.length;r++)(t=(e=s[r]).getAttribute(\"data-secret\"))||(t=Math.random().toString(36).substring(2,12),e.src+=\"#?secret=\"+t,e.setAttribute(\"data-secret\",t)),e.contentWindow.postMessage({message:\"ready\",secret:t},\"*\")},!1)))}(window,document);\n<\/script>","description":"La escucha y la pr\u00e1ctica es un tema fundamental sobre el que insiste el autor del vers\u00edculo de este mes. La carta contin\u00faa: \u00abEn cambio, el que considera atentamente la Ley perfecta de la libertad y se mantiene firme, no como oyente olvidadizo sino como cumplidor de ella, ese, practic\u00e1ndola, ser\u00e1 feliz\u00bb (St 1, 25). Y es precisamente este empe\u00f1o por conocer sus palabras y vivirlas lo que nos hace libres y nos da alegr\u00eda. Se podr\u00eda decir que la cita b\u00edblica de este mes es de por s\u00ed el motivo para la pr\u00e1ctica de la Palabra de vida, que se ha difundido en todo el mundo. Una vez a la semana, y m\u00e1s adelante una vez al mes, Chiara Lubich eleg\u00eda una frase completa de la Escritura y la comentaba. Nos reun\u00edamos, compart\u00edamos los frutos de lo que hab\u00eda obrado contando las experiencias de vida, y se iba creando una comunidad unida que mostraba en germen las consecuencias sociales que era capaz de obrar. \u00abNo obstante su sencillez, la iniciativa de la fundadora del Movimiento de los Focolares contribuy\u00f3 notablemente a redescubrir la Palabra de Dios en el mundo cristiano del siglo xx\u00bb[1], transmitiendo un m\u00e9todo para vivir el Evangelio y poner en com\u00fan sus efectos. \u00abPoned por obra la Palabra y no os content\u00e9is solo con o\u00edrla, enga\u00f1\u00e1ndoos a vosotros mismos\u00bb. La carta de Santiago retoma lo que Jes\u00fas hab\u00eda anunciado para que vivi\u00e9semos y experiment\u00e1semos la realidad del reino de los cielos entre nosotros: declara bienaventurado a quien escucha su Palabra y la observa (cf. Lc 11, 28); reconoce como su madre y sus hermanos a quienes la escuchan y la ponen en pr\u00e1ctica (cf. Lc 8, 21); la compara a la semilla que, si cae en un terreno bueno, es decir, en quienes la escuchan con coraz\u00f3n \u00edntegro y bueno y la guardan, estos producen fruto con su perseverancia (cf. Lc 8, 15). \u00abEn cada Palabra suya Jes\u00fas expresa todo su amor por nosotros \u2013escribe Chiara Lubich\u2013. Encarn\u00e9mosla, hag\u00e1mosla nuestra, experimentemos la gran potencia de vida que desarrolla si la vivimos, en nosotros y alrededor de nosotros. Enamor\u00e9monos del Evangelio hasta dejarnos transformar en \u00e9l y derramarlo sobre los dem\u00e1s. [\u2026] Seremos libres de nosotros mismos, de nuestros l\u00edmites, de nuestras esclavitudes; y no solo, sino que veremos estallar la revoluci\u00f3n de amor que Jes\u00fas, libre para vivir en nosotros, provocar\u00e1 en el tejido social en el que estamos inmersos\u00bb[2]. \u00abPoned por obra la Palabra y no os content\u00e9is solo con o\u00edrla, enga\u00f1\u00e1ndoos a vosotros mismos\u00bb. \u00bfC\u00f3mo poner en pr\u00e1ctica la palabra? Miremos a nuestro alrededor y hagamos de todo para ponernos al servicio de quienes est\u00e1n necesitados, con peque\u00f1os o grandes gestos de cuidado mutuo, transformando las estructuras injustas de la sociedad, oponi\u00e9ndonos a la violencia, favoreciendo gestos de paz y de reconciliaci\u00f3n; con m\u00e1s sensibilidad y acciones a favor de nuestro planeta. As\u00ed irrumpe una aut\u00e9ntica revoluci\u00f3n en nuestra vida, en la de la comunidad donde vivimos y en el lugar de trabajo donde actuamos. El amor se manifiesta en las acciones sociales y pol\u00edticas que procuran construir un mundo mejor. Del compromiso de una peque\u00f1a comunidad de los Focolares para con las personas m\u00e1s fr\u00e1giles, nace en Per\u00fa un centro para ancianos con el nombre de la fundadora del Movimiento, en L\u00e1mud, una ciudad de la Amazonia peruana a 2.330 metros sobre el nivel del mar. \u00abEl Centro se inaugur\u00f3 en plena crisis de la pandemia y alberga a 50 personas ancianas y solas. La casa, los adornos, la vajilla y los alimentos llegaron como regalo de la comunidad vecina. Ha sido una apuesta no exenta de dificultades y trabas, pero en marzo de 2022 el Centro celebr\u00f3 su primer aniversario abriendo las puertas a la ciudad con una fiesta en la que participaron incluso las autoridades pol\u00edticas. En los dos d\u00edas de celebraci\u00f3n se a\u00f1adieron nuevos voluntarios, adultos y ni\u00f1os, que quieren cuidar de los mayores solos y ampliar as\u00ed su familia\u00bb[3]. Patrizia Mazzola y el equipo de la Palabra de Vida [1] C. Lubich, Palabras de vida\/1 (1943-1990) (ed. F. Ciardi), Ciudad Nueva, Madrid 2020, p. 5, Introducci\u00f3n. [2] Ead., \u00abPalabra de vida\u00bb, septiembre de 2006: Ciudad Nueva n. 434 (8-9\/2006), p. 23.[3] Balance de Comuni\u00f3n 2022. Movimiento de los Focolares, en https:\/\/www.focolare.org\/wp-content\/uploads\/2024\/02\/BdC-2022-DialogoES.pdf, p. 67."}

La escucha y la práctica es un tema fundamental sobre el que insiste el autor del versículo de este mes. La carta continúa: «En cambio, el que considera atentamente la Ley perfecta de la libertad y se mantiene firme, no como oyente olvidadizo sino como cumplidor de ella, ese, practicándola, será feliz» (St 1, 25). Y es precisamente este empeño por conocer sus palabras y vivirlas lo que nos hace libres y nos da alegría. Se podría decir que la cita bíblica de este mes es de por sí el motivo para la práctica de la Palabra de vida, que se ha difundido en todo el mundo. Una vez a la semana, y más adelante una vez al mes, Chiara Lubich elegía una frase completa de la Escritura y la comentaba. Nos reuníamos, compartíamos los frutos de lo que había obrado contando las experiencias de vida, y se iba creando una comunidad unida que mostraba en germen las consecuencias sociales que era capaz de obrar. «No obstante su sencillez, la iniciativa de la fundadora del Movimiento de los Focolares contribuyó notablemente a redescubrir la Palabra de Dios en el mundo cristiano del siglo xx»[1], transmitiendo un método para vivir el Evangelio y poner en común sus efectos. «Poned por obra la Palabra y no os contentéis solo con oírla, engañándoos a vosotros mismos». La carta de Santiago retoma lo que Jesús había anunciado para que viviésemos y experimentásemos la realidad del reino de los cielos entre nosotros: declara bienaventurado a quien escucha su Palabra y la observa (cf. Lc 11, 28); reconoce como su madre y sus hermanos a quienes la escuchan y la ponen en práctica (cf. Lc 8, 21); la compara a la semilla que, si cae en un terreno bueno, es decir, en quienes la escuchan con corazón íntegro y bueno y la guardan, estos producen fruto con su perseverancia (cf. Lc 8, 15). «En cada Palabra suya Jesús expresa todo su amor por nosotros –escribe Chiara Lubich–. Encarnémosla, hagámosla nuestra, experimentemos la gran potencia de vida que desarrolla si la vivimos, en nosotros y alrededor de nosotros. Enamorémonos del Evangelio hasta dejarnos transformar en él y derramarlo sobre los demás. […] Seremos libres de nosotros mismos, de nuestros límites, de nuestras esclavitudes; y no solo, sino que veremos estallar la revolución de amor que Jesús, libre para vivir en nosotros, provocará en el tejido social en el que estamos inmersos»[2]. «Poned por obra la Palabra y no os contentéis solo con oírla, engañándoos a vosotros mismos». ¿Cómo poner en práctica la palabra? Miremos a nuestro alrededor y hagamos de todo para ponernos al servicio de quienes están necesitados, con pequeños o grandes gestos de cuidado mutuo, transformando las estructuras injustas de la sociedad, oponiéndonos a la violencia, favoreciendo gestos de paz y de reconciliación; con más sensibilidad y acciones a favor de nuestro planeta. Así irrumpe una auténtica revolución en nuestra vida, en la de la comunidad donde vivimos y en el lugar de trabajo donde actuamos. El amor se manifiesta en las acciones sociales y políticas que procuran construir un mundo mejor. Del compromiso de una pequeña comunidad de los Focolares para con las personas más frágiles, nace en Perú un centro para ancianos con el nombre de la fundadora del Movimiento, en Lámud, una ciudad de la Amazonia peruana a 2.330 metros sobre el nivel del mar. «El Centro se inauguró en plena crisis de la pandemia y alberga a 50 personas ancianas y solas. La casa, los adornos, la vajilla y los alimentos llegaron como regalo de la comunidad vecina. Ha sido una apuesta no exenta de dificultades y trabas, pero en marzo de 2022 el Centro celebró su primer aniversario abriendo las puertas a la ciudad con una fiesta en la que participaron incluso las autoridades políticas. En los dos días de celebración se añadieron nuevos voluntarios, adultos y niños, que quieren cuidar de los mayores solos y ampliar así su familia»[3]. Patrizia Mazzola y el equipo de la Palabra de Vida [1] C. Lubich, Palabras de vida/1 (1943-1990) (ed. F. Ciardi), Ciudad Nueva, Madrid 2020, p. 5, Introducción. [2] Ead., «Palabra de vida», septiembre de 2006: Ciudad Nueva n. 434 (8-9/2006), p. 23.[3] Balance de Comunión 2022. Movimiento de los Focolares, en https://www.focolare.org/wp-content/uploads/2024/02/BdC-2022-DialogoES.pdf, p. 67.
