{"version":"1.0","provider_name":"Fokolareen Mugimenduaren","provider_url":"https:\/\/focolares.es\/eu","author_name":"Jordi Illa","author_url":"https:\/\/focolares.es\/eu\/author\/jordi\/","title":"Hacia una cultura de la protecci\u00f3n integral de la persona - Movimiento de los Focolares","type":"rich","width":600,"height":338,"html":"<blockquote class=\"wp-embedded-content\" data-secret=\"5TSZBEHYWG\"><a href=\"https:\/\/focolares.es\/eu\/hacia-una-cultura-de-la-proteccion-integral-de-la-persona\/\">Pertsonaren babes integralaren kultura baterantz<\/a><\/blockquote><iframe sandbox=\"allow-scripts\" security=\"restricted\" src=\"https:\/\/focolares.es\/eu\/hacia-una-cultura-de-la-proteccion-integral-de-la-persona\/embed\/#?secret=5TSZBEHYWG\" width=\"600\" height=\"338\" title=\"&#8220;Hacia una cultura de la protecci\u00f3n integral de la persona&#8221; &#8212; Movimiento de los Focolares\" data-secret=\"5TSZBEHYWG\" frameborder=\"0\" marginwidth=\"0\" marginheight=\"0\" scrolling=\"no\" class=\"wp-embedded-content\"><\/iframe><script>\n\/*! This file is auto-generated *\/\n!function(d,l){\"use strict\";l.querySelector&&d.addEventListener&&\"undefined\"!=typeof URL&&(d.wp=d.wp||{},d.wp.receiveEmbedMessage||(d.wp.receiveEmbedMessage=function(e){var t=e.data;if((t||t.secret||t.message||t.value)&&!\/[^a-zA-Z0-9]\/.test(t.secret)){for(var s,r,n,a=l.querySelectorAll('iframe[data-secret=\"'+t.secret+'\"]'),o=l.querySelectorAll('blockquote[data-secret=\"'+t.secret+'\"]'),c=new RegExp(\"^https?:$\",\"i\"),i=0;i<o.length;i++)o[i].style.display=\"none\";for(i=0;i<a.length;i++)s=a[i],e.source===s.contentWindow&&(s.removeAttribute(\"style\"),\"height\"===t.message?(1e3<(r=parseInt(t.value,10))?r=1e3:~~r<200&&(r=200),s.height=r):\"link\"===t.message&&(r=new URL(s.getAttribute(\"src\")),n=new URL(t.value),c.test(n.protocol))&&n.host===r.host&&l.activeElement===s&&(d.top.location.href=t.value))}},d.addEventListener(\"message\",d.wp.receiveEmbedMessage,!1),l.addEventListener(\"DOMContentLoaded\",function(){for(var e,t,s=l.querySelectorAll(\"iframe.wp-embedded-content\"),r=0;r<s.length;r++)(t=(e=s[r]).getAttribute(\"data-secret\"))||(t=Math.random().toString(36).substring(2,12),e.src+=\"#?secret=\"+t,e.setAttribute(\"data-secret\",t)),e.contentWindow.postMessage({message:\"ready\",secret:t},\"*\")},!1)))}(window,document);\n<\/script>","thumbnail_url":"https:\/\/focolares.es\/wp-content\/uploads\/2024\/03\/Proteccion-integral.jpg","thumbnail_width":792,"thumbnail_height":549,"description":"El&nbsp;Movimiento de los Focolares&nbsp;publica el primer informe sobre casos de abusos a menores y adultos vulnerables, incluyendo abusos espirituales y de autoridad ocurridos en el \u00e1mbito del Movimiento. Recoge tambi\u00e9n informaci\u00f3n referente a medidas de reparaci\u00f3n, nuevos procedimientos de investigaci\u00f3n y actividades formativas destinadas a la protecci\u00f3n de la persona. Dicho informe comienza con una carta de&nbsp;Margaret Karram&nbsp;y&nbsp;Jes\u00fas Mor\u00e1n, Presidenta y Copresidente de los&nbsp;Focolares: \u00abLes escribimos para&nbsp;presentar&nbsp;un informe p\u00fablico sobre los datos relativos a las notificaciones&nbsp;y las medidas que hemos emprendido como Movimiento de los Focolares, a causa de la llaga de los abusos sexuales a&nbsp;menores y a&nbsp;personas vulnerables; y abusos de conciencia, espirituales y de autoridad sobre adultos, de los que tampoco&nbsp;nosotros hemos quedado indemnes\u00bb. El documento&nbsp;Hacia una cultura de la protecci\u00f3n integral de la persona, se renovar\u00e1 anualmente y se publica un a\u00f1o despu\u00e9s de la divulgaci\u00f3n de los resultados de la investigaci\u00f3n realizada por&nbsp;GCPS Consulting&nbsp;sobre los graves casos de abuso sexual cometidos por un ex focolarino franc\u00e9s. El&nbsp;Movimiento de los Focolares&nbsp;trabaja para adoptar las medidas necesarias que garanticen la prevenci\u00f3n y protecci\u00f3n integral de la persona en todos los \u00e1mbitos y entornos en los que se desarrollan sus actividades. Por ello, el documento que ahora se publica \u2012explican la Presidenta y el Copresidente de los&nbsp;Focolares\u2012, \u00abes un primer informe sobre las medidas de prevenci\u00f3n, investigaci\u00f3n, transparencia, formaci\u00f3n y cambio, emprendidas por el Movimiento de los Focolares, para contrarrestar este crimen\u00bb. La Presidenta y el Copresidente piden sinceramente perd\u00f3n a cada una de las v\u00edctimas y de los sobrevivientes en nombre del&nbsp;Movimiento de los Focolares,&nbsp;al tiempo que les expresan un profundo agradecimiento, as\u00ed como a las v\u00edctimas, familias y a las comunidades implicadas no solo en Francia, sino en todos los pa\u00edses en los que han emergido casos de abusos, porque gracias a su cooperaci\u00f3n y, sobre todo, a su valent\u00eda para afrontar y sacar a la luz estos cr\u00edmenes, el&nbsp;Movimiento&nbsp;est\u00e1 llevando a cabo m\u00e1s conscientemente nuevos compromisos y procedimientos en lo que se refiere a la protecci\u00f3n de las personas. El informe consta de varias partes y presenta los datos relativos a los abusos notificados a la&nbsp;Comisi\u00f3n para el Bienestar y la Protecci\u00f3n de la Persona&nbsp;(CO.BE.TU.) desde el a\u00f1o de su creaci\u00f3n, 2014; por tanto, recopila sistem\u00e1ticamente las notificaciones hasta diciembre de 2022.&nbsp; El informe tambi\u00e9n presenta datos relativos a los \u00abcursos b\u00e1sicos sobre la protecci\u00f3n de la persona\u00bb realizados en los diferentes pa\u00edses en los que trabaja el&nbsp;Movimiento de los Focolares. Otra secci\u00f3n est\u00e1 dedicada a las medidas prioritarias ya en acto o en proceso de implementaci\u00f3n, como respuesta a las recomendaciones de la investigaci\u00f3n independiente de&nbsp;GCPS Consulting. Los cursos y las herramientas de formaci\u00f3n para la protecci\u00f3n de la persona, est\u00e1n a disposici\u00f3n de todos los miembros del&nbsp;Movimiento, especialmente de los formadores y acompa\u00f1antes de los menores. Ya se han puesto en marcha actividades de formaci\u00f3n para los responsables del&nbsp;Movimiento&nbsp;a distintos niveles: desde la direcci\u00f3n central hasta los responsables territoriales en las distintas zonas geogr\u00e1ficas. El 1 de mayo de 2023, entrar\u00e1 en funci\u00f3n la&nbsp;Comisi\u00f3n Independiente Central&nbsp;y finalizar\u00e1 la tarea de la&nbsp;CO.BE.TU.&nbsp;El nuevo organismo se ocupar\u00e1 exclusivamente de la tramitaci\u00f3n de las notificaciones, mientras que la formaci\u00f3n ser\u00e1 coordinada a nivel central y local por otro equipo de expertos y consultores. El informe presenta tambi\u00e9n el&nbsp;Protocolo para la gesti\u00f3n de los casos de abusos en el Movimiento de los Focolares, las&nbsp;Competencias de la Comisi\u00f3n Independiente Central&nbsp;y las&nbsp;L\u00edneas de apoyo y reparaci\u00f3n econ\u00f3mica en casos de abusos sexuales a menores y adultos vulnerables. En lo que concierne a los procedimientos de notificaci\u00f3n, denuncia e investigaci\u00f3n en los pa\u00edses en los que la denuncia es obligatoria, la notificaci\u00f3n se transmite inmediatamente a las autoridades judiciales. Si la legislaci\u00f3n nacional no prev\u00e9 la denuncia obligatoria, pero los hechos constituyen de todos modos un delito, la comisi\u00f3n presentar\u00e1 la denuncia a las autoridades judiciales inmediatamente despu\u00e9s de comprobar la verosimilitud de los hechos, a menos que la v\u00edctima o sus padres se opongan a ello. De acuerdo con las normas legislativas internacionales, la notificaci\u00f3n de un abuso tambi\u00e9n tendr\u00e1 lugar, aunque el delito ya haya prescrito. Descargar en PDF el Informe sobre la gesti\u00f3n de los casos de abusos en el Movimiento de los Focolares"}

Hacia una cultura de la protección integral de la persona - Movimiento de los Focolares

<blockquote class="wp-embedded-content" data-secret="5TSZBEHYWG"><a href="https://focolares.es/eu/hacia-una-cultura-de-la-proteccion-integral-de-la-persona/">Pertsonaren babes integralaren kultura baterantz</a></blockquote><iframe sandbox="allow-scripts" security="restricted" src="https://focolares.es/eu/hacia-una-cultura-de-la-proteccion-integral-de-la-persona/embed/#?secret=5TSZBEHYWG" width="600" height="338" title="&#8220;Hacia una cultura de la protección integral de la persona&#8221; &#8212; Movimiento de los Focolares" data-secret="5TSZBEHYWG" frameborder="0" marginwidth="0" marginheight="0" scrolling="no" class="wp-embedded-content"></iframe><script>
/*! This file is auto-generated */
!function(d,l){"use strict";l.querySelector&&d.addEventListener&&"undefined"!=typeof URL&&(d.wp=d.wp||{},d.wp.receiveEmbedMessage||(d.wp.receiveEmbedMessage=function(e){var t=e.data;if((t||t.secret||t.message||t.value)&&!/[^a-zA-Z0-9]/.test(t.secret)){for(var s,r,n,a=l.querySelectorAll('iframe[data-secret="'+t.secret+'"]'),o=l.querySelectorAll('blockquote[data-secret="'+t.secret+'"]'),c=new RegExp("^https?:$","i"),i=0;i<o.length;i++)o[i].style.display="none";for(i=0;i<a.length;i++)s=a[i],e.source===s.contentWindow&&(s.removeAttribute("style"),"height"===t.message?(1e3<(r=parseInt(t.value,10))?r=1e3:~~r<200&&(r=200),s.height=r):"link"===t.message&&(r=new URL(s.getAttribute("src")),n=new URL(t.value),c.test(n.protocol))&&n.host===r.host&&l.activeElement===s&&(d.top.location.href=t.value))}},d.addEventListener("message",d.wp.receiveEmbedMessage,!1),l.addEventListener("DOMContentLoaded",function(){for(var e,t,s=l.querySelectorAll("iframe.wp-embedded-content"),r=0;r<s.length;r++)(t=(e=s[r]).getAttribute("data-secret"))||(t=Math.random().toString(36).substring(2,12),e.src+="#?secret="+t,e.setAttribute("data-secret",t)),e.contentWindow.postMessage({message:"ready",secret:t},"*")},!1)))}(window,document);
</script>

El&nbsp;Movimiento de los Focolares&nbsp;publica el primer informe sobre casos de abusos a menores y adultos vulnerables, incluyendo abusos espirituales y de autoridad ocurridos en el ámbito del Movimiento. Recoge también información referente a medidas de reparación, nuevos procedimientos de investigación y actividades formativas destinadas a la protección de la persona. Dicho informe comienza con una carta de&nbsp;Margaret Karram&nbsp;y&nbsp;Jesús Morán, Presidenta y Copresidente de los&nbsp;Focolares: «Les escribimos para&nbsp;presentar&nbsp;un informe público sobre los datos relativos a las notificaciones&nbsp;y las medidas que hemos emprendido como Movimiento de los Focolares, a causa de la llaga de los abusos sexuales a&nbsp;menores y a&nbsp;personas vulnerables; y abusos de conciencia, espirituales y de autoridad sobre adultos, de los que tampoco&nbsp;nosotros hemos quedado indemnes». El documento&nbsp;Hacia una cultura de la protección integral de la persona, se renovará anualmente y se publica un año después de la divulgación de los resultados de la investigación realizada por&nbsp;GCPS Consulting&nbsp;sobre los graves casos de abuso sexual cometidos por un ex focolarino francés. El&nbsp;Movimiento de los Focolares&nbsp;trabaja para adoptar las medidas necesarias que garanticen la prevención y protección integral de la persona en todos los ámbitos y entornos en los que se desarrollan sus actividades. Por ello, el documento que ahora se publica ‒explican la Presidenta y el Copresidente de los&nbsp;Focolares‒, «es un primer informe sobre las medidas de prevención, investigación, transparencia, formación y cambio, emprendidas por el Movimiento de los Focolares, para contrarrestar este crimen». La Presidenta y el Copresidente piden sinceramente perdón a cada una de las víctimas y de los sobrevivientes en nombre del&nbsp;Movimiento de los Focolares,&nbsp;al tiempo que les expresan un profundo agradecimiento, así como a las víctimas, familias y a las comunidades implicadas no solo en Francia, sino en todos los países en los que han emergido casos de abusos, porque gracias a su cooperación y, sobre todo, a su valentía para afrontar y sacar a la luz estos crímenes, el&nbsp;Movimiento&nbsp;está llevando a cabo más conscientemente nuevos compromisos y procedimientos en lo que se refiere a la protección de las personas. El informe consta de varias partes y presenta los datos relativos a los abusos notificados a la&nbsp;Comisión para el Bienestar y la Protección de la Persona&nbsp;(CO.BE.TU.) desde el año de su creación, 2014; por tanto, recopila sistemáticamente las notificaciones hasta diciembre de 2022.&nbsp; El informe también presenta datos relativos a los «cursos básicos sobre la protección de la persona» realizados en los diferentes países en los que trabaja el&nbsp;Movimiento de los Focolares. Otra sección está dedicada a las medidas prioritarias ya en acto o en proceso de implementación, como respuesta a las recomendaciones de la investigación independiente de&nbsp;GCPS Consulting. Los cursos y las herramientas de formación para la protección de la persona, están a disposición de todos los miembros del&nbsp;Movimiento, especialmente de los formadores y acompañantes de los menores. Ya se han puesto en marcha actividades de formación para los responsables del&nbsp;Movimiento&nbsp;a distintos niveles: desde la dirección central hasta los responsables territoriales en las distintas zonas geográficas. El 1 de mayo de 2023, entrará en función la&nbsp;Comisión Independiente Central&nbsp;y finalizará la tarea de la&nbsp;CO.BE.TU.&nbsp;El nuevo organismo se ocupará exclusivamente de la tramitación de las notificaciones, mientras que la formación será coordinada a nivel central y local por otro equipo de expertos y consultores. El informe presenta también el&nbsp;Protocolo para la gestión de los casos de abusos en el Movimiento de los Focolares, las&nbsp;Competencias de la Comisión Independiente Central&nbsp;y las&nbsp;Líneas de apoyo y reparación económica en casos de abusos sexuales a menores y adultos vulnerables. En lo que concierne a los procedimientos de notificación, denuncia e investigación en los países en los que la denuncia es obligatoria, la notificación se transmite inmediatamente a las autoridades judiciales. Si la legislación nacional no prevé la denuncia obligatoria, pero los hechos constituyen de todos modos un delito, la comisión presentará la denuncia a las autoridades judiciales inmediatamente después de comprobar la verosimilitud de los hechos, a menos que la víctima o sus padres se opongan a ello. De acuerdo con las normas legislativas internacionales, la notificación de un abuso también tendrá lugar, aunque el delito ya haya prescrito. Descargar en PDF el Informe sobre la gestión de los casos de abusos en el Movimiento de los Focolares
