{"id":14693,"date":"2025-01-28T11:13:03","date_gmt":"2025-01-28T10:13:03","guid":{"rendered":"https:\/\/focolares.es\/?post_type=tribe_events&#038;p=14693"},"modified":"2025-05-08T12:42:32","modified_gmt":"2025-05-08T10:42:32","slug":"santa-sofia-sinbolo-baten-sorrera","status":"publish","type":"tribe_events","link":"https:\/\/focolares.es\/eu\/agenda\/santa-sofia-la-gestacion-de-un-simbolo\/","title":{"rendered":"Hagia Sophia: Sinbolo baten sorrera (online)"},"content":{"rendered":"<p>Irakaslea: <strong>Antonio Sotillo<\/strong>, arkitektoa.<\/p>\n<p>Konstantinopla zoragarrian, gaur egun Istanbulen, VI. mendeko kultura bizantziarraren lan enblematiko honen kontzepziotik inauguraziora arteko bidaia eskaintzen zaigu: <strong>Santa Sofia<\/strong>.<\/p>\n<p>Ikuspegi arkitektoniko eta historiografiko batetik, Antonio Sotillok bere sorreraren baldintzak, eraikuntza prozesua eta bere distira unerik handiena kontatuko dizkigu; hori guztia garai hartako eragin sozioekonomiko, politiko eta erlijioso sendo eta saihestezinek eraginda. Bidaia liluragarria da hau, herri hauen eta inguruko erlijio tradizioen kontzientzia kolektiboan bere marka uzten jarraitzen duen sinbolo baten iraunkortasunean zehar; nolabait Mediterraneoaren alde honetan gaur egun ere lotzen eta batzen gaituen sinbolo bat.<\/p>\n<p><a href=\"https:\/\/focolares.es\/wp-content\/uploads\/2025\/01\/Inv-conferencia-junio24.pdf\" target=\"_blank\" rel=\"noopener\">Deskargatu gonbidapena estekarekin<\/a><\/p>\n<p>Inaugurazioa egin zen lehen konferentzia <em><strong>Indigo Hitzaldi Zikloa<\/strong>, bat<\/em>\u00a0ezagutza, hausnarketa eta elkarrizketarako espazioa Focolareko adituekin, errealitatearen ikuspegia aberasteko. Gure Espainiako, Europako eta munduko historiako gertakari eta gai garrantzitsuei, pertsonaia historikoei eta ondare kulturaleko objektuei buruzko hitzaldi sorta, ezinbestekoak izan daitezkeenak Mendebaldeko gizarte gisa gaur egun ditugun erronkei ulertzeko eta aurre egiteko.<\/p>","protected":false},"excerpt":{"rendered":"<p>Antonio Sotillo arkitektoaren hitzaldia<\/p>","protected":false},"author":1,"featured_media":14696,"template":"","meta":{"_price":"","_stock":"","_tribe_ticket_header":"","_tribe_default_ticket_provider":"TEC\\Tickets\\Commerce\\Module","_tribe_ticket_capacity":"0","_ticket_start_date":"","_ticket_end_date":"","_tribe_ticket_show_description":"","_tribe_ticket_show_not_going":false,"_tribe_ticket_use_global_stock":"","_tribe_ticket_global_stock_level":"","_global_stock_mode":"","_global_stock_cap":"","_tribe_rsvp_for_event":"","_tribe_ticket_going_count":"","_tribe_ticket_not_going_count":"","_tribe_tickets_list":"[]","_tribe_ticket_has_attendee_info_fields":false,"_tribe_events_status":"","_tribe_events_status_reason":"","footnotes":"","_tec_slr_enabled":"","_tec_slr_layout":""},"tags":[],"tribe_events_cat":[],"class_list":["post-14693","tribe_events","type-tribe_events","status-publish","has-post-thumbnail","hentry"],"yoast_head":"<!-- This site is optimized with the Yoast SEO plugin v27.2 - https:\/\/yoast.com\/product\/yoast-seo-wordpress\/ -->\n<title>Santa Sof\u00eda: la gestaci\u00f3n de un s\u00edmbolo (online) - Movimiento de los Focolares<\/title>\n<meta name=\"description\" content=\"Movimiento de los Focolares Desde la gestaci\u00f3n a la inauguraci\u00f3n de esta obra emblem\u00e1tica de la cultura bizantina en Constantinopla.\" \/>\n<meta name=\"robots\" content=\"index, follow, max-snippet:-1, max-image-preview:large, max-video-preview:-1\" \/>\n<link rel=\"canonical\" href=\"https:\/\/focolares.es\/eu\/agenda\/santa-sofia-sinbolo-baten-sorrera\/\" \/>\n<meta property=\"og:locale\" content=\"en_US\" \/>\n<meta property=\"og:type\" content=\"article\" \/>\n<meta property=\"og:title\" content=\"Santa Sof\u00eda: la gestaci\u00f3n de un s\u00edmbolo (online) - Movimiento de los Focolares\" \/>\n<meta property=\"og:description\" content=\"Movimiento de los Focolares Desde la gestaci\u00f3n a la inauguraci\u00f3n de esta obra emblem\u00e1tica de la cultura bizantina en Constantinopla.\" \/>\n<meta property=\"og:url\" content=\"https:\/\/focolares.es\/eu\/agenda\/santa-sofia-sinbolo-baten-sorrera\/\" \/>\n<meta property=\"og:site_name\" content=\"Movimiento de los Focolares\" \/>\n<meta property=\"article:modified_time\" content=\"2025-05-08T10:42:32+00:00\" \/>\n<meta property=\"og:image\" content=\"https:\/\/focolares.es\/wp-content\/uploads\/2025\/01\/Santa-Sofia-20.06.2024-comp.jpg\" \/>\n\t<meta property=\"og:image:width\" content=\"900\" \/>\n\t<meta property=\"og:image:height\" content=\"600\" \/>\n\t<meta property=\"og:image:type\" content=\"image\/jpeg\" \/>\n<meta name=\"twitter:card\" content=\"summary_large_image\" \/>\n<meta name=\"twitter:label1\" content=\"Est. reading time\" \/>\n\t<meta name=\"twitter:data1\" content=\"2 minutua\" \/>\n<script type=\"application\/ld+json\" class=\"yoast-schema-graph\">{\"@context\":\"https:\/\/schema.org\",\"@graph\":[{\"@type\":\"WebPage\",\"@id\":\"https:\/\/focolares.es\/agenda\/santa-sofia-la-gestacion-de-un-simbolo\/\",\"url\":\"https:\/\/focolares.es\/agenda\/santa-sofia-la-gestacion-de-un-simbolo\/\",\"name\":\"Santa Sof\u00eda: la gestaci\u00f3n de un s\u00edmbolo (online) - Movimiento de los Focolares\",\"isPartOf\":{\"@id\":\"https:\/\/focolares.es\/#website\"},\"primaryImageOfPage\":{\"@id\":\"https:\/\/focolares.es\/agenda\/santa-sofia-la-gestacion-de-un-simbolo\/#primaryimage\"},\"image\":{\"@id\":\"https:\/\/focolares.es\/agenda\/santa-sofia-la-gestacion-de-un-simbolo\/#primaryimage\"},\"thumbnailUrl\":\"https:\/\/focolares.es\/wp-content\/uploads\/2025\/01\/Santa-Sofia-20.06.2024-comp.jpg\",\"datePublished\":\"2025-01-28T10:13:03+00:00\",\"dateModified\":\"2025-05-08T10:42:32+00:00\",\"description\":\"Movimiento de los Focolares Desde la gestaci\u00f3n a la inauguraci\u00f3n de esta obra emblem\u00e1tica de la cultura bizantina en Constantinopla.\",\"breadcrumb\":{\"@id\":\"https:\/\/focolares.es\/agenda\/santa-sofia-la-gestacion-de-un-simbolo\/#breadcrumb\"},\"inLanguage\":\"eu\",\"potentialAction\":[{\"@type\":\"ReadAction\",\"target\":[\"https:\/\/focolares.es\/agenda\/santa-sofia-la-gestacion-de-un-simbolo\/\"]}]},{\"@type\":\"ImageObject\",\"inLanguage\":\"eu\",\"@id\":\"https:\/\/focolares.es\/agenda\/santa-sofia-la-gestacion-de-un-simbolo\/#primaryimage\",\"url\":\"https:\/\/focolares.es\/wp-content\/uploads\/2025\/01\/Santa-Sofia-20.06.2024-comp.jpg\",\"contentUrl\":\"https:\/\/focolares.es\/wp-content\/uploads\/2025\/01\/Santa-Sofia-20.06.2024-comp.jpg\",\"width\":900,\"height\":600},{\"@type\":\"BreadcrumbList\",\"@id\":\"https:\/\/focolares.es\/agenda\/santa-sofia-la-gestacion-de-un-simbolo\/#breadcrumb\",\"itemListElement\":[{\"@type\":\"ListItem\",\"position\":1,\"name\":\"Portada\",\"item\":\"https:\/\/focolares.es\/\"},{\"@type\":\"ListItem\",\"position\":2,\"name\":\"Eventos\",\"item\":\"https:\/\/focolares.es\/events\/\"},{\"@type\":\"ListItem\",\"position\":3,\"name\":\"Santa Sof\u00eda: la gestaci\u00f3n de un s\u00edmbolo (online)\"}]},{\"@type\":\"WebSite\",\"@id\":\"https:\/\/focolares.es\/#website\",\"url\":\"https:\/\/focolares.es\/\",\"name\":\"Movimiento de los Focolares\",\"description\":\"\",\"publisher\":{\"@id\":\"https:\/\/focolares.es\/#organization\"},\"potentialAction\":[{\"@type\":\"SearchAction\",\"target\":{\"@type\":\"EntryPoint\",\"urlTemplate\":\"https:\/\/focolares.es\/?s={search_term_string}\"},\"query-input\":{\"@type\":\"PropertyValueSpecification\",\"valueRequired\":true,\"valueName\":\"search_term_string\"}}],\"inLanguage\":\"eu\"},{\"@type\":\"Organization\",\"@id\":\"https:\/\/focolares.es\/#organization\",\"name\":\"Movimiento de los Focolares\",\"url\":\"https:\/\/focolares.es\/\",\"logo\":{\"@type\":\"ImageObject\",\"inLanguage\":\"eu\",\"@id\":\"https:\/\/focolares.es\/#\/schema\/logo\/image\/\",\"url\":\"https:\/\/focolares.es\/wp-content\/uploads\/2024\/03\/Logo_focolares-1024x944-1.jpg\",\"contentUrl\":\"https:\/\/focolares.es\/wp-content\/uploads\/2024\/03\/Logo_focolares-1024x944-1.jpg\",\"width\":1024,\"height\":944,\"caption\":\"Movimiento de los Focolares\"},\"image\":{\"@id\":\"https:\/\/focolares.es\/#\/schema\/logo\/image\/\"}}]}<\/script>\n<!-- \/ Yoast SEO plugin. -->","yoast_head_json":{"title":"Hagia Sophia: Sinbolo baten sorrera (online) - Focolare Mugimendua","description":"Fokolare Mugimendua Bizantziar kulturaren lan enblematiko honen kontzepziotik Konstantinoplako inauguraziora arte.","robots":{"index":"index","follow":"follow","max-snippet":"max-snippet:-1","max-image-preview":"max-image-preview:large","max-video-preview":"max-video-preview:-1"},"canonical":"https:\/\/focolares.es\/eu\/agenda\/santa-sofia-sinbolo-baten-sorrera\/","og_locale":"en_US","og_type":"article","og_title":"Santa Sof\u00eda: la gestaci\u00f3n de un s\u00edmbolo (online) - Movimiento de los Focolares","og_description":"Movimiento de los Focolares Desde la gestaci\u00f3n a la inauguraci\u00f3n de esta obra emblem\u00e1tica de la cultura bizantina en Constantinopla.","og_url":"https:\/\/focolares.es\/eu\/agenda\/santa-sofia-sinbolo-baten-sorrera\/","og_site_name":"Movimiento de los Focolares","article_modified_time":"2025-05-08T10:42:32+00:00","og_image":[{"width":900,"height":600,"url":"https:\/\/focolares.es\/wp-content\/uploads\/2025\/01\/Santa-Sofia-20.06.2024-comp.jpg","type":"image\/jpeg"}],"twitter_card":"summary_large_image","twitter_misc":{"Est. reading time":"2 minutua"},"schema":{"@context":"https:\/\/schema.org","@graph":[{"@type":"WebPage","@id":"https:\/\/focolares.es\/agenda\/santa-sofia-la-gestacion-de-un-simbolo\/","url":"https:\/\/focolares.es\/agenda\/santa-sofia-la-gestacion-de-un-simbolo\/","name":"Hagia Sophia: Sinbolo baten sorrera (online) - Focolare Mugimendua","isPartOf":{"@id":"https:\/\/focolares.es\/#website"},"primaryImageOfPage":{"@id":"https:\/\/focolares.es\/agenda\/santa-sofia-la-gestacion-de-un-simbolo\/#primaryimage"},"image":{"@id":"https:\/\/focolares.es\/agenda\/santa-sofia-la-gestacion-de-un-simbolo\/#primaryimage"},"thumbnailUrl":"https:\/\/focolares.es\/wp-content\/uploads\/2025\/01\/Santa-Sofia-20.06.2024-comp.jpg","datePublished":"2025-01-28T10:13:03+00:00","dateModified":"2025-05-08T10:42:32+00:00","description":"Fokolare Mugimendua Bizantziar kulturaren lan enblematiko honen kontzepziotik Konstantinoplako inauguraziora arte.","breadcrumb":{"@id":"https:\/\/focolares.es\/agenda\/santa-sofia-la-gestacion-de-un-simbolo\/#breadcrumb"},"inLanguage":"eu","potentialAction":[{"@type":"ReadAction","target":["https:\/\/focolares.es\/agenda\/santa-sofia-la-gestacion-de-un-simbolo\/"]}]},{"@type":"ImageObject","inLanguage":"eu","@id":"https:\/\/focolares.es\/agenda\/santa-sofia-la-gestacion-de-un-simbolo\/#primaryimage","url":"https:\/\/focolares.es\/wp-content\/uploads\/2025\/01\/Santa-Sofia-20.06.2024-comp.jpg","contentUrl":"https:\/\/focolares.es\/wp-content\/uploads\/2025\/01\/Santa-Sofia-20.06.2024-comp.jpg","width":900,"height":600},{"@type":"BreadcrumbList","@id":"https:\/\/focolares.es\/agenda\/santa-sofia-la-gestacion-de-un-simbolo\/#breadcrumb","itemListElement":[{"@type":"ListItem","position":1,"name":"Portada","item":"https:\/\/focolares.es\/"},{"@type":"ListItem","position":2,"name":"Eventos","item":"https:\/\/focolares.es\/events\/"},{"@type":"ListItem","position":3,"name":"Santa Sof\u00eda: la gestaci\u00f3n de un s\u00edmbolo (online)"}]},{"@type":"WebSite","@id":"https:\/\/focolares.es\/#website","url":"https:\/\/focolares.es\/","name":"Fokolareen Mugimenduaren","description":"","publisher":{"@id":"https:\/\/focolares.es\/#organization"},"potentialAction":[{"@type":"SearchAction","target":{"@type":"EntryPoint","urlTemplate":"https:\/\/focolares.es\/?s={search_term_string}"},"query-input":{"@type":"PropertyValueSpecification","valueRequired":true,"valueName":"search_term_string"}}],"inLanguage":"eu"},{"@type":"Organization","@id":"https:\/\/focolares.es\/#organization","name":"Fokolareen Mugimenduaren","url":"https:\/\/focolares.es\/","logo":{"@type":"ImageObject","inLanguage":"eu","@id":"https:\/\/focolares.es\/#\/schema\/logo\/image\/","url":"https:\/\/focolares.es\/wp-content\/uploads\/2024\/03\/Logo_focolares-1024x944-1.jpg","contentUrl":"https:\/\/focolares.es\/wp-content\/uploads\/2024\/03\/Logo_focolares-1024x944-1.jpg","width":1024,"height":944,"caption":"Movimiento de los Focolares"},"image":{"@id":"https:\/\/focolares.es\/#\/schema\/logo\/image\/"}}]}},"ticketed":false,"_links":{"self":[{"href":"https:\/\/focolares.es\/eu\/wp-json\/wp\/v2\/tribe_events\/14693","targetHints":{"allow":["GET"]}}],"collection":[{"href":"https:\/\/focolares.es\/eu\/wp-json\/wp\/v2\/tribe_events"}],"about":[{"href":"https:\/\/focolares.es\/eu\/wp-json\/wp\/v2\/types\/tribe_events"}],"author":[{"embeddable":true,"href":"https:\/\/focolares.es\/eu\/wp-json\/wp\/v2\/users\/1"}],"version-history":[{"count":5,"href":"https:\/\/focolares.es\/eu\/wp-json\/wp\/v2\/tribe_events\/14693\/revisions"}],"predecessor-version":[{"id":16219,"href":"https:\/\/focolares.es\/eu\/wp-json\/wp\/v2\/tribe_events\/14693\/revisions\/16219"}],"wp:featuredmedia":[{"embeddable":true,"href":"https:\/\/focolares.es\/eu\/wp-json\/wp\/v2\/media\/14696"}],"wp:attachment":[{"href":"https:\/\/focolares.es\/eu\/wp-json\/wp\/v2\/media?parent=14693"}],"wp:term":[{"taxonomy":"post_tag","embeddable":true,"href":"https:\/\/focolares.es\/eu\/wp-json\/wp\/v2\/tags?post=14693"},{"taxonomy":"tribe_events_cat","embeddable":true,"href":"https:\/\/focolares.es\/eu\/wp-json\/wp\/v2\/tribe_events_cat?post=14693"}],"curies":[{"name":"wp","href":"https:\/\/api.w.org\/{rel}","templated":true}]}}

<!-- This site is optimized with the Yoast SEO plugin v27.2 - https://yoast.com/product/yoast-seo-wordpress/ -->
<title>Santa Sofía: la gestación de un símbolo (online) - Movimiento de los Focolares</title>
<meta name="description" content="Movimiento de los Focolares Desde la gestación a la inauguración de esta obra emblemática de la cultura bizantina en Constantinopla." />
<meta name="robots" content="index, follow, max-snippet:-1, max-image-preview:large, max-video-preview:-1" />
<link rel="canonical" href="https://focolares.es/eu/agenda/santa-sofia-sinbolo-baten-sorrera/" />
<meta property="og:locale" content="en_US" />
<meta property="og:type" content="article" />
<meta property="og:title" content="Santa Sofía: la gestación de un símbolo (online) - Movimiento de los Focolares" />
<meta property="og:description" content="Movimiento de los Focolares Desde la gestación a la inauguración de esta obra emblemática de la cultura bizantina en Constantinopla." />
<meta property="og:url" content="https://focolares.es/eu/agenda/santa-sofia-sinbolo-baten-sorrera/" />
<meta property="og:site_name" content="Movimiento de los Focolares" />
<meta property="article:modified_time" content="2025-05-08T10:42:32+00:00" />
<meta property="og:image" content="https://focolares.es/wp-content/uploads/2025/01/Santa-Sofia-20.06.2024-comp.jpg" />
	<meta property="og:image:width" content="900" />
	<meta property="og:image:height" content="600" />
	<meta property="og:image:type" content="image/jpeg" />
<meta name="twitter:card" content="summary_large_image" />
<meta name="twitter:label1" content="Est. reading time" />
	<meta name="twitter:data1" content="2 minutua" />
<script type="application/ld+json" class="yoast-schema-graph">{"@context":"https://schema.org","@graph":[{"@type":"WebPage","@id":"https://focolares.es/agenda/santa-sofia-la-gestacion-de-un-simbolo/","url":"https://focolares.es/agenda/santa-sofia-la-gestacion-de-un-simbolo/","name":"Santa Sofía: la gestación de un símbolo (online) - Movimiento de los Focolares","isPartOf":{"@id":"https://focolares.es/#website"},"primaryImageOfPage":{"@id":"https://focolares.es/agenda/santa-sofia-la-gestacion-de-un-simbolo/#primaryimage"},"image":{"@id":"https://focolares.es/agenda/santa-sofia-la-gestacion-de-un-simbolo/#primaryimage"},"thumbnailUrl":"https://focolares.es/wp-content/uploads/2025/01/Santa-Sofia-20.06.2024-comp.jpg","datePublished":"2025-01-28T10:13:03+00:00","dateModified":"2025-05-08T10:42:32+00:00","description":"Movimiento de los Focolares Desde la gestación a la inauguración de esta obra emblemática de la cultura bizantina en Constantinopla.","breadcrumb":{"@id":"https://focolares.es/agenda/santa-sofia-la-gestacion-de-un-simbolo/#breadcrumb"},"inLanguage":"eu","potentialAction":[{"@type":"ReadAction","target":["https://focolares.es/agenda/santa-sofia-la-gestacion-de-un-simbolo/"]}]},{"@type":"ImageObject","inLanguage":"eu","@id":"https://focolares.es/agenda/santa-sofia-la-gestacion-de-un-simbolo/#primaryimage","url":"https://focolares.es/wp-content/uploads/2025/01/Santa-Sofia-20.06.2024-comp.jpg","contentUrl":"https://focolares.es/wp-content/uploads/2025/01/Santa-Sofia-20.06.2024-comp.jpg","width":900,"height":600},{"@type":"BreadcrumbList","@id":"https://focolares.es/agenda/santa-sofia-la-gestacion-de-un-simbolo/#breadcrumb","itemListElement":[{"@type":"ListItem","position":1,"name":"Portada","item":"https://focolares.es/"},{"@type":"ListItem","position":2,"name":"Eventos","item":"https://focolares.es/events/"},{"@type":"ListItem","position":3,"name":"Santa Sofía: la gestación de un símbolo (online)"}]},{"@type":"WebSite","@id":"https://focolares.es/#website","url":"https://focolares.es/","name":"Movimiento de los Focolares","description":"","publisher":{"@id":"https://focolares.es/#organization"},"potentialAction":[{"@type":"SearchAction","target":{"@type":"EntryPoint","urlTemplate":"https://focolares.es/?s={search_term_string}"},"query-input":{"@type":"PropertyValueSpecification","valueRequired":true,"valueName":"search_term_string"}}],"inLanguage":"eu"},{"@type":"Organization","@id":"https://focolares.es/#organization","name":"Movimiento de los Focolares","url":"https://focolares.es/","logo":{"@type":"ImageObject","inLanguage":"eu","@id":"https://focolares.es/#/schema/logo/image/","url":"https://focolares.es/wp-content/uploads/2024/03/Logo_focolares-1024x944-1.jpg","contentUrl":"https://focolares.es/wp-content/uploads/2024/03/Logo_focolares-1024x944-1.jpg","width":1024,"height":944,"caption":"Movimiento de los Focolares"},"image":{"@id":"https://focolares.es/#/schema/logo/image/"}}]}</script>
<!-- / Yoast SEO plugin. -->

Santa Sofía: la gestación de un símbolo (online) - Movimiento de los Focolares

Movimiento de los Focolares Desde la gestación a la inauguración de esta obra emblemática de la cultura bizantina en Constantinopla.

Santa Sofía: la gestación de un símbolo (online)
