{"id":17275,"date":"2025-07-20T23:50:55","date_gmt":"2025-07-20T21:50:55","guid":{"rendered":"https:\/\/focolares.es\/?post_type=tribe_events&#038;p=17275"},"modified":"2025-07-23T13:36:12","modified_gmt":"2025-07-23T11:36:12","slug":"labart-bizirik-pentsatzen-egitea","status":"publish","type":"tribe_events","link":"https:\/\/focolares.es\/eu\/agenda\/labart-living-thinking-making\/","title":{"rendered":"LabArt: Living, thinking, making"},"content":{"rendered":"<h4 class=\"wp-block-heading\">Prest zerbait handi baten parte izateko?<\/h4>\n<p>artean bazaude\u00a0<strong>18 eta 35 urte<\/strong>\u00a0Eta artea zure pasioa da, hau zure denbora eta zure lekua da. Inspiratu zaitez, ikasi eta konektatu mundu osoko artista gazteekin mugarik gabeko bilkura batean. Partekatu zure lana, zure esperientzia eta garatu zure sormena komunitate bizigarri batean.<\/p>\n<p><strong>Zuen zain gaude!<\/strong><\/p>\n<p><a href=\"https:\/\/labart25.com\/inicio\/\" target=\"_blank\" rel=\"noopener\">Informazio gehiago eta izen-ematea<\/a><\/p>","protected":false},"excerpt":{"rendered":"<p>Nazioarteko artista gazteen kongresua<\/p>","protected":false},"author":11,"featured_media":17278,"template":"","meta":{"_price":"","_stock":"","_tribe_ticket_header":"","_tribe_default_ticket_provider":"TEC\\Tickets\\Commerce\\Module","_tribe_ticket_capacity":"0","_ticket_start_date":"","_ticket_end_date":"","_tribe_ticket_show_description":"","_tribe_ticket_show_not_going":false,"_tribe_ticket_use_global_stock":"","_tribe_ticket_global_stock_level":"","_global_stock_mode":"","_global_stock_cap":"","_tribe_rsvp_for_event":"","_tribe_ticket_going_count":"","_tribe_ticket_not_going_count":"","_tribe_tickets_list":"[]","_tribe_ticket_has_attendee_info_fields":false,"_tribe_events_status":"","_tribe_events_status_reason":"","footnotes":"","_tec_slr_enabled":"","_tec_slr_layout":""},"tags":[63],"tribe_events_cat":[],"class_list":["post-17275","tribe_events","type-tribe_events","status-publish","has-post-thumbnail","hentry","tag-arte"],"yoast_head":"<!-- This site is optimized with the Yoast SEO plugin v27.2 - https:\/\/yoast.com\/product\/yoast-seo-wordpress\/ -->\n<title>LabArt: Living, thinking, making - Movimiento de los Focolares<\/title>\n<meta name=\"description\" content=\"Si tienes entre\u00a018 y 35 a\u00f1os\u00a0y el arte es tu pasi\u00f3n, este es tu momento y tu lugar. Insp\u00edrate, aprende y conecta con j\u00f3venes artistas.\" \/>\n<meta name=\"robots\" content=\"index, follow, max-snippet:-1, max-image-preview:large, max-video-preview:-1\" \/>\n<link rel=\"canonical\" href=\"https:\/\/focolares.es\/eu\/agenda\/labart-bizirik-pentsatzen-egitea\/\" \/>\n<meta property=\"og:locale\" content=\"en_US\" \/>\n<meta property=\"og:type\" content=\"article\" \/>\n<meta property=\"og:title\" content=\"LabArt: Living, thinking, making - Movimiento de los Focolares\" \/>\n<meta property=\"og:description\" content=\"Si tienes entre\u00a018 y 35 a\u00f1os\u00a0y el arte es tu pasi\u00f3n, este es tu momento y tu lugar. Insp\u00edrate, aprende y conecta con j\u00f3venes artistas.\" \/>\n<meta property=\"og:url\" content=\"https:\/\/focolares.es\/eu\/agenda\/labart-bizirik-pentsatzen-egitea\/\" \/>\n<meta property=\"og:site_name\" content=\"Movimiento de los Focolares\" \/>\n<meta property=\"article:modified_time\" content=\"2025-07-23T11:36:12+00:00\" \/>\n<meta property=\"og:image\" content=\"https:\/\/focolares.es\/wp-content\/uploads\/2025\/07\/IMG-LabArt.jpg\" \/>\n\t<meta property=\"og:image:width\" content=\"1006\" \/>\n\t<meta property=\"og:image:height\" content=\"565\" \/>\n\t<meta property=\"og:image:type\" content=\"image\/jpeg\" \/>\n<meta name=\"twitter:card\" content=\"summary_large_image\" \/>\n<meta name=\"twitter:label1\" content=\"Est. reading time\" \/>\n\t<meta name=\"twitter:data1\" content=\"1 minutua\" \/>\n<script type=\"application\/ld+json\" class=\"yoast-schema-graph\">{\"@context\":\"https:\/\/schema.org\",\"@graph\":[{\"@type\":\"WebPage\",\"@id\":\"https:\/\/focolares.es\/agenda\/labart-living-thinking-making\/\",\"url\":\"https:\/\/focolares.es\/agenda\/labart-living-thinking-making\/\",\"name\":\"LabArt: Living, thinking, making - Movimiento de los Focolares\",\"isPartOf\":{\"@id\":\"https:\/\/focolares.es\/#website\"},\"primaryImageOfPage\":{\"@id\":\"https:\/\/focolares.es\/agenda\/labart-living-thinking-making\/#primaryimage\"},\"image\":{\"@id\":\"https:\/\/focolares.es\/agenda\/labart-living-thinking-making\/#primaryimage\"},\"thumbnailUrl\":\"https:\/\/focolares.es\/wp-content\/uploads\/2025\/07\/IMG-LabArt.jpg\",\"datePublished\":\"2025-07-20T21:50:55+00:00\",\"dateModified\":\"2025-07-23T11:36:12+00:00\",\"description\":\"Si tienes entre\u00a018 y 35 a\u00f1os\u00a0y el arte es tu pasi\u00f3n, este es tu momento y tu lugar. Insp\u00edrate, aprende y conecta con j\u00f3venes artistas.\",\"breadcrumb\":{\"@id\":\"https:\/\/focolares.es\/agenda\/labart-living-thinking-making\/#breadcrumb\"},\"inLanguage\":\"eu\",\"potentialAction\":[{\"@type\":\"ReadAction\",\"target\":[\"https:\/\/focolares.es\/agenda\/labart-living-thinking-making\/\"]}]},{\"@type\":\"ImageObject\",\"inLanguage\":\"eu\",\"@id\":\"https:\/\/focolares.es\/agenda\/labart-living-thinking-making\/#primaryimage\",\"url\":\"https:\/\/focolares.es\/wp-content\/uploads\/2025\/07\/IMG-LabArt.jpg\",\"contentUrl\":\"https:\/\/focolares.es\/wp-content\/uploads\/2025\/07\/IMG-LabArt.jpg\",\"width\":1006,\"height\":565},{\"@type\":\"BreadcrumbList\",\"@id\":\"https:\/\/focolares.es\/agenda\/labart-living-thinking-making\/#breadcrumb\",\"itemListElement\":[{\"@type\":\"ListItem\",\"position\":1,\"name\":\"Portada\",\"item\":\"https:\/\/focolares.es\/\"},{\"@type\":\"ListItem\",\"position\":2,\"name\":\"Eventos\",\"item\":\"https:\/\/focolares.es\/events\/\"},{\"@type\":\"ListItem\",\"position\":3,\"name\":\"LabArt: Living, thinking, making\"}]},{\"@type\":\"WebSite\",\"@id\":\"https:\/\/focolares.es\/#website\",\"url\":\"https:\/\/focolares.es\/\",\"name\":\"Movimiento de los Focolares\",\"description\":\"\",\"publisher\":{\"@id\":\"https:\/\/focolares.es\/#organization\"},\"potentialAction\":[{\"@type\":\"SearchAction\",\"target\":{\"@type\":\"EntryPoint\",\"urlTemplate\":\"https:\/\/focolares.es\/?s={search_term_string}\"},\"query-input\":{\"@type\":\"PropertyValueSpecification\",\"valueRequired\":true,\"valueName\":\"search_term_string\"}}],\"inLanguage\":\"eu\"},{\"@type\":\"Organization\",\"@id\":\"https:\/\/focolares.es\/#organization\",\"name\":\"Movimiento de los Focolares\",\"url\":\"https:\/\/focolares.es\/\",\"logo\":{\"@type\":\"ImageObject\",\"inLanguage\":\"eu\",\"@id\":\"https:\/\/focolares.es\/#\/schema\/logo\/image\/\",\"url\":\"https:\/\/focolares.es\/wp-content\/uploads\/2024\/03\/Logo_focolares-1024x944-1.jpg\",\"contentUrl\":\"https:\/\/focolares.es\/wp-content\/uploads\/2024\/03\/Logo_focolares-1024x944-1.jpg\",\"width\":1024,\"height\":944,\"caption\":\"Movimiento de los Focolares\"},\"image\":{\"@id\":\"https:\/\/focolares.es\/#\/schema\/logo\/image\/\"}}]}<\/script>\n<!-- \/ Yoast SEO plugin. -->","yoast_head_json":{"title":"LabArt: Bizi, pentsatu, egin - Fokolare Mugimendua","description":"18 eta 35 urte bitartean badituzu eta artea zure pasioa bada, hau da zure unea eta lekua. Inspiratu zaitez, ikasi eta konektatu artista gazteekin.","robots":{"index":"index","follow":"follow","max-snippet":"max-snippet:-1","max-image-preview":"max-image-preview:large","max-video-preview":"max-video-preview:-1"},"canonical":"https:\/\/focolares.es\/eu\/agenda\/labart-bizirik-pentsatzen-egitea\/","og_locale":"en_US","og_type":"article","og_title":"LabArt: Living, thinking, making - Movimiento de los Focolares","og_description":"Si tienes entre\u00a018 y 35 a\u00f1os\u00a0y el arte es tu pasi\u00f3n, este es tu momento y tu lugar. Insp\u00edrate, aprende y conecta con j\u00f3venes artistas.","og_url":"https:\/\/focolares.es\/eu\/agenda\/labart-bizirik-pentsatzen-egitea\/","og_site_name":"Movimiento de los Focolares","article_modified_time":"2025-07-23T11:36:12+00:00","og_image":[{"width":1006,"height":565,"url":"https:\/\/focolares.es\/wp-content\/uploads\/2025\/07\/IMG-LabArt.jpg","type":"image\/jpeg"}],"twitter_card":"summary_large_image","twitter_misc":{"Est. reading time":"1 minutua"},"schema":{"@context":"https:\/\/schema.org","@graph":[{"@type":"WebPage","@id":"https:\/\/focolares.es\/agenda\/labart-living-thinking-making\/","url":"https:\/\/focolares.es\/agenda\/labart-living-thinking-making\/","name":"LabArt: Bizi, pentsatu, egin - Fokolare Mugimendua","isPartOf":{"@id":"https:\/\/focolares.es\/#website"},"primaryImageOfPage":{"@id":"https:\/\/focolares.es\/agenda\/labart-living-thinking-making\/#primaryimage"},"image":{"@id":"https:\/\/focolares.es\/agenda\/labart-living-thinking-making\/#primaryimage"},"thumbnailUrl":"https:\/\/focolares.es\/wp-content\/uploads\/2025\/07\/IMG-LabArt.jpg","datePublished":"2025-07-20T21:50:55+00:00","dateModified":"2025-07-23T11:36:12+00:00","description":"18 eta 35 urte bitartean badituzu eta artea zure pasioa bada, hau da zure unea eta lekua. Inspiratu zaitez, ikasi eta konektatu artista gazteekin.","breadcrumb":{"@id":"https:\/\/focolares.es\/agenda\/labart-living-thinking-making\/#breadcrumb"},"inLanguage":"eu","potentialAction":[{"@type":"ReadAction","target":["https:\/\/focolares.es\/agenda\/labart-living-thinking-making\/"]}]},{"@type":"ImageObject","inLanguage":"eu","@id":"https:\/\/focolares.es\/agenda\/labart-living-thinking-making\/#primaryimage","url":"https:\/\/focolares.es\/wp-content\/uploads\/2025\/07\/IMG-LabArt.jpg","contentUrl":"https:\/\/focolares.es\/wp-content\/uploads\/2025\/07\/IMG-LabArt.jpg","width":1006,"height":565},{"@type":"BreadcrumbList","@id":"https:\/\/focolares.es\/agenda\/labart-living-thinking-making\/#breadcrumb","itemListElement":[{"@type":"ListItem","position":1,"name":"Portada","item":"https:\/\/focolares.es\/"},{"@type":"ListItem","position":2,"name":"Eventos","item":"https:\/\/focolares.es\/events\/"},{"@type":"ListItem","position":3,"name":"LabArt: Living, thinking, making"}]},{"@type":"WebSite","@id":"https:\/\/focolares.es\/#website","url":"https:\/\/focolares.es\/","name":"Fokolareen Mugimenduaren","description":"","publisher":{"@id":"https:\/\/focolares.es\/#organization"},"potentialAction":[{"@type":"SearchAction","target":{"@type":"EntryPoint","urlTemplate":"https:\/\/focolares.es\/?s={search_term_string}"},"query-input":{"@type":"PropertyValueSpecification","valueRequired":true,"valueName":"search_term_string"}}],"inLanguage":"eu"},{"@type":"Organization","@id":"https:\/\/focolares.es\/#organization","name":"Fokolareen Mugimenduaren","url":"https:\/\/focolares.es\/","logo":{"@type":"ImageObject","inLanguage":"eu","@id":"https:\/\/focolares.es\/#\/schema\/logo\/image\/","url":"https:\/\/focolares.es\/wp-content\/uploads\/2024\/03\/Logo_focolares-1024x944-1.jpg","contentUrl":"https:\/\/focolares.es\/wp-content\/uploads\/2024\/03\/Logo_focolares-1024x944-1.jpg","width":1024,"height":944,"caption":"Movimiento de los Focolares"},"image":{"@id":"https:\/\/focolares.es\/#\/schema\/logo\/image\/"}}]}},"ticketed":false,"_links":{"self":[{"href":"https:\/\/focolares.es\/eu\/wp-json\/wp\/v2\/tribe_events\/17275","targetHints":{"allow":["GET"]}}],"collection":[{"href":"https:\/\/focolares.es\/eu\/wp-json\/wp\/v2\/tribe_events"}],"about":[{"href":"https:\/\/focolares.es\/eu\/wp-json\/wp\/v2\/types\/tribe_events"}],"author":[{"embeddable":true,"href":"https:\/\/focolares.es\/eu\/wp-json\/wp\/v2\/users\/11"}],"version-history":[{"count":5,"href":"https:\/\/focolares.es\/eu\/wp-json\/wp\/v2\/tribe_events\/17275\/revisions"}],"predecessor-version":[{"id":17285,"href":"https:\/\/focolares.es\/eu\/wp-json\/wp\/v2\/tribe_events\/17275\/revisions\/17285"}],"wp:featuredmedia":[{"embeddable":true,"href":"https:\/\/focolares.es\/eu\/wp-json\/wp\/v2\/media\/17278"}],"wp:attachment":[{"href":"https:\/\/focolares.es\/eu\/wp-json\/wp\/v2\/media?parent=17275"}],"wp:term":[{"taxonomy":"post_tag","embeddable":true,"href":"https:\/\/focolares.es\/eu\/wp-json\/wp\/v2\/tags?post=17275"},{"taxonomy":"tribe_events_cat","embeddable":true,"href":"https:\/\/focolares.es\/eu\/wp-json\/wp\/v2\/tribe_events_cat?post=17275"}],"curies":[{"name":"wp","href":"https:\/\/api.w.org\/{rel}","templated":true}]}}

<!-- This site is optimized with the Yoast SEO plugin v27.2 - https://yoast.com/product/yoast-seo-wordpress/ -->
<title>LabArt: Living, thinking, making - Movimiento de los Focolares</title>
<meta name="description" content="Si tienes entre 18 y 35 años y el arte es tu pasión, este es tu momento y tu lugar. Inspírate, aprende y conecta con jóvenes artistas." />
<meta name="robots" content="index, follow, max-snippet:-1, max-image-preview:large, max-video-preview:-1" />
<link rel="canonical" href="https://focolares.es/eu/agenda/labart-bizirik-pentsatzen-egitea/" />
<meta property="og:locale" content="en_US" />
<meta property="og:type" content="article" />
<meta property="og:title" content="LabArt: Living, thinking, making - Movimiento de los Focolares" />
<meta property="og:description" content="Si tienes entre 18 y 35 años y el arte es tu pasión, este es tu momento y tu lugar. Inspírate, aprende y conecta con jóvenes artistas." />
<meta property="og:url" content="https://focolares.es/eu/agenda/labart-bizirik-pentsatzen-egitea/" />
<meta property="og:site_name" content="Movimiento de los Focolares" />
<meta property="article:modified_time" content="2025-07-23T11:36:12+00:00" />
<meta property="og:image" content="https://focolares.es/wp-content/uploads/2025/07/IMG-LabArt.jpg" />
	<meta property="og:image:width" content="1006" />
	<meta property="og:image:height" content="565" />
	<meta property="og:image:type" content="image/jpeg" />
<meta name="twitter:card" content="summary_large_image" />
<meta name="twitter:label1" content="Est. reading time" />
	<meta name="twitter:data1" content="1 minutua" />
<script type="application/ld+json" class="yoast-schema-graph">{"@context":"https://schema.org","@graph":[{"@type":"WebPage","@id":"https://focolares.es/agenda/labart-living-thinking-making/","url":"https://focolares.es/agenda/labart-living-thinking-making/","name":"LabArt: Living, thinking, making - Movimiento de los Focolares","isPartOf":{"@id":"https://focolares.es/#website"},"primaryImageOfPage":{"@id":"https://focolares.es/agenda/labart-living-thinking-making/#primaryimage"},"image":{"@id":"https://focolares.es/agenda/labart-living-thinking-making/#primaryimage"},"thumbnailUrl":"https://focolares.es/wp-content/uploads/2025/07/IMG-LabArt.jpg","datePublished":"2025-07-20T21:50:55+00:00","dateModified":"2025-07-23T11:36:12+00:00","description":"Si tienes entre 18 y 35 años y el arte es tu pasión, este es tu momento y tu lugar. Inspírate, aprende y conecta con jóvenes artistas.","breadcrumb":{"@id":"https://focolares.es/agenda/labart-living-thinking-making/#breadcrumb"},"inLanguage":"eu","potentialAction":[{"@type":"ReadAction","target":["https://focolares.es/agenda/labart-living-thinking-making/"]}]},{"@type":"ImageObject","inLanguage":"eu","@id":"https://focolares.es/agenda/labart-living-thinking-making/#primaryimage","url":"https://focolares.es/wp-content/uploads/2025/07/IMG-LabArt.jpg","contentUrl":"https://focolares.es/wp-content/uploads/2025/07/IMG-LabArt.jpg","width":1006,"height":565},{"@type":"BreadcrumbList","@id":"https://focolares.es/agenda/labart-living-thinking-making/#breadcrumb","itemListElement":[{"@type":"ListItem","position":1,"name":"Portada","item":"https://focolares.es/"},{"@type":"ListItem","position":2,"name":"Eventos","item":"https://focolares.es/events/"},{"@type":"ListItem","position":3,"name":"LabArt: Living, thinking, making"}]},{"@type":"WebSite","@id":"https://focolares.es/#website","url":"https://focolares.es/","name":"Movimiento de los Focolares","description":"","publisher":{"@id":"https://focolares.es/#organization"},"potentialAction":[{"@type":"SearchAction","target":{"@type":"EntryPoint","urlTemplate":"https://focolares.es/?s={search_term_string}"},"query-input":{"@type":"PropertyValueSpecification","valueRequired":true,"valueName":"search_term_string"}}],"inLanguage":"eu"},{"@type":"Organization","@id":"https://focolares.es/#organization","name":"Movimiento de los Focolares","url":"https://focolares.es/","logo":{"@type":"ImageObject","inLanguage":"eu","@id":"https://focolares.es/#/schema/logo/image/","url":"https://focolares.es/wp-content/uploads/2024/03/Logo_focolares-1024x944-1.jpg","contentUrl":"https://focolares.es/wp-content/uploads/2024/03/Logo_focolares-1024x944-1.jpg","width":1024,"height":944,"caption":"Movimiento de los Focolares"},"image":{"@id":"https://focolares.es/#/schema/logo/image/"}}]}</script>
<!-- / Yoast SEO plugin. -->

Si tienes entre 18 y 35 años y el arte es tu pasión, este es tu momento y tu lugar. Inspírate, aprende y conecta con jóvenes artistas.
