{"id":17483,"date":"2025-08-30T18:17:34","date_gmt":"2025-08-30T16:17:34","guid":{"rendered":"https:\/\/focolares.es\/?post_type=tribe_events&#038;p=17483"},"modified":"2025-09-30T20:33:04","modified_gmt":"2025-09-30T18:33:04","slug":"klima-justiziarako-itxaropena-sarean-ematea","status":"publish","type":"tribe_events","link":"https:\/\/focolares.es\/eu\/agenda\/brindando-esperanza-por-la-justicia-climatica-online\/","title":{"rendered":"Klima-justiziarako itxaropena emanez (online)"},"content":{"rendered":"<p>Laudato Si\u2019ren 10. urteurrena eta klima aldaketari buruzko Parisko akordioa eta jubilazio urtea markatzen dituen aparteko urte honetan, borondate oneko familia global gisa elkartuko gara entziklikaren eraginari buruz elkarrekin hausnartzeko eta etorkizunerako bidea egiteko.<\/p>\n<p><strong>Urriak 1<\/strong>: Leon XIV.a Aita Santuak amankomuneko gure etxerako itxaropen-ospakizuna zuzenduko du.<\/p>\n<p><strong>Urriak 2 eta 3<\/strong>: Fedearen, mugimenduen, zientziaren eta politikaren arloetako liderrek Laudato Si'ren eraginari eta orain ekin ditzakegun ekintza eraginkorrenei buruz hausnartuko dute.<\/p>\n<p>Bat egin zuzeneko emanaldiarekin!<\/p>\n<p><a href=\"https:\/\/raisinghope.earth\/es\/conferencia-brindando-esperanza\/\">Informazioa eta izen-ematea<\/a><\/p>","protected":false},"excerpt":{"rendered":"<p>Hiru eguneko hausnarketa Laudato Si&#039; entziklikaren hamargarren urteurrenean<\/p>","protected":false},"author":11,"featured_media":17484,"template":"","meta":{"_price":"","_stock":"","_tribe_ticket_header":"","_tribe_default_ticket_provider":"TEC\\Tickets\\Commerce\\Module","_tribe_ticket_capacity":"0","_ticket_start_date":"","_ticket_end_date":"","_tribe_ticket_show_description":"","_tribe_ticket_show_not_going":false,"_tribe_ticket_use_global_stock":"","_tribe_ticket_global_stock_level":"","_global_stock_mode":"","_global_stock_cap":"","_tribe_rsvp_for_event":"","_tribe_ticket_going_count":"","_tribe_ticket_not_going_count":"","_tribe_tickets_list":"[]","_tribe_ticket_has_attendee_info_fields":false,"_tribe_events_status":"","_tribe_events_status_reason":"","footnotes":"","_tec_slr_enabled":"","_tec_slr_layout":""},"tags":[59],"tribe_events_cat":[],"class_list":["post-17483","tribe_events","type-tribe_events","status-publish","has-post-thumbnail","hentry","tag-humanidades-y-pensamiento"],"yoast_head":"<!-- This site is optimized with the Yoast SEO plugin v27.2 - https:\/\/yoast.com\/product\/yoast-seo-wordpress\/ -->\n<title>Brindando esperanza por la justicia clim\u00e1tica (online) - Movimiento de los Focolares<\/title>\n<meta name=\"description\" content=\"Brindando esperanza: tres d\u00edas de reflexi\u00f3n con motivo del d\u00e9cimo aniversario de la enc\u00edclica Laudato S\u00ed\" \/>\n<meta name=\"robots\" content=\"index, follow, max-snippet:-1, max-image-preview:large, max-video-preview:-1\" \/>\n<link rel=\"canonical\" href=\"https:\/\/focolares.es\/eu\/agenda\/klima-justiziarako-itxaropena-sarean-ematea\/\" \/>\n<meta property=\"og:locale\" content=\"en_US\" \/>\n<meta property=\"og:type\" content=\"article\" \/>\n<meta property=\"og:title\" content=\"Brindando esperanza por la justicia clim\u00e1tica (online) - Movimiento de los Focolares\" \/>\n<meta property=\"og:description\" content=\"Brindando esperanza: tres d\u00edas de reflexi\u00f3n con motivo del d\u00e9cimo aniversario de la enc\u00edclica Laudato S\u00ed\" \/>\n<meta property=\"og:url\" content=\"https:\/\/focolares.es\/eu\/agenda\/klima-justiziarako-itxaropena-sarean-ematea\/\" \/>\n<meta property=\"og:site_name\" content=\"Movimiento de los Focolares\" \/>\n<meta property=\"article:modified_time\" content=\"2025-09-30T18:33:04+00:00\" \/>\n<meta property=\"og:image\" content=\"https:\/\/focolares.es\/wp-content\/uploads\/2025\/08\/IMG-Brindando-Esperanza.jpg\" \/>\n\t<meta property=\"og:image:width\" content=\"874\" \/>\n\t<meta property=\"og:image:height\" content=\"492\" \/>\n\t<meta property=\"og:image:type\" content=\"image\/jpeg\" \/>\n<meta name=\"twitter:card\" content=\"summary_large_image\" \/>\n<meta name=\"twitter:label1\" content=\"Est. reading time\" \/>\n\t<meta name=\"twitter:data1\" content=\"1 minutua\" \/>\n<script type=\"application\/ld+json\" class=\"yoast-schema-graph\">{\"@context\":\"https:\/\/schema.org\",\"@graph\":[{\"@type\":\"WebPage\",\"@id\":\"https:\/\/focolares.es\/agenda\/brindando-esperanza-por-la-justicia-climatica-online\/\",\"url\":\"https:\/\/focolares.es\/agenda\/brindando-esperanza-por-la-justicia-climatica-online\/\",\"name\":\"Brindando esperanza por la justicia clim\u00e1tica (online) - Movimiento de los Focolares\",\"isPartOf\":{\"@id\":\"https:\/\/focolares.es\/#website\"},\"primaryImageOfPage\":{\"@id\":\"https:\/\/focolares.es\/agenda\/brindando-esperanza-por-la-justicia-climatica-online\/#primaryimage\"},\"image\":{\"@id\":\"https:\/\/focolares.es\/agenda\/brindando-esperanza-por-la-justicia-climatica-online\/#primaryimage\"},\"thumbnailUrl\":\"https:\/\/focolares.es\/wp-content\/uploads\/2025\/08\/IMG-Brindando-Esperanza.jpg\",\"datePublished\":\"2025-08-30T16:17:34+00:00\",\"dateModified\":\"2025-09-30T18:33:04+00:00\",\"description\":\"Brindando esperanza: tres d\u00edas de reflexi\u00f3n con motivo del d\u00e9cimo aniversario de la enc\u00edclica Laudato S\u00ed\",\"breadcrumb\":{\"@id\":\"https:\/\/focolares.es\/agenda\/brindando-esperanza-por-la-justicia-climatica-online\/#breadcrumb\"},\"inLanguage\":\"eu\",\"potentialAction\":[{\"@type\":\"ReadAction\",\"target\":[\"https:\/\/focolares.es\/agenda\/brindando-esperanza-por-la-justicia-climatica-online\/\"]}]},{\"@type\":\"ImageObject\",\"inLanguage\":\"eu\",\"@id\":\"https:\/\/focolares.es\/agenda\/brindando-esperanza-por-la-justicia-climatica-online\/#primaryimage\",\"url\":\"https:\/\/focolares.es\/wp-content\/uploads\/2025\/08\/IMG-Brindando-Esperanza.jpg\",\"contentUrl\":\"https:\/\/focolares.es\/wp-content\/uploads\/2025\/08\/IMG-Brindando-Esperanza.jpg\",\"width\":874,\"height\":492},{\"@type\":\"BreadcrumbList\",\"@id\":\"https:\/\/focolares.es\/agenda\/brindando-esperanza-por-la-justicia-climatica-online\/#breadcrumb\",\"itemListElement\":[{\"@type\":\"ListItem\",\"position\":1,\"name\":\"Portada\",\"item\":\"https:\/\/focolares.es\/\"},{\"@type\":\"ListItem\",\"position\":2,\"name\":\"Eventos\",\"item\":\"https:\/\/focolares.es\/events\/\"},{\"@type\":\"ListItem\",\"position\":3,\"name\":\"Brindando esperanza por la justicia clim\u00e1tica (online)\"}]},{\"@type\":\"WebSite\",\"@id\":\"https:\/\/focolares.es\/#website\",\"url\":\"https:\/\/focolares.es\/\",\"name\":\"Movimiento de los Focolares\",\"description\":\"\",\"publisher\":{\"@id\":\"https:\/\/focolares.es\/#organization\"},\"potentialAction\":[{\"@type\":\"SearchAction\",\"target\":{\"@type\":\"EntryPoint\",\"urlTemplate\":\"https:\/\/focolares.es\/?s={search_term_string}\"},\"query-input\":{\"@type\":\"PropertyValueSpecification\",\"valueRequired\":true,\"valueName\":\"search_term_string\"}}],\"inLanguage\":\"eu\"},{\"@type\":\"Organization\",\"@id\":\"https:\/\/focolares.es\/#organization\",\"name\":\"Movimiento de los Focolares\",\"url\":\"https:\/\/focolares.es\/\",\"logo\":{\"@type\":\"ImageObject\",\"inLanguage\":\"eu\",\"@id\":\"https:\/\/focolares.es\/#\/schema\/logo\/image\/\",\"url\":\"https:\/\/focolares.es\/wp-content\/uploads\/2024\/03\/Logo_focolares-1024x944-1.jpg\",\"contentUrl\":\"https:\/\/focolares.es\/wp-content\/uploads\/2024\/03\/Logo_focolares-1024x944-1.jpg\",\"width\":1024,\"height\":944,\"caption\":\"Movimiento de los Focolares\"},\"image\":{\"@id\":\"https:\/\/focolares.es\/#\/schema\/logo\/image\/\"}}]}<\/script>\n<!-- \/ Yoast SEO plugin. -->","yoast_head_json":{"title":"Klima-justiziarako itxaropena emanez (online) - Fokular Mugimendua","description":"Itxaropena ekartzen: Hiru eguneko hausnarketa Laudato Si&#039; entziklikaren hamargarren urteurrenean","robots":{"index":"index","follow":"follow","max-snippet":"max-snippet:-1","max-image-preview":"max-image-preview:large","max-video-preview":"max-video-preview:-1"},"canonical":"https:\/\/focolares.es\/eu\/agenda\/klima-justiziarako-itxaropena-sarean-ematea\/","og_locale":"en_US","og_type":"article","og_title":"Brindando esperanza por la justicia clim\u00e1tica (online) - Movimiento de los Focolares","og_description":"Brindando esperanza: tres d\u00edas de reflexi\u00f3n con motivo del d\u00e9cimo aniversario de la enc\u00edclica Laudato S\u00ed","og_url":"https:\/\/focolares.es\/eu\/agenda\/klima-justiziarako-itxaropena-sarean-ematea\/","og_site_name":"Movimiento de los Focolares","article_modified_time":"2025-09-30T18:33:04+00:00","og_image":[{"width":874,"height":492,"url":"https:\/\/focolares.es\/wp-content\/uploads\/2025\/08\/IMG-Brindando-Esperanza.jpg","type":"image\/jpeg"}],"twitter_card":"summary_large_image","twitter_misc":{"Est. reading time":"1 minutua"},"schema":{"@context":"https:\/\/schema.org","@graph":[{"@type":"WebPage","@id":"https:\/\/focolares.es\/agenda\/brindando-esperanza-por-la-justicia-climatica-online\/","url":"https:\/\/focolares.es\/agenda\/brindando-esperanza-por-la-justicia-climatica-online\/","name":"Klima-justiziarako itxaropena emanez (online) - Fokular Mugimendua","isPartOf":{"@id":"https:\/\/focolares.es\/#website"},"primaryImageOfPage":{"@id":"https:\/\/focolares.es\/agenda\/brindando-esperanza-por-la-justicia-climatica-online\/#primaryimage"},"image":{"@id":"https:\/\/focolares.es\/agenda\/brindando-esperanza-por-la-justicia-climatica-online\/#primaryimage"},"thumbnailUrl":"https:\/\/focolares.es\/wp-content\/uploads\/2025\/08\/IMG-Brindando-Esperanza.jpg","datePublished":"2025-08-30T16:17:34+00:00","dateModified":"2025-09-30T18:33:04+00:00","description":"Itxaropena ekartzen: Hiru eguneko hausnarketa Laudato Si&#039; entziklikaren hamargarren urteurrenean","breadcrumb":{"@id":"https:\/\/focolares.es\/agenda\/brindando-esperanza-por-la-justicia-climatica-online\/#breadcrumb"},"inLanguage":"eu","potentialAction":[{"@type":"ReadAction","target":["https:\/\/focolares.es\/agenda\/brindando-esperanza-por-la-justicia-climatica-online\/"]}]},{"@type":"ImageObject","inLanguage":"eu","@id":"https:\/\/focolares.es\/agenda\/brindando-esperanza-por-la-justicia-climatica-online\/#primaryimage","url":"https:\/\/focolares.es\/wp-content\/uploads\/2025\/08\/IMG-Brindando-Esperanza.jpg","contentUrl":"https:\/\/focolares.es\/wp-content\/uploads\/2025\/08\/IMG-Brindando-Esperanza.jpg","width":874,"height":492},{"@type":"BreadcrumbList","@id":"https:\/\/focolares.es\/agenda\/brindando-esperanza-por-la-justicia-climatica-online\/#breadcrumb","itemListElement":[{"@type":"ListItem","position":1,"name":"Portada","item":"https:\/\/focolares.es\/"},{"@type":"ListItem","position":2,"name":"Eventos","item":"https:\/\/focolares.es\/events\/"},{"@type":"ListItem","position":3,"name":"Brindando esperanza por la justicia clim\u00e1tica (online)"}]},{"@type":"WebSite","@id":"https:\/\/focolares.es\/#website","url":"https:\/\/focolares.es\/","name":"Fokolareen Mugimenduaren","description":"","publisher":{"@id":"https:\/\/focolares.es\/#organization"},"potentialAction":[{"@type":"SearchAction","target":{"@type":"EntryPoint","urlTemplate":"https:\/\/focolares.es\/?s={search_term_string}"},"query-input":{"@type":"PropertyValueSpecification","valueRequired":true,"valueName":"search_term_string"}}],"inLanguage":"eu"},{"@type":"Organization","@id":"https:\/\/focolares.es\/#organization","name":"Fokolareen Mugimenduaren","url":"https:\/\/focolares.es\/","logo":{"@type":"ImageObject","inLanguage":"eu","@id":"https:\/\/focolares.es\/#\/schema\/logo\/image\/","url":"https:\/\/focolares.es\/wp-content\/uploads\/2024\/03\/Logo_focolares-1024x944-1.jpg","contentUrl":"https:\/\/focolares.es\/wp-content\/uploads\/2024\/03\/Logo_focolares-1024x944-1.jpg","width":1024,"height":944,"caption":"Movimiento de los Focolares"},"image":{"@id":"https:\/\/focolares.es\/#\/schema\/logo\/image\/"}}]}},"ticketed":false,"_links":{"self":[{"href":"https:\/\/focolares.es\/eu\/wp-json\/wp\/v2\/tribe_events\/17483","targetHints":{"allow":["GET"]}}],"collection":[{"href":"https:\/\/focolares.es\/eu\/wp-json\/wp\/v2\/tribe_events"}],"about":[{"href":"https:\/\/focolares.es\/eu\/wp-json\/wp\/v2\/types\/tribe_events"}],"author":[{"embeddable":true,"href":"https:\/\/focolares.es\/eu\/wp-json\/wp\/v2\/users\/11"}],"version-history":[{"count":7,"href":"https:\/\/focolares.es\/eu\/wp-json\/wp\/v2\/tribe_events\/17483\/revisions"}],"predecessor-version":[{"id":17867,"href":"https:\/\/focolares.es\/eu\/wp-json\/wp\/v2\/tribe_events\/17483\/revisions\/17867"}],"wp:featuredmedia":[{"embeddable":true,"href":"https:\/\/focolares.es\/eu\/wp-json\/wp\/v2\/media\/17484"}],"wp:attachment":[{"href":"https:\/\/focolares.es\/eu\/wp-json\/wp\/v2\/media?parent=17483"}],"wp:term":[{"taxonomy":"post_tag","embeddable":true,"href":"https:\/\/focolares.es\/eu\/wp-json\/wp\/v2\/tags?post=17483"},{"taxonomy":"tribe_events_cat","embeddable":true,"href":"https:\/\/focolares.es\/eu\/wp-json\/wp\/v2\/tribe_events_cat?post=17483"}],"curies":[{"name":"wp","href":"https:\/\/api.w.org\/{rel}","templated":true}]}}

<!-- This site is optimized with the Yoast SEO plugin v27.2 - https://yoast.com/product/yoast-seo-wordpress/ -->
<title>Brindando esperanza por la justicia climática (online) - Movimiento de los Focolares</title>
<meta name="description" content="Brindando esperanza: tres días de reflexión con motivo del décimo aniversario de la encíclica Laudato Sí" />
<meta name="robots" content="index, follow, max-snippet:-1, max-image-preview:large, max-video-preview:-1" />
<link rel="canonical" href="https://focolares.es/eu/agenda/klima-justiziarako-itxaropena-sarean-ematea/" />
<meta property="og:locale" content="en_US" />
<meta property="og:type" content="article" />
<meta property="og:title" content="Brindando esperanza por la justicia climática (online) - Movimiento de los Focolares" />
<meta property="og:description" content="Brindando esperanza: tres días de reflexión con motivo del décimo aniversario de la encíclica Laudato Sí" />
<meta property="og:url" content="https://focolares.es/eu/agenda/klima-justiziarako-itxaropena-sarean-ematea/" />
<meta property="og:site_name" content="Movimiento de los Focolares" />
<meta property="article:modified_time" content="2025-09-30T18:33:04+00:00" />
<meta property="og:image" content="https://focolares.es/wp-content/uploads/2025/08/IMG-Brindando-Esperanza.jpg" />
	<meta property="og:image:width" content="874" />
	<meta property="og:image:height" content="492" />
	<meta property="og:image:type" content="image/jpeg" />
<meta name="twitter:card" content="summary_large_image" />
<meta name="twitter:label1" content="Est. reading time" />
	<meta name="twitter:data1" content="1 minutua" />
<script type="application/ld+json" class="yoast-schema-graph">{"@context":"https://schema.org","@graph":[{"@type":"WebPage","@id":"https://focolares.es/agenda/brindando-esperanza-por-la-justicia-climatica-online/","url":"https://focolares.es/agenda/brindando-esperanza-por-la-justicia-climatica-online/","name":"Brindando esperanza por la justicia climática (online) - Movimiento de los Focolares","isPartOf":{"@id":"https://focolares.es/#website"},"primaryImageOfPage":{"@id":"https://focolares.es/agenda/brindando-esperanza-por-la-justicia-climatica-online/#primaryimage"},"image":{"@id":"https://focolares.es/agenda/brindando-esperanza-por-la-justicia-climatica-online/#primaryimage"},"thumbnailUrl":"https://focolares.es/wp-content/uploads/2025/08/IMG-Brindando-Esperanza.jpg","datePublished":"2025-08-30T16:17:34+00:00","dateModified":"2025-09-30T18:33:04+00:00","description":"Brindando esperanza: tres días de reflexión con motivo del décimo aniversario de la encíclica Laudato Sí","breadcrumb":{"@id":"https://focolares.es/agenda/brindando-esperanza-por-la-justicia-climatica-online/#breadcrumb"},"inLanguage":"eu","potentialAction":[{"@type":"ReadAction","target":["https://focolares.es/agenda/brindando-esperanza-por-la-justicia-climatica-online/"]}]},{"@type":"ImageObject","inLanguage":"eu","@id":"https://focolares.es/agenda/brindando-esperanza-por-la-justicia-climatica-online/#primaryimage","url":"https://focolares.es/wp-content/uploads/2025/08/IMG-Brindando-Esperanza.jpg","contentUrl":"https://focolares.es/wp-content/uploads/2025/08/IMG-Brindando-Esperanza.jpg","width":874,"height":492},{"@type":"BreadcrumbList","@id":"https://focolares.es/agenda/brindando-esperanza-por-la-justicia-climatica-online/#breadcrumb","itemListElement":[{"@type":"ListItem","position":1,"name":"Portada","item":"https://focolares.es/"},{"@type":"ListItem","position":2,"name":"Eventos","item":"https://focolares.es/events/"},{"@type":"ListItem","position":3,"name":"Brindando esperanza por la justicia climática (online)"}]},{"@type":"WebSite","@id":"https://focolares.es/#website","url":"https://focolares.es/","name":"Movimiento de los Focolares","description":"","publisher":{"@id":"https://focolares.es/#organization"},"potentialAction":[{"@type":"SearchAction","target":{"@type":"EntryPoint","urlTemplate":"https://focolares.es/?s={search_term_string}"},"query-input":{"@type":"PropertyValueSpecification","valueRequired":true,"valueName":"search_term_string"}}],"inLanguage":"eu"},{"@type":"Organization","@id":"https://focolares.es/#organization","name":"Movimiento de los Focolares","url":"https://focolares.es/","logo":{"@type":"ImageObject","inLanguage":"eu","@id":"https://focolares.es/#/schema/logo/image/","url":"https://focolares.es/wp-content/uploads/2024/03/Logo_focolares-1024x944-1.jpg","contentUrl":"https://focolares.es/wp-content/uploads/2024/03/Logo_focolares-1024x944-1.jpg","width":1024,"height":944,"caption":"Movimiento de los Focolares"},"image":{"@id":"https://focolares.es/#/schema/logo/image/"}}]}</script>
<!-- / Yoast SEO plugin. -->

Brindando esperanza por la justicia climática (online) - Movimiento de los Focolares

Brindando esperanza: tres días de reflexión con motivo del décimo aniversario de la encíclica Laudato Sí

Brindando esperanza por la justicia climática (online)
