{"version":"1.0","provider_name":"Movemento dos Focolares","provider_url":"https:\/\/focolares.es\/gl","author_name":"admin","author_url":"https:\/\/focolares.es\/gl\/author\/afesersl_mcjhk9wv\/","title":"Carta de identidad de la Econom\u00eda de Comuni\u00f3n - Movimiento de los Focolares","type":"rich","width":600,"height":338,"html":"<blockquote class=\"wp-embedded-content\" data-secret=\"RZGSaNmVfU\"><a href=\"https:\/\/focolares.es\/gl\/carta-de-identidad-de-la-economia-de-comunion\/\">Carn\u00e9 de Identidade da Econom\u00eda de Comuni\u00f3n<\/a><\/blockquote><iframe sandbox=\"allow-scripts\" security=\"restricted\" src=\"https:\/\/focolares.es\/gl\/carta-de-identidad-de-la-economia-de-comunion\/embed\/#?secret=RZGSaNmVfU\" width=\"600\" height=\"338\" title=\"&#8220;Carta de identidad de la Econom\u00eda de Comuni\u00f3n&#8221; &#8212; Movimiento de los Focolares\" data-secret=\"RZGSaNmVfU\" frameborder=\"0\" marginwidth=\"0\" marginheight=\"0\" scrolling=\"no\" class=\"wp-embedded-content\"><\/iframe><script>\n\/*! This file is auto-generated *\/\n!function(d,l){\"use strict\";l.querySelector&&d.addEventListener&&\"undefined\"!=typeof URL&&(d.wp=d.wp||{},d.wp.receiveEmbedMessage||(d.wp.receiveEmbedMessage=function(e){var t=e.data;if((t||t.secret||t.message||t.value)&&!\/[^a-zA-Z0-9]\/.test(t.secret)){for(var s,r,n,a=l.querySelectorAll('iframe[data-secret=\"'+t.secret+'\"]'),o=l.querySelectorAll('blockquote[data-secret=\"'+t.secret+'\"]'),c=new RegExp(\"^https?:$\",\"i\"),i=0;i<o.length;i++)o[i].style.display=\"none\";for(i=0;i<a.length;i++)s=a[i],e.source===s.contentWindow&&(s.removeAttribute(\"style\"),\"height\"===t.message?(1e3<(r=parseInt(t.value,10))?r=1e3:~~r<200&&(r=200),s.height=r):\"link\"===t.message&&(r=new URL(s.getAttribute(\"src\")),n=new URL(t.value),c.test(n.protocol))&&n.host===r.host&&l.activeElement===s&&(d.top.location.href=t.value))}},d.addEventListener(\"message\",d.wp.receiveEmbedMessage,!1),l.addEventListener(\"DOMContentLoaded\",function(){for(var e,t,s=l.querySelectorAll(\"iframe.wp-embedded-content\"),r=0;r<s.length;r++)(t=(e=s[r]).getAttribute(\"data-secret\"))||(t=Math.random().toString(36).substring(2,12),e.src+=\"#?secret=\"+t,e.setAttribute(\"data-secret\",t)),e.contentWindow.postMessage({message:\"ready\",secret:t},\"*\")},!1)))}(window,document);\n<\/script>","thumbnail_url":"https:\/\/focolares.es\/wp-content\/uploads\/2024\/03\/edc_logo30it.png","thumbnail_width":350,"thumbnail_height":391,"description":"a)&nbsp;un compromiso serio por parte del empresario o empresarios de iniciar un camino de comuni\u00f3n&nbsp;con la comisi\u00f3n local y con todo el movimiento de la EdC a nivel local e internacional, no s\u00f3lo como persona sino, en caso de ser empresario, como representante de la comunidad empresarial; b)&nbsp;compartir los objetivos del proyecto&nbsp;y los fines del Carisma de la Unidad del que la EdC es expresi\u00f3n; c)&nbsp;estar abierto a destinar las ganancias de la empresa, en caso de obtenerse,&nbsp;a los tres fines del proyecto, que son: ayuda concreta a los necesitados, formaci\u00f3n de \u201chombres nuevos\u201d, desarrollo de la empresa y\/o retribuci\u00f3n a los socios; d) dirigir la empresa inspir\u00e1ndose en la fraternidad, de acuerdo con el documento \u201cl\u00edneas para dirigir una empresa de la EdC\u201d; e) entender y&nbsp;vivir la relaci\u00f3n con las personas en situaci\u00f3n de necesidad en un plano de sustancial dignidad, respeto, igualdad, reciprocidad y comuni\u00f3n; f)&nbsp;concebir la propia empresa&nbsp;y\/o actividad&nbsp;como un lugar y un instrumento para reducir la indigencia, la miseria y la injusticia, tanto en el contexto local como global. https:\/\/www.edc-online.org\/es\/"}

Carta de identidad de la Economía de Comunión - Movimiento de los Focolares

<blockquote class="wp-embedded-content" data-secret="RZGSaNmVfU"><a href="https://focolares.es/gl/carta-de-identidad-de-la-economia-de-comunion/">Carné de Identidade da Economía de Comunión</a></blockquote><iframe sandbox="allow-scripts" security="restricted" src="https://focolares.es/gl/carta-de-identidad-de-la-economia-de-comunion/embed/#?secret=RZGSaNmVfU" width="600" height="338" title="&#8220;Carta de identidad de la Economía de Comunión&#8221; &#8212; Movimiento de los Focolares" data-secret="RZGSaNmVfU" frameborder="0" marginwidth="0" marginheight="0" scrolling="no" class="wp-embedded-content"></iframe><script>
/*! This file is auto-generated */
!function(d,l){"use strict";l.querySelector&&d.addEventListener&&"undefined"!=typeof URL&&(d.wp=d.wp||{},d.wp.receiveEmbedMessage||(d.wp.receiveEmbedMessage=function(e){var t=e.data;if((t||t.secret||t.message||t.value)&&!/[^a-zA-Z0-9]/.test(t.secret)){for(var s,r,n,a=l.querySelectorAll('iframe[data-secret="'+t.secret+'"]'),o=l.querySelectorAll('blockquote[data-secret="'+t.secret+'"]'),c=new RegExp("^https?:$","i"),i=0;i<o.length;i++)o[i].style.display="none";for(i=0;i<a.length;i++)s=a[i],e.source===s.contentWindow&&(s.removeAttribute("style"),"height"===t.message?(1e3<(r=parseInt(t.value,10))?r=1e3:~~r<200&&(r=200),s.height=r):"link"===t.message&&(r=new URL(s.getAttribute("src")),n=new URL(t.value),c.test(n.protocol))&&n.host===r.host&&l.activeElement===s&&(d.top.location.href=t.value))}},d.addEventListener("message",d.wp.receiveEmbedMessage,!1),l.addEventListener("DOMContentLoaded",function(){for(var e,t,s=l.querySelectorAll("iframe.wp-embedded-content"),r=0;r<s.length;r++)(t=(e=s[r]).getAttribute("data-secret"))||(t=Math.random().toString(36).substring(2,12),e.src+="#?secret="+t,e.setAttribute("data-secret",t)),e.contentWindow.postMessage({message:"ready",secret:t},"*")},!1)))}(window,document);
</script>

a)&nbsp;un compromiso serio por parte del empresario o empresarios de iniciar un camino de comunión&nbsp;con la comisión local y con todo el movimiento de la EdC a nivel local e internacional, no sólo como persona sino, en caso de ser empresario, como representante de la comunidad empresarial; b)&nbsp;compartir los objetivos del proyecto&nbsp;y los fines del Carisma de la Unidad del que la EdC es expresión; c)&nbsp;estar abierto a destinar las ganancias de la empresa, en caso de obtenerse,&nbsp;a los tres fines del proyecto, que son: ayuda concreta a los necesitados, formación de “hombres nuevos”, desarrollo de la empresa y/o retribución a los socios; d) dirigir la empresa inspirándose en la fraternidad, de acuerdo con el documento “líneas para dirigir una empresa de la EdC”; e) entender y&nbsp;vivir la relación con las personas en situación de necesidad en un plano de sustancial dignidad, respeto, igualdad, reciprocidad y comunión; f)&nbsp;concebir la propia empresa&nbsp;y/o actividad&nbsp;como un lugar y un instrumento para reducir la indigencia, la miseria y la injusticia, tanto en el contexto local como global. https://www.edc-online.org/es/
