{"version":"1.0","provider_name":"Movemento dos Focolares","provider_url":"https:\/\/focolares.es\/gl","author_name":"admin","author_url":"https:\/\/focolares.es\/gl\/author\/afesersl_mcjhk9wv\/","title":"Alubiada Ben\u00e9fica 2023 - Movimiento de los Focolares","type":"rich","width":600,"height":338,"html":"<blockquote class=\"wp-embedded-content\" data-secret=\"NTq2mLZALf\"><a href=\"https:\/\/focolares.es\/gl\/alubiada-benefica-2023\/\">Charity Bean Festival 2023<\/a><\/blockquote><iframe sandbox=\"allow-scripts\" security=\"restricted\" src=\"https:\/\/focolares.es\/gl\/alubiada-benefica-2023\/embed\/#?secret=NTq2mLZALf\" width=\"600\" height=\"338\" title=\"&#8220;Alubiada Ben\u00e9fica 2023&#8221; &#8212; Movimiento de los Focolares\" data-secret=\"NTq2mLZALf\" frameborder=\"0\" marginwidth=\"0\" marginheight=\"0\" scrolling=\"no\" class=\"wp-embedded-content\"><\/iframe><script>\n\/*! This file is auto-generated *\/\n!function(d,l){\"use strict\";l.querySelector&&d.addEventListener&&\"undefined\"!=typeof URL&&(d.wp=d.wp||{},d.wp.receiveEmbedMessage||(d.wp.receiveEmbedMessage=function(e){var t=e.data;if((t||t.secret||t.message||t.value)&&!\/[^a-zA-Z0-9]\/.test(t.secret)){for(var s,r,n,a=l.querySelectorAll('iframe[data-secret=\"'+t.secret+'\"]'),o=l.querySelectorAll('blockquote[data-secret=\"'+t.secret+'\"]'),c=new RegExp(\"^https?:$\",\"i\"),i=0;i<o.length;i++)o[i].style.display=\"none\";for(i=0;i<a.length;i++)s=a[i],e.source===s.contentWindow&&(s.removeAttribute(\"style\"),\"height\"===t.message?(1e3<(r=parseInt(t.value,10))?r=1e3:~~r<200&&(r=200),s.height=r):\"link\"===t.message&&(r=new URL(s.getAttribute(\"src\")),n=new URL(t.value),c.test(n.protocol))&&n.host===r.host&&l.activeElement===s&&(d.top.location.href=t.value))}},d.addEventListener(\"message\",d.wp.receiveEmbedMessage,!1),l.addEventListener(\"DOMContentLoaded\",function(){for(var e,t,s=l.querySelectorAll(\"iframe.wp-embedded-content\"),r=0;r<s.length;r++)(t=(e=s[r]).getAttribute(\"data-secret\"))||(t=Math.random().toString(36).substring(2,12),e.src+=\"#?secret=\"+t,e.setAttribute(\"data-secret\",t)),e.contentWindow.postMessage({message:\"ready\",secret:t},\"*\")},!1)))}(window,document);\n<\/script>","thumbnail_url":"https:\/\/focolares.es\/wp-content\/uploads\/2024\/03\/2023_Alubiada.png","thumbnail_width":1024,"thumbnail_height":724,"description":"Tras dos a\u00f1os en los que las alubias las com\u00eda cada uno en casa y realizaban una conexi\u00f3n por internet, en esta ocasi\u00f3n, de vuelve a los locales de la Bas\u00edlica de Bego\u00f1a. Ser\u00e1 el 18 de febrero a las 14 h. Se puede participar y colaborar tanto concursando con las alubias preparadas como degustando las distintas recetas presentadas. El proyecto que apoya en esta ocasi\u00f3n la&nbsp;Alubiada Ben\u00e9fica&nbsp;se encuentra en Burundi:&nbsp;Agua, fuente de vida.&nbsp;Actualmente est\u00e1 parado por falta de fondos. La celebraci\u00f3n de la&nbsp;Alubiada&nbsp;puede ser una buena ocasi\u00f3n para activarlo. M\u00e1s informaci\u00f3n e inscripciones en la&nbsp;invitaci\u00f3n, el&nbsp;formulario habilitado&nbsp;y en el&nbsp;correo electr\u00f3nico. Quien no pueda participar, siempre puede colaborar a trav\u00e9s de la&nbsp;Fundaci\u00f3n Igino Giordani: N\u00famero de cuenta: ES65 2100 5615 7902 0005 6937 \u2013 Concepto: Alubiada 2023 Organizan:&nbsp;Movimiento de los Focolares&nbsp;y&nbsp;Fundaci\u00f3n Igino Giordani. Colaboran:&nbsp;Bodega Murillo Viteri,&nbsp;Parroquia de la Bas\u00edlica de Bego\u00f1a&nbsp;y&nbsp;Club de Jubilados de Bego\u00f1a."}

Alubiada Benéfica 2023 - Movimiento de los Focolares

<blockquote class="wp-embedded-content" data-secret="NTq2mLZALf"><a href="https://focolares.es/gl/alubiada-benefica-2023/">Charity Bean Festival 2023</a></blockquote><iframe sandbox="allow-scripts" security="restricted" src="https://focolares.es/gl/alubiada-benefica-2023/embed/#?secret=NTq2mLZALf" width="600" height="338" title="&#8220;Alubiada Benéfica 2023&#8221; &#8212; Movimiento de los Focolares" data-secret="NTq2mLZALf" frameborder="0" marginwidth="0" marginheight="0" scrolling="no" class="wp-embedded-content"></iframe><script>
/*! This file is auto-generated */
!function(d,l){"use strict";l.querySelector&&d.addEventListener&&"undefined"!=typeof URL&&(d.wp=d.wp||{},d.wp.receiveEmbedMessage||(d.wp.receiveEmbedMessage=function(e){var t=e.data;if((t||t.secret||t.message||t.value)&&!/[^a-zA-Z0-9]/.test(t.secret)){for(var s,r,n,a=l.querySelectorAll('iframe[data-secret="'+t.secret+'"]'),o=l.querySelectorAll('blockquote[data-secret="'+t.secret+'"]'),c=new RegExp("^https?:$","i"),i=0;i<o.length;i++)o[i].style.display="none";for(i=0;i<a.length;i++)s=a[i],e.source===s.contentWindow&&(s.removeAttribute("style"),"height"===t.message?(1e3<(r=parseInt(t.value,10))?r=1e3:~~r<200&&(r=200),s.height=r):"link"===t.message&&(r=new URL(s.getAttribute("src")),n=new URL(t.value),c.test(n.protocol))&&n.host===r.host&&l.activeElement===s&&(d.top.location.href=t.value))}},d.addEventListener("message",d.wp.receiveEmbedMessage,!1),l.addEventListener("DOMContentLoaded",function(){for(var e,t,s=l.querySelectorAll("iframe.wp-embedded-content"),r=0;r<s.length;r++)(t=(e=s[r]).getAttribute("data-secret"))||(t=Math.random().toString(36).substring(2,12),e.src+="#?secret="+t,e.setAttribute("data-secret",t)),e.contentWindow.postMessage({message:"ready",secret:t},"*")},!1)))}(window,document);
</script>

Tras dos años en los que las alubias las comía cada uno en casa y realizaban una conexión por internet, en esta ocasión, de vuelve a los locales de la Basílica de Begoña. Será el 18 de febrero a las 14 h. Se puede participar y colaborar tanto concursando con las alubias preparadas como degustando las distintas recetas presentadas. El proyecto que apoya en esta ocasión la&nbsp;Alubiada Benéfica&nbsp;se encuentra en Burundi:&nbsp;Agua, fuente de vida.&nbsp;Actualmente está parado por falta de fondos. La celebración de la&nbsp;Alubiada&nbsp;puede ser una buena ocasión para activarlo. Más información e inscripciones en la&nbsp;invitación, el&nbsp;formulario habilitado&nbsp;y en el&nbsp;correo electrónico. Quien no pueda participar, siempre puede colaborar a través de la&nbsp;Fundación Igino Giordani: Número de cuenta: ES65 2100 5615 7902 0005 6937 – Concepto: Alubiada 2023 Organizan:&nbsp;Movimiento de los Focolares&nbsp;y&nbsp;Fundación Igino Giordani. Colaboran:&nbsp;Bodega Murillo Viteri,&nbsp;Parroquia de la Basílica de Begoña&nbsp;y&nbsp;Club de Jubilados de Begoña.
