{"version":"1.0","provider_name":"Movemento dos Focolares","provider_url":"https:\/\/focolares.es\/gl","author_name":"admin","author_url":"https:\/\/focolares.es\/gl\/author\/afesersl_mcjhk9wv\/","title":"Margarita Bavosi, Luminosa - Movimiento de los Focolares","type":"rich","width":600,"height":338,"html":"<blockquote class=\"wp-embedded-content\" data-secret=\"pgtK1i6e7I\"><a href=\"https:\/\/focolares.es\/gl\/margarita-bavosi-luminosa\/\">Margarita Bavosi, Luminous<\/a><\/blockquote><iframe sandbox=\"allow-scripts\" security=\"restricted\" src=\"https:\/\/focolares.es\/gl\/margarita-bavosi-luminosa\/embed\/#?secret=pgtK1i6e7I\" width=\"600\" height=\"338\" title=\"&#8220;Margarita Bavosi, Luminosa&#8221; &#8212; Movimiento de los Focolares\" data-secret=\"pgtK1i6e7I\" frameborder=\"0\" marginwidth=\"0\" marginheight=\"0\" scrolling=\"no\" class=\"wp-embedded-content\"><\/iframe><script>\n\/*! This file is auto-generated *\/\n!function(d,l){\"use strict\";l.querySelector&&d.addEventListener&&\"undefined\"!=typeof URL&&(d.wp=d.wp||{},d.wp.receiveEmbedMessage||(d.wp.receiveEmbedMessage=function(e){var t=e.data;if((t||t.secret||t.message||t.value)&&!\/[^a-zA-Z0-9]\/.test(t.secret)){for(var s,r,n,a=l.querySelectorAll('iframe[data-secret=\"'+t.secret+'\"]'),o=l.querySelectorAll('blockquote[data-secret=\"'+t.secret+'\"]'),c=new RegExp(\"^https?:$\",\"i\"),i=0;i<o.length;i++)o[i].style.display=\"none\";for(i=0;i<a.length;i++)s=a[i],e.source===s.contentWindow&&(s.removeAttribute(\"style\"),\"height\"===t.message?(1e3<(r=parseInt(t.value,10))?r=1e3:~~r<200&&(r=200),s.height=r):\"link\"===t.message&&(r=new URL(s.getAttribute(\"src\")),n=new URL(t.value),c.test(n.protocol))&&n.host===r.host&&l.activeElement===s&&(d.top.location.href=t.value))}},d.addEventListener(\"message\",d.wp.receiveEmbedMessage,!1),l.addEventListener(\"DOMContentLoaded\",function(){for(var e,t,s=l.querySelectorAll(\"iframe.wp-embedded-content\"),r=0;r<s.length;r++)(t=(e=s[r]).getAttribute(\"data-secret\"))||(t=Math.random().toString(36).substring(2,12),e.src+=\"#?secret=\"+t,e.setAttribute(\"data-secret\",t)),e.contentWindow.postMessage({message:\"ready\",secret:t},\"*\")},!1)))}(window,document);\n<\/script>","thumbnail_url":"https:\/\/focolares.es\/wp-content\/uploads\/2024\/03\/2023_Luminosa.jpg","thumbnail_width":1024,"thumbnail_height":576,"description":"Con motivo del 38\u00ba aniversario de Luminosa, se celebrar\u00e1 el 7 de marzo 2023 a las 19 h. en el&nbsp;Centro Mari\u00e1polis Luminosa, una Eucarist\u00eda concelebrada de Acci\u00f3n de Gracias por el don de su vida y su compromiso en el Santo Viaje. Se contar\u00e1 con el testimonio del P. Jos\u00e9-Dami\u00e1n Gait\u00e1n, ocd. . Tras la eucarist\u00eda seguir\u00e1 un acto donde se leer\u00e1n algunas p\u00e1ginas de Luminosa sobre la uni\u00f3n con Dios. Adem\u00e1s de diferentes testimonios de quienes la conocieron o que se inspiran en ella para sus acciones sociales, como el P.&nbsp;Fabio Ciardi, omi y la&nbsp;Asociaci\u00f3n \u201cAcci\u00f3n Luminosa\u201d&nbsp;de Sevilla. Por \u00faltimo, se notificar\u00e1 el estado de la actual fase del Proceso de Beatificaci\u00f3n. Podr\u00e1 seguirse en directo en este&nbsp;enlace. C\u00f3digo de acceso: Luminosa38. Quienes reciban gracias o quieran aportar sus testimonios pueden hacerlo escribiendo a la Postulaci\u00f3n de la Causa: C\/ Poniente 28, 28290 Las Matas (Madrid), o al&nbsp;correo electr\u00f3nico&nbsp;de la causa. Para aportaciones econ\u00f3micas: CAIXABANK \u2013 Concepto: Causa de Luminosa Desde Europa: ES65 21002614711300138297 Desde fuera de Europa: CAIXESBBXXX ES65 2100 2614 7113 0013 8297 Tambi\u00e9n como cada a\u00f1o, en marzo se publicar\u00e1 el Bolet\u00edn de su causa. M\u00e1s informaci\u00f3n sobre Luminosa y la causa en su&nbsp;p\u00e1gina web. Luminosa&nbsp;era argentina, laica consagrada y fue corresponsable del Movimiento de los Focolares&nbsp;en Espa\u00f1a durante 14 a\u00f1os. Muri\u00f3 a los 44 a\u00f1os en Italia, dejando como testamento: \u201cAhora os toca a vosotros\u201d, pasando el testigo de una vida vivida en la total entrega a realizar la oraci\u00f3n de Jes\u00fas: \u201cQue todos sean uno\u201d. Oraci\u00f3n"}

Con motivo del 38º aniversario de Luminosa, se celebrará el 7 de marzo 2023 a las 19 h. en el&nbsp;Centro Mariápolis Luminosa, una Eucaristía concelebrada de Acción de Gracias por el don de su vida y su compromiso en el Santo Viaje. Se contará con el testimonio del P. José-Damián Gaitán, ocd. . Tras la eucaristía seguirá un acto donde se leerán algunas páginas de Luminosa sobre la unión con Dios. Además de diferentes testimonios de quienes la conocieron o que se inspiran en ella para sus acciones sociales, como el P.&nbsp;Fabio Ciardi, omi y la&nbsp;Asociación “Acción Luminosa”&nbsp;de Sevilla. Por último, se notificará el estado de la actual fase del Proceso de Beatificación. Podrá seguirse en directo en este&nbsp;enlace. Código de acceso: Luminosa38. Quienes reciban gracias o quieran aportar sus testimonios pueden hacerlo escribiendo a la Postulación de la Causa: C/ Poniente 28, 28290 Las Matas (Madrid), o al&nbsp;correo electrónico&nbsp;de la causa. Para aportaciones económicas: CAIXABANK – Concepto: Causa de Luminosa Desde Europa: ES65 21002614711300138297 Desde fuera de Europa: CAIXESBBXXX ES65 2100 2614 7113 0013 8297 También como cada año, en marzo se publicará el Boletín de su causa. Más información sobre Luminosa y la causa en su&nbsp;página web. Luminosa&nbsp;era argentina, laica consagrada y fue corresponsable del Movimiento de los Focolares&nbsp;en España durante 14 años. Murió a los 44 años en Italia, dejando como testamento: “Ahora os toca a vosotros”, pasando el testigo de una vida vivida en la total entrega a realizar la oración de Jesús: “Que todos sean uno”. Oración
