{"version":"1.0","provider_name":"Movemento dos Focolares","provider_url":"https:\/\/focolares.es\/gl","author_name":"Jordi Illa","author_url":"https:\/\/focolares.es\/gl\/author\/jordi\/","title":"El Movimiento de los Focolares celebra 80 a\u00f1os - Movimiento de los Focolares","type":"rich","width":600,"height":338,"html":"<blockquote class=\"wp-embedded-content\" data-secret=\"SkI5htHVMo\"><a href=\"https:\/\/focolares.es\/gl\/el-movimiento-de-los-focolares-celebra-80-anos\/\">O Movemento dos Focolares cumpre 80 anos<\/a><\/blockquote><iframe sandbox=\"allow-scripts\" security=\"restricted\" src=\"https:\/\/focolares.es\/gl\/el-movimiento-de-los-focolares-celebra-80-anos\/embed\/#?secret=SkI5htHVMo\" width=\"600\" height=\"338\" title=\"&#8220;El Movimiento de los Focolares celebra 80 a\u00f1os&#8221; &#8212; Movimiento de los Focolares\" data-secret=\"SkI5htHVMo\" frameborder=\"0\" marginwidth=\"0\" marginheight=\"0\" scrolling=\"no\" class=\"wp-embedded-content\"><\/iframe><script>\n\/*! This file is auto-generated *\/\n!function(d,l){\"use strict\";l.querySelector&&d.addEventListener&&\"undefined\"!=typeof URL&&(d.wp=d.wp||{},d.wp.receiveEmbedMessage||(d.wp.receiveEmbedMessage=function(e){var t=e.data;if((t||t.secret||t.message||t.value)&&!\/[^a-zA-Z0-9]\/.test(t.secret)){for(var s,r,n,a=l.querySelectorAll('iframe[data-secret=\"'+t.secret+'\"]'),o=l.querySelectorAll('blockquote[data-secret=\"'+t.secret+'\"]'),c=new RegExp(\"^https?:$\",\"i\"),i=0;i<o.length;i++)o[i].style.display=\"none\";for(i=0;i<a.length;i++)s=a[i],e.source===s.contentWindow&&(s.removeAttribute(\"style\"),\"height\"===t.message?(1e3<(r=parseInt(t.value,10))?r=1e3:~~r<200&&(r=200),s.height=r):\"link\"===t.message&&(r=new URL(s.getAttribute(\"src\")),n=new URL(t.value),c.test(n.protocol))&&n.host===r.host&&l.activeElement===s&&(d.top.location.href=t.value))}},d.addEventListener(\"message\",d.wp.receiveEmbedMessage,!1),l.addEventListener(\"DOMContentLoaded\",function(){for(var e,t,s=l.querySelectorAll(\"iframe.wp-embedded-content\"),r=0;r<s.length;r++)(t=(e=s[r]).getAttribute(\"data-secret\"))||(t=Math.random().toString(36).substring(2,12),e.src+=\"#?secret=\"+t,e.setAttribute(\"data-secret\",t)),e.contentWindow.postMessage({message:\"ready\",secret:t},\"*\")},!1)))}(window,document);\n<\/script>","thumbnail_url":"https:\/\/focolares.es\/wp-content\/uploads\/2024\/03\/Header-Articolo-80.jpg","thumbnail_width":300,"thumbnail_height":199,"description":"El 7 de diciembre de 1943 marca la fecha oficial del nacimiento del Movimiento de los Focolares, es decir, el d\u00eda en el que Chiara Lubich se consagr\u00f3 a Dios para siempre. Hace 80 a\u00f1os nace una peque\u00f1a comunidad que, en la devastaci\u00f3n de la Segunda Guerra Mundial, quiere restablecer la paz y la unidad entre todos y que muy pronto se difundir\u00e1 por el mundo, integr\u00e1ndose en la corriente de los Nuevos Carismas de la Iglesia. En el coraz\u00f3n de la espiritualidad y de la acci\u00f3n de los Focolares est\u00e1 el Evangelio y especialmente la oraci\u00f3n de Jes\u00fas: \u201cQue todos sean uno\u201d (Jn 17,21).Hoy el Movimiento est\u00e1 presente en 182 pa\u00edses, se\u00f1al de la universalidad y de la urgencia de la unidad y de la fraternidad en estos tiempos tan fragmentados y tr\u00e1gicos. Adem\u00e1s, forman parte de \u00e9l tambi\u00e9n cristianos de varias Iglesias, fieles de numerosas Religiones y personas sin una orientaci\u00f3n religiosa espec\u00edfica. El 7 pr\u00f3ximo 7 de diciembre el Papa Francisco recibir\u00e1 en audiencia a Margaret Karram, presidenta de los Focolares, a Jes\u00fas Mor\u00e1n, copresidente y al grupo de responsables del Movimiento [en las zonas].&nbsp;\u201cSer recibidos por el Santo Padre precisamente el 7 de diciembre de 2023, exactamente ochenta a\u00f1os despu\u00e9s de aquel primer \u2018s\u00ed\u2019 de Chiara Lubich a Dios, es para nosotros un don extraordinario y sorprendente\u201d, explica la presidenta. \u201cQueremos llevar al Papa el amor y el afecto de los miles de personas que en el mundo viven el Carisma de la unidad y renovar nuestro servicio a la Iglesia en este camino sinodal, en colaboraci\u00f3n con muchos otros que quieren contribuir a la paz y al amor para aliviar las llagas de la humanidad\u201d. A las 18 h del mismo d\u00eda, en la Bas\u00edlica de Santa Maria la Mayor, se celebrar\u00e1 una Santa Misa de acci\u00f3n de gracias por estos 80 a\u00f1os de vida de los Focolares, presidida por el Card. Kevin Joseph Farrell,&nbsp;Prefecto del Dicasterio para los Laicos, la Familia y la Vida, junto con otros cardenales, obispos y presb\u00edteros.\u201cEsta jornada \u2013 explica adem\u00e1s Margaret Karram \u2013 se\u00f1ala la conclusi\u00f3n de una peregrinaci\u00f3n que hemos querido hacer a algunos lugares sagrados y significativos de As\u00eds, Loreto y Roma para dar gracias, pedir perd\u00f3n y volver a empezar con valent\u00eda y esperanza. Tambi\u00e9n las comunidades de los Focolares en el mundo vivir\u00e1n este aniversario con los mismos sentimientos y objetivos, para ser \u201ctestigos de la cercan\u00eda con el amor fraterno que supera toda barrera y alcanza toda condici\u00f3n humana\u201d. [1] [1] Discurso del Santo Padre Francisco a los participantes en la Asamblea General del Movimiento de los Focolares \u2013 6 de febrero de 2021"}

El Movimiento de los Focolares celebra 80 años - Movimiento de los Focolares

<blockquote class="wp-embedded-content" data-secret="SkI5htHVMo"><a href="https://focolares.es/gl/el-movimiento-de-los-focolares-celebra-80-anos/">O Movemento dos Focolares cumpre 80 anos</a></blockquote><iframe sandbox="allow-scripts" security="restricted" src="https://focolares.es/gl/el-movimiento-de-los-focolares-celebra-80-anos/embed/#?secret=SkI5htHVMo" width="600" height="338" title="&#8220;El Movimiento de los Focolares celebra 80 años&#8221; &#8212; Movimiento de los Focolares" data-secret="SkI5htHVMo" frameborder="0" marginwidth="0" marginheight="0" scrolling="no" class="wp-embedded-content"></iframe><script>
/*! This file is auto-generated */
!function(d,l){"use strict";l.querySelector&&d.addEventListener&&"undefined"!=typeof URL&&(d.wp=d.wp||{},d.wp.receiveEmbedMessage||(d.wp.receiveEmbedMessage=function(e){var t=e.data;if((t||t.secret||t.message||t.value)&&!/[^a-zA-Z0-9]/.test(t.secret)){for(var s,r,n,a=l.querySelectorAll('iframe[data-secret="'+t.secret+'"]'),o=l.querySelectorAll('blockquote[data-secret="'+t.secret+'"]'),c=new RegExp("^https?:$","i"),i=0;i<o.length;i++)o[i].style.display="none";for(i=0;i<a.length;i++)s=a[i],e.source===s.contentWindow&&(s.removeAttribute("style"),"height"===t.message?(1e3<(r=parseInt(t.value,10))?r=1e3:~~r<200&&(r=200),s.height=r):"link"===t.message&&(r=new URL(s.getAttribute("src")),n=new URL(t.value),c.test(n.protocol))&&n.host===r.host&&l.activeElement===s&&(d.top.location.href=t.value))}},d.addEventListener("message",d.wp.receiveEmbedMessage,!1),l.addEventListener("DOMContentLoaded",function(){for(var e,t,s=l.querySelectorAll("iframe.wp-embedded-content"),r=0;r<s.length;r++)(t=(e=s[r]).getAttribute("data-secret"))||(t=Math.random().toString(36).substring(2,12),e.src+="#?secret="+t,e.setAttribute("data-secret",t)),e.contentWindow.postMessage({message:"ready",secret:t},"*")},!1)))}(window,document);
</script>

El 7 de diciembre de 1943 marca la fecha oficial del nacimiento del Movimiento de los Focolares, es decir, el día en el que Chiara Lubich se consagró a Dios para siempre. Hace 80 años nace una pequeña comunidad que, en la devastación de la Segunda Guerra Mundial, quiere restablecer la paz y la unidad entre todos y que muy pronto se difundirá por el mundo, integrándose en la corriente de los Nuevos Carismas de la Iglesia. En el corazón de la espiritualidad y de la acción de los Focolares está el Evangelio y especialmente la oración de Jesús: “Que todos sean uno” (Jn 17,21).Hoy el Movimiento está presente en 182 países, señal de la universalidad y de la urgencia de la unidad y de la fraternidad en estos tiempos tan fragmentados y trágicos. Además, forman parte de él también cristianos de varias Iglesias, fieles de numerosas Religiones y personas sin una orientación religiosa específica. El 7 próximo 7 de diciembre el Papa Francisco recibirá en audiencia a Margaret Karram, presidenta de los Focolares, a Jesús Morán, copresidente y al grupo de responsables del Movimiento [en las zonas].&nbsp;“Ser recibidos por el Santo Padre precisamente el 7 de diciembre de 2023, exactamente ochenta años después de aquel primer ‘sí’ de Chiara Lubich a Dios, es para nosotros un don extraordinario y sorprendente”, explica la presidenta. “Queremos llevar al Papa el amor y el afecto de los miles de personas que en el mundo viven el Carisma de la unidad y renovar nuestro servicio a la Iglesia en este camino sinodal, en colaboración con muchos otros que quieren contribuir a la paz y al amor para aliviar las llagas de la humanidad”. A las 18 h del mismo día, en la Basílica de Santa Maria la Mayor, se celebrará una Santa Misa de acción de gracias por estos 80 años de vida de los Focolares, presidida por el Card. Kevin Joseph Farrell,&nbsp;Prefecto del Dicasterio para los Laicos, la Familia y la Vida, junto con otros cardenales, obispos y presbíteros.“Esta jornada – explica además Margaret Karram – señala la conclusión de una peregrinación que hemos querido hacer a algunos lugares sagrados y significativos de Asís, Loreto y Roma para dar gracias, pedir perdón y volver a empezar con valentía y esperanza. También las comunidades de los Focolares en el mundo vivirán este aniversario con los mismos sentimientos y objetivos, para ser “testigos de la cercanía con el amor fraterno que supera toda barrera y alcanza toda condición humana”. [1] [1] Discurso del Santo Padre Francisco a los participantes en la Asamblea General del Movimiento de los Focolares – 6 de febrero de 2021
