{"version":"1.0","provider_name":"Movemento dos Focolares","provider_url":"https:\/\/focolares.es\/gl","author_name":"Jordi Illa","author_url":"https:\/\/focolares.es\/gl\/author\/jordi\/","title":"Semana Mundo Unido 2023 - Movimiento de los Focolares","type":"rich","width":600,"height":338,"html":"<blockquote class=\"wp-embedded-content\" data-secret=\"UJQu3oS9tl\"><a href=\"https:\/\/focolares.es\/gl\/semana-mundo-unido-2023\/\">Semana do Mundo Unido 2023<\/a><\/blockquote><iframe sandbox=\"allow-scripts\" security=\"restricted\" src=\"https:\/\/focolares.es\/gl\/semana-mundo-unido-2023\/embed\/#?secret=UJQu3oS9tl\" width=\"600\" height=\"338\" title=\"&#8220;Semana Mundo Unido 2023&#8221; &#8212; Movimiento de los Focolares\" data-secret=\"UJQu3oS9tl\" frameborder=\"0\" marginwidth=\"0\" marginheight=\"0\" scrolling=\"no\" class=\"wp-embedded-content\"><\/iframe><script>\n\/*! This file is auto-generated *\/\n!function(d,l){\"use strict\";l.querySelector&&d.addEventListener&&\"undefined\"!=typeof URL&&(d.wp=d.wp||{},d.wp.receiveEmbedMessage||(d.wp.receiveEmbedMessage=function(e){var t=e.data;if((t||t.secret||t.message||t.value)&&!\/[^a-zA-Z0-9]\/.test(t.secret)){for(var s,r,n,a=l.querySelectorAll('iframe[data-secret=\"'+t.secret+'\"]'),o=l.querySelectorAll('blockquote[data-secret=\"'+t.secret+'\"]'),c=new RegExp(\"^https?:$\",\"i\"),i=0;i<o.length;i++)o[i].style.display=\"none\";for(i=0;i<a.length;i++)s=a[i],e.source===s.contentWindow&&(s.removeAttribute(\"style\"),\"height\"===t.message?(1e3<(r=parseInt(t.value,10))?r=1e3:~~r<200&&(r=200),s.height=r):\"link\"===t.message&&(r=new URL(s.getAttribute(\"src\")),n=new URL(t.value),c.test(n.protocol))&&n.host===r.host&&l.activeElement===s&&(d.top.location.href=t.value))}},d.addEventListener(\"message\",d.wp.receiveEmbedMessage,!1),l.addEventListener(\"DOMContentLoaded\",function(){for(var e,t,s=l.querySelectorAll(\"iframe.wp-embedded-content\"),r=0;r<s.length;r++)(t=(e=s[r]).getAttribute(\"data-secret\"))||(t=Math.random().toString(36).substring(2,12),e.src+=\"#?secret=\"+t,e.setAttribute(\"data-secret\",t)),e.contentWindow.postMessage({message:\"ready\",secret:t},\"*\")},!1)))}(window,document);\n<\/script>","thumbnail_url":"https:\/\/focolares.es\/wp-content\/uploads\/2024\/03\/UWP_logo_2023_color.png","thumbnail_width":1024,"thumbnail_height":948,"description":"La&nbsp;Semana Mundo Unido&nbsp;adopta diferentes formas seg\u00fan los lugares y comunidades del mundo que la promueven: exposiciones, rese\u00f1a de eventos culturales, laboratorios de di\u00e1logo e ideas, iniciativas solidarias,\u2026 Son siete d\u00edas dedicados a los valores de la paz, la fraternidad, el cuidado y la unidad, para testimoniar que, si realmente lo queremos, un mundo unido es posible. El objetivo es doble: influir localmente en la opini\u00f3n p\u00fablica e iluminar con esperanza nuestro planeta. Por tercer a\u00f1o consecutivo, el t\u00edtulo de la\u00a0Semana\u00a0ser\u00e1\u00a0Dare to Care\u00a0\u2013\u00a0Atr\u00e9vete a cuidar. Porque \u201cseguimos creyendo, hoy m\u00e1s que nunca, que un mundo fraterno y unido, se alcanza s\u00f3lo teniendo la audacia de cuidar, de interesarse, de asumir la responsabilidad de actuar con iniciativas concretas por las personas y el planeta, a partir de las heridas del propio territorio\u201d. Uno de los eventos m\u00e1s significativos de la\u00a0Semana\u00a0es\u00a0Run4Unity:\u00a0un evento deportivo y de plantaci\u00f3n de \u00e1rboles a nivel global, que abarca diferentes husos horarios, pa\u00edses y culturas para construir la paz y hacer del planeta un lugar m\u00e1s verde. Este a\u00f1o\u00a0se suma a la iniciativa la Plataforma\u00a0Laudato Si\u2019. La&nbsp;Semana Mundo Unido&nbsp;est\u00e1 cofinanciada por la&nbsp;Uni\u00f3n Europea, a trav\u00e9s del proyecto&nbsp;AFR.E.SH M\u00e1s informaci\u00f3n en la web de&nbsp;United World Project."}

La&nbsp;Semana Mundo Unido&nbsp;adopta diferentes formas según los lugares y comunidades del mundo que la promueven: exposiciones, reseña de eventos culturales, laboratorios de diálogo e ideas, iniciativas solidarias,… Son siete días dedicados a los valores de la paz, la fraternidad, el cuidado y la unidad, para testimoniar que, si realmente lo queremos, un mundo unido es posible. El objetivo es doble: influir localmente en la opinión pública e iluminar con esperanza nuestro planeta. Por tercer año consecutivo, el título de la Semana será Dare to Care – Atrévete a cuidar. Porque “seguimos creyendo, hoy más que nunca, que un mundo fraterno y unido, se alcanza sólo teniendo la audacia de cuidar, de interesarse, de asumir la responsabilidad de actuar con iniciativas concretas por las personas y el planeta, a partir de las heridas del propio territorio”. Uno de los eventos más significativos de la Semana es Run4Unity: un evento deportivo y de plantación de árboles a nivel global, que abarca diferentes husos horarios, países y culturas para construir la paz y hacer del planeta un lugar más verde. Este año se suma a la iniciativa la Plataforma Laudato Si’. La&nbsp;Semana Mundo Unido&nbsp;está cofinanciada por la&nbsp;Unión Europea, a través del proyecto&nbsp;AFR.E.SH Más información en la web de&nbsp;United World Project.
