{"id":14580,"date":"2025-01-26T22:51:48","date_gmt":"2025-01-26T21:51:48","guid":{"rendered":"https:\/\/focolares.es\/?post_type=tribe_events&#038;p=14580"},"modified":"2025-05-08T12:04:45","modified_gmt":"2025-05-08T10:04:45","slug":"conecendonos-5","status":"publish","type":"tribe_events","link":"https:\/\/focolares.es\/gl\/agenda\/re-conocerse-5\/","title":{"rendered":"Reco\u00f1ec\u00e9ndote a ti mesmo 5 (en li\u00f1a)"},"content":{"rendered":"<p>Quinta lecci\u00f3n do curso <em>Os estatutos: percorrido e espello<\/em>.<\/p>\n<ul>\n<li><em>Como ler os Estatutos<\/em>: Algunhas aproximaci\u00f3ns de todo o mundo, con Raphael Takougang, Cristiane Ribeiro e Elfriede Glaubitz.<\/li>\n<\/ul>\n<p><a href=\"https:\/\/focolares.es\/wp-content\/uploads\/2025\/04\/UPM_Locandina-2_2025_ES-cambio_C.pdf\" target=\"_blank\" rel=\"noopener\">Programa<\/a> do curso.<\/p>\n<p><a href=\"https:\/\/www.youtube.com\/@MovimentodeiFocolari_ufficiale\" target=\"_blank\" rel=\"noopener\">Acceso<\/a> \u00e1 lecci\u00f3n.<\/p>\n<p>A Universidade Popular Mariana (UPM) foi fundada en 1980 co obxectivo de formar na doutrina cristi\u00e1 os membros adultos do Movemento dos Focolares. Cada curso afonda nunha tem\u00e1tica diferente, como este ano 2025 cando se estudan os estatutos dos Focolares; En anos anteriores foron: formaci\u00f3n en di\u00e1logo, sensibilizaci\u00f3n ou misi\u00f3n.<\/p>","protected":false},"excerpt":{"rendered":"<p>Quinta lecci\u00f3n do curso Os estatutos: ruta e espello.<\/p>","protected":false},"author":1,"featured_media":14557,"template":"","meta":{"_price":"","_stock":"","_tribe_ticket_header":"","_tribe_default_ticket_provider":"TEC\\Tickets\\Commerce\\Module","_tribe_ticket_capacity":"0","_ticket_start_date":"","_ticket_end_date":"","_tribe_ticket_show_description":"","_tribe_ticket_show_not_going":false,"_tribe_ticket_use_global_stock":"","_tribe_ticket_global_stock_level":"","_global_stock_mode":"","_global_stock_cap":"","_tribe_rsvp_for_event":"","_tribe_ticket_going_count":"","_tribe_ticket_not_going_count":"","_tribe_tickets_list":"[]","_tribe_ticket_has_attendee_info_fields":false,"_tribe_events_status":"","_tribe_events_status_reason":"","footnotes":"","_tec_slr_enabled":"","_tec_slr_layout":""},"tags":[],"tribe_events_cat":[],"class_list":["post-14580","tribe_events","type-tribe_events","status-publish","has-post-thumbnail","hentry"],"yoast_head":"<!-- This site is optimized with the Yoast SEO plugin v27.2 - https:\/\/yoast.com\/product\/yoast-seo-wordpress\/ -->\n<title>Re-Conocerse 5 (online) - Movimiento de los Focolares<\/title>\n<meta name=\"description\" content=\"Movimiento de los Focolares UPM Reconocer-se Los estatutos: ruta y espejo LECCI\u00d3N 5 C\u00f3mo leer los Estatutos\" \/>\n<meta name=\"robots\" content=\"index, follow, max-snippet:-1, max-image-preview:large, max-video-preview:-1\" \/>\n<link rel=\"canonical\" href=\"https:\/\/focolares.es\/gl\/axenda\/conecendonos-5\/\" \/>\n<meta property=\"og:locale\" content=\"gl_ES\" \/>\n<meta property=\"og:type\" content=\"article\" \/>\n<meta property=\"og:title\" content=\"Re-Conocerse 5 (online) - Movimiento de los Focolares\" \/>\n<meta property=\"og:description\" content=\"Movimiento de los Focolares UPM Reconocer-se Los estatutos: ruta y espejo LECCI\u00d3N 5 C\u00f3mo leer los Estatutos\" \/>\n<meta property=\"og:url\" content=\"https:\/\/focolares.es\/gl\/axenda\/conecendonos-5\/\" \/>\n<meta property=\"og:site_name\" content=\"Movimiento de los Focolares\" \/>\n<meta property=\"article:modified_time\" content=\"2025-05-08T10:04:45+00:00\" \/>\n<meta property=\"og:image\" content=\"https:\/\/focolares.es\/wp-content\/uploads\/2025\/01\/IMG-DEST-UPM-ESP-2024-25.jpeg\" \/>\n\t<meta property=\"og:image:width\" content=\"900\" \/>\n\t<meta property=\"og:image:height\" content=\"600\" \/>\n\t<meta property=\"og:image:type\" content=\"image\/jpeg\" \/>\n<meta name=\"twitter:card\" content=\"summary_large_image\" \/>\n<meta name=\"twitter:label1\" content=\"Tempo de lectura\" \/>\n\t<meta name=\"twitter:data1\" content=\"1 minuto\" \/>\n<script type=\"application\/ld+json\" class=\"yoast-schema-graph\">{\"@context\":\"https:\/\/schema.org\",\"@graph\":[{\"@type\":\"WebPage\",\"@id\":\"https:\/\/focolares.es\/agenda\/re-conocerse-5\/\",\"url\":\"https:\/\/focolares.es\/agenda\/re-conocerse-5\/\",\"name\":\"Re-Conocerse 5 (online) - Movimiento de los Focolares\",\"isPartOf\":{\"@id\":\"https:\/\/focolares.es\/#website\"},\"primaryImageOfPage\":{\"@id\":\"https:\/\/focolares.es\/agenda\/re-conocerse-5\/#primaryimage\"},\"image\":{\"@id\":\"https:\/\/focolares.es\/agenda\/re-conocerse-5\/#primaryimage\"},\"thumbnailUrl\":\"https:\/\/focolares.es\/wp-content\/uploads\/2025\/01\/IMG-DEST-UPM-ESP-2024-25.jpeg\",\"datePublished\":\"2025-01-26T21:51:48+00:00\",\"dateModified\":\"2025-05-08T10:04:45+00:00\",\"description\":\"Movimiento de los Focolares UPM Reconocer-se Los estatutos: ruta y espejo LECCI\u00d3N 5 C\u00f3mo leer los Estatutos\",\"breadcrumb\":{\"@id\":\"https:\/\/focolares.es\/agenda\/re-conocerse-5\/#breadcrumb\"},\"inLanguage\":\"gl-ES\",\"potentialAction\":[{\"@type\":\"ReadAction\",\"target\":[\"https:\/\/focolares.es\/agenda\/re-conocerse-5\/\"]}]},{\"@type\":\"ImageObject\",\"inLanguage\":\"gl-ES\",\"@id\":\"https:\/\/focolares.es\/agenda\/re-conocerse-5\/#primaryimage\",\"url\":\"https:\/\/focolares.es\/wp-content\/uploads\/2025\/01\/IMG-DEST-UPM-ESP-2024-25.jpeg\",\"contentUrl\":\"https:\/\/focolares.es\/wp-content\/uploads\/2025\/01\/IMG-DEST-UPM-ESP-2024-25.jpeg\",\"width\":900,\"height\":600},{\"@type\":\"BreadcrumbList\",\"@id\":\"https:\/\/focolares.es\/agenda\/re-conocerse-5\/#breadcrumb\",\"itemListElement\":[{\"@type\":\"ListItem\",\"position\":1,\"name\":\"Portada\",\"item\":\"https:\/\/focolares.es\/\"},{\"@type\":\"ListItem\",\"position\":2,\"name\":\"Eventos\",\"item\":\"https:\/\/focolares.es\/events\/\"},{\"@type\":\"ListItem\",\"position\":3,\"name\":\"Re-Conocerse 5 (online)\"}]},{\"@type\":\"WebSite\",\"@id\":\"https:\/\/focolares.es\/#website\",\"url\":\"https:\/\/focolares.es\/\",\"name\":\"Movimiento de los Focolares\",\"description\":\"\",\"publisher\":{\"@id\":\"https:\/\/focolares.es\/#organization\"},\"potentialAction\":[{\"@type\":\"SearchAction\",\"target\":{\"@type\":\"EntryPoint\",\"urlTemplate\":\"https:\/\/focolares.es\/?s={search_term_string}\"},\"query-input\":{\"@type\":\"PropertyValueSpecification\",\"valueRequired\":true,\"valueName\":\"search_term_string\"}}],\"inLanguage\":\"gl-ES\"},{\"@type\":\"Organization\",\"@id\":\"https:\/\/focolares.es\/#organization\",\"name\":\"Movimiento de los Focolares\",\"url\":\"https:\/\/focolares.es\/\",\"logo\":{\"@type\":\"ImageObject\",\"inLanguage\":\"gl-ES\",\"@id\":\"https:\/\/focolares.es\/#\/schema\/logo\/image\/\",\"url\":\"https:\/\/focolares.es\/wp-content\/uploads\/2024\/03\/Logo_focolares-1024x944-1.jpg\",\"contentUrl\":\"https:\/\/focolares.es\/wp-content\/uploads\/2024\/03\/Logo_focolares-1024x944-1.jpg\",\"width\":1024,\"height\":944,\"caption\":\"Movimiento de los Focolares\"},\"image\":{\"@id\":\"https:\/\/focolares.es\/#\/schema\/logo\/image\/\"}}]}<\/script>\n<!-- \/ Yoast SEO plugin. -->","yoast_head_json":{"title":"Reco\u00f1ecerse a si mesmo 5 (en li\u00f1a) - Movemento dos Focolares","description":"Movemento dos Focolares UPM Reco\u00f1\u00e9cese Os estatutos: ruta e espello LECCI\u00d3N 5 Como ler os Estatutos","robots":{"index":"index","follow":"follow","max-snippet":"max-snippet:-1","max-image-preview":"max-image-preview:large","max-video-preview":"max-video-preview:-1"},"canonical":"https:\/\/focolares.es\/gl\/axenda\/conecendonos-5\/","og_locale":"gl_ES","og_type":"article","og_title":"Re-Conocerse 5 (online) - Movimiento de los Focolares","og_description":"Movimiento de los Focolares UPM Reconocer-se Los estatutos: ruta y espejo LECCI\u00d3N 5 C\u00f3mo leer los Estatutos","og_url":"https:\/\/focolares.es\/gl\/axenda\/conecendonos-5\/","og_site_name":"Movimiento de los Focolares","article_modified_time":"2025-05-08T10:04:45+00:00","og_image":[{"width":900,"height":600,"url":"https:\/\/focolares.es\/wp-content\/uploads\/2025\/01\/IMG-DEST-UPM-ESP-2024-25.jpeg","type":"image\/jpeg"}],"twitter_card":"summary_large_image","twitter_misc":{"Tempo de lectura":"1 minuto"},"schema":{"@context":"https:\/\/schema.org","@graph":[{"@type":"WebPage","@id":"https:\/\/focolares.es\/agenda\/re-conocerse-5\/","url":"https:\/\/focolares.es\/agenda\/re-conocerse-5\/","name":"Reco\u00f1ecerse a si mesmo 5 (en li\u00f1a) - Movemento dos Focolares","isPartOf":{"@id":"https:\/\/focolares.es\/#website"},"primaryImageOfPage":{"@id":"https:\/\/focolares.es\/agenda\/re-conocerse-5\/#primaryimage"},"image":{"@id":"https:\/\/focolares.es\/agenda\/re-conocerse-5\/#primaryimage"},"thumbnailUrl":"https:\/\/focolares.es\/wp-content\/uploads\/2025\/01\/IMG-DEST-UPM-ESP-2024-25.jpeg","datePublished":"2025-01-26T21:51:48+00:00","dateModified":"2025-05-08T10:04:45+00:00","description":"Movemento dos Focolares UPM Reco\u00f1\u00e9cese Os estatutos: ruta e espello LECCI\u00d3N 5 Como ler os Estatutos","breadcrumb":{"@id":"https:\/\/focolares.es\/agenda\/re-conocerse-5\/#breadcrumb"},"inLanguage":"gl-ES","potentialAction":[{"@type":"ReadAction","target":["https:\/\/focolares.es\/agenda\/re-conocerse-5\/"]}]},{"@type":"ImageObject","inLanguage":"gl-ES","@id":"https:\/\/focolares.es\/agenda\/re-conocerse-5\/#primaryimage","url":"https:\/\/focolares.es\/wp-content\/uploads\/2025\/01\/IMG-DEST-UPM-ESP-2024-25.jpeg","contentUrl":"https:\/\/focolares.es\/wp-content\/uploads\/2025\/01\/IMG-DEST-UPM-ESP-2024-25.jpeg","width":900,"height":600},{"@type":"BreadcrumbList","@id":"https:\/\/focolares.es\/agenda\/re-conocerse-5\/#breadcrumb","itemListElement":[{"@type":"ListItem","position":1,"name":"Portada","item":"https:\/\/focolares.es\/"},{"@type":"ListItem","position":2,"name":"Eventos","item":"https:\/\/focolares.es\/events\/"},{"@type":"ListItem","position":3,"name":"Re-Conocerse 5 (online)"}]},{"@type":"WebSite","@id":"https:\/\/focolares.es\/#website","url":"https:\/\/focolares.es\/","name":"Movemento dos Focolares","description":"","publisher":{"@id":"https:\/\/focolares.es\/#organization"},"potentialAction":[{"@type":"SearchAction","target":{"@type":"EntryPoint","urlTemplate":"https:\/\/focolares.es\/?s={search_term_string}"},"query-input":{"@type":"PropertyValueSpecification","valueRequired":true,"valueName":"search_term_string"}}],"inLanguage":"gl-ES"},{"@type":"Organization","@id":"https:\/\/focolares.es\/#organization","name":"Movemento dos Focolares","url":"https:\/\/focolares.es\/","logo":{"@type":"ImageObject","inLanguage":"gl-ES","@id":"https:\/\/focolares.es\/#\/schema\/logo\/image\/","url":"https:\/\/focolares.es\/wp-content\/uploads\/2024\/03\/Logo_focolares-1024x944-1.jpg","contentUrl":"https:\/\/focolares.es\/wp-content\/uploads\/2024\/03\/Logo_focolares-1024x944-1.jpg","width":1024,"height":944,"caption":"Movimiento de los Focolares"},"image":{"@id":"https:\/\/focolares.es\/#\/schema\/logo\/image\/"}}]}},"ticketed":false,"_links":{"self":[{"href":"https:\/\/focolares.es\/gl\/wp-json\/wp\/v2\/tribe_events\/14580","targetHints":{"allow":["GET"]}}],"collection":[{"href":"https:\/\/focolares.es\/gl\/wp-json\/wp\/v2\/tribe_events"}],"about":[{"href":"https:\/\/focolares.es\/gl\/wp-json\/wp\/v2\/types\/tribe_events"}],"author":[{"embeddable":true,"href":"https:\/\/focolares.es\/gl\/wp-json\/wp\/v2\/users\/1"}],"version-history":[{"count":12,"href":"https:\/\/focolares.es\/gl\/wp-json\/wp\/v2\/tribe_events\/14580\/revisions"}],"predecessor-version":[{"id":16206,"href":"https:\/\/focolares.es\/gl\/wp-json\/wp\/v2\/tribe_events\/14580\/revisions\/16206"}],"wp:featuredmedia":[{"embeddable":true,"href":"https:\/\/focolares.es\/gl\/wp-json\/wp\/v2\/media\/14557"}],"wp:attachment":[{"href":"https:\/\/focolares.es\/gl\/wp-json\/wp\/v2\/media?parent=14580"}],"wp:term":[{"taxonomy":"post_tag","embeddable":true,"href":"https:\/\/focolares.es\/gl\/wp-json\/wp\/v2\/tags?post=14580"},{"taxonomy":"tribe_events_cat","embeddable":true,"href":"https:\/\/focolares.es\/gl\/wp-json\/wp\/v2\/tribe_events_cat?post=14580"}],"curies":[{"name":"wp","href":"https:\/\/api.w.org\/{rel}","templated":true}]}}

Recoñecéndote a ti mesmo 5 (en liña)

<p>Quinta lección do curso <em>Os estatutos: percorrido e espello</em>.</p>
<ul>
<li><em>Como ler os Estatutos</em>: Algunhas aproximacións de todo o mundo, con Raphael Takougang, Cristiane Ribeiro e Elfriede Glaubitz.</li>
</ul>
<p><a href="https://focolares.es/wp-content/uploads/2025/04/UPM_Locandina-2_2025_ES-cambio_C.pdf" target="_blank" rel="noopener">Programa</a> do curso.</p>
<p><a href="https://www.youtube.com/@MovimentodeiFocolari_ufficiale" target="_blank" rel="noopener">Acceso</a> á lección.</p>
<p>A Universidade Popular Mariana (UPM) foi fundada en 1980 co obxectivo de formar na doutrina cristiá os membros adultos do Movemento dos Focolares. Cada curso afonda nunha temática diferente, como este ano 2025 cando se estudan os estatutos dos Focolares; En anos anteriores foron: formación en diálogo, sensibilización ou misión.</p>

<p>Quinta lección do curso Os estatutos: ruta e espello.</p>

<!-- This site is optimized with the Yoast SEO plugin v27.2 - https://yoast.com/product/yoast-seo-wordpress/ -->
<title>Re-Conocerse 5 (online) - Movimiento de los Focolares</title>
<meta name="description" content="Movimiento de los Focolares UPM Reconocer-se Los estatutos: ruta y espejo LECCIÓN 5 Cómo leer los Estatutos" />
<meta name="robots" content="index, follow, max-snippet:-1, max-image-preview:large, max-video-preview:-1" />
<link rel="canonical" href="https://focolares.es/gl/axenda/conecendonos-5/" />
<meta property="og:locale" content="gl_ES" />
<meta property="og:type" content="article" />
<meta property="og:title" content="Re-Conocerse 5 (online) - Movimiento de los Focolares" />
<meta property="og:description" content="Movimiento de los Focolares UPM Reconocer-se Los estatutos: ruta y espejo LECCIÓN 5 Cómo leer los Estatutos" />
<meta property="og:url" content="https://focolares.es/gl/axenda/conecendonos-5/" />
<meta property="og:site_name" content="Movimiento de los Focolares" />
<meta property="article:modified_time" content="2025-05-08T10:04:45+00:00" />
<meta property="og:image" content="https://focolares.es/wp-content/uploads/2025/01/IMG-DEST-UPM-ESP-2024-25.jpeg" />
	<meta property="og:image:width" content="900" />
	<meta property="og:image:height" content="600" />
	<meta property="og:image:type" content="image/jpeg" />
<meta name="twitter:card" content="summary_large_image" />
<meta name="twitter:label1" content="Tempo de lectura" />
	<meta name="twitter:data1" content="1 minuto" />
<script type="application/ld+json" class="yoast-schema-graph">{"@context":"https://schema.org","@graph":[{"@type":"WebPage","@id":"https://focolares.es/agenda/re-conocerse-5/","url":"https://focolares.es/agenda/re-conocerse-5/","name":"Re-Conocerse 5 (online) - Movimiento de los Focolares","isPartOf":{"@id":"https://focolares.es/#website"},"primaryImageOfPage":{"@id":"https://focolares.es/agenda/re-conocerse-5/#primaryimage"},"image":{"@id":"https://focolares.es/agenda/re-conocerse-5/#primaryimage"},"thumbnailUrl":"https://focolares.es/wp-content/uploads/2025/01/IMG-DEST-UPM-ESP-2024-25.jpeg","datePublished":"2025-01-26T21:51:48+00:00","dateModified":"2025-05-08T10:04:45+00:00","description":"Movimiento de los Focolares UPM Reconocer-se Los estatutos: ruta y espejo LECCIÓN 5 Cómo leer los Estatutos","breadcrumb":{"@id":"https://focolares.es/agenda/re-conocerse-5/#breadcrumb"},"inLanguage":"gl-ES","potentialAction":[{"@type":"ReadAction","target":["https://focolares.es/agenda/re-conocerse-5/"]}]},{"@type":"ImageObject","inLanguage":"gl-ES","@id":"https://focolares.es/agenda/re-conocerse-5/#primaryimage","url":"https://focolares.es/wp-content/uploads/2025/01/IMG-DEST-UPM-ESP-2024-25.jpeg","contentUrl":"https://focolares.es/wp-content/uploads/2025/01/IMG-DEST-UPM-ESP-2024-25.jpeg","width":900,"height":600},{"@type":"BreadcrumbList","@id":"https://focolares.es/agenda/re-conocerse-5/#breadcrumb","itemListElement":[{"@type":"ListItem","position":1,"name":"Portada","item":"https://focolares.es/"},{"@type":"ListItem","position":2,"name":"Eventos","item":"https://focolares.es/events/"},{"@type":"ListItem","position":3,"name":"Re-Conocerse 5 (online)"}]},{"@type":"WebSite","@id":"https://focolares.es/#website","url":"https://focolares.es/","name":"Movimiento de los Focolares","description":"","publisher":{"@id":"https://focolares.es/#organization"},"potentialAction":[{"@type":"SearchAction","target":{"@type":"EntryPoint","urlTemplate":"https://focolares.es/?s={search_term_string}"},"query-input":{"@type":"PropertyValueSpecification","valueRequired":true,"valueName":"search_term_string"}}],"inLanguage":"gl-ES"},{"@type":"Organization","@id":"https://focolares.es/#organization","name":"Movimiento de los Focolares","url":"https://focolares.es/","logo":{"@type":"ImageObject","inLanguage":"gl-ES","@id":"https://focolares.es/#/schema/logo/image/","url":"https://focolares.es/wp-content/uploads/2024/03/Logo_focolares-1024x944-1.jpg","contentUrl":"https://focolares.es/wp-content/uploads/2024/03/Logo_focolares-1024x944-1.jpg","width":1024,"height":944,"caption":"Movimiento de los Focolares"},"image":{"@id":"https://focolares.es/#/schema/logo/image/"}}]}</script>
<!-- / Yoast SEO plugin. -->

Recoñecerse a si mesmo 5 (en liña) - Movemento dos Focolares

Movemento dos Focolares UPM Recoñécese Os estatutos: ruta e espello LECCIÓN 5 Como ler os Estatutos

Movimiento de los Focolares UPM Reconocer-se Los estatutos: ruta y espejo LECCIÓN 5 Cómo leer los Estatutos
