{"id":14693,"date":"2025-01-28T11:13:03","date_gmt":"2025-01-28T10:13:03","guid":{"rendered":"https:\/\/focolares.es\/?post_type=tribe_events&#038;p=14693"},"modified":"2025-05-08T12:42:32","modified_gmt":"2025-05-08T10:42:32","slug":"santa-sofia-a-xestacion-dun-simbolo","status":"publish","type":"tribe_events","link":"https:\/\/focolares.es\/gl\/agenda\/santa-sofia-la-gestacion-de-un-simbolo\/","title":{"rendered":"Santa Sof\u00eda: A creaci\u00f3n dun s\u00edmbolo (en li\u00f1a)"},"content":{"rendered":"<p>Profesor\/a: <strong>Antonio Sotillo<\/strong>, arquitecto.<\/p>\n<p>Ofr\u00e9cese unha viaxe dende a concepci\u00f3n ata a inauguraci\u00f3n desta obra emblem\u00e1tica da cultura bizantina do s\u00e9culo VI na magn\u00edfica Constantinopla, hoxe Istambul: a <strong>Santa Sof\u00eda<\/strong>.<\/p>\n<p>Desde unha perspectiva arquitect\u00f3nica e historiogr\u00e1fica, Antonio Sotillo contaranos as condici\u00f3ns da s\u00faa aparici\u00f3n, o proceso de construci\u00f3n e o seu momento de maior esplendor; todo isto influenciado polas fortes e ineludibles influencias socioecon\u00f3micas, pol\u00edticas e relixiosas da \u00e9poca. Tr\u00e1tase dunha fascinante viaxe pola permanencia dun s\u00edmbolo que segue deixando a s\u00faa pegada na conciencia colectiva destes pobos e das tradici\u00f3ns relixiosas pr\u00f3ximas; un s\u00edmbolo que dalg\u00fan xeito nos conecta e nos une a\u00ednda hoxe deste lado do Mediterr\u00e1neo.<\/p>\n<p><a href=\"https:\/\/focolares.es\/wp-content\/uploads\/2025\/01\/Inv-conferencia-junio24.pdf\" target=\"_blank\" rel=\"noopener\">Descargar invitaci\u00f3n con ligaz\u00f3n<\/a><\/p>\n<p>Primeira conferencia coa que se inaugura o <em><strong>Ciclo de conferencias Indigo<\/strong>, unha<\/em>\u00a0un espazo de co\u00f1ecemento, reflexi\u00f3n e di\u00e1logo cos expertos dos Focolares para enriquecer a nosa visi\u00f3n da realidade. Unha serie de conferencias sobre acontecementos e cuesti\u00f3ns relevantes, personaxes hist\u00f3ricos e obxectos do patrimonio cultural da nosa historia espa\u00f1ola, europea e global, que poden ser esenciais para comprender e abordar os retos aos que nos enfrontamos hoxe como sociedades occidentais.<\/p>","protected":false},"excerpt":{"rendered":"<p>Conferencia do arquitecto Antonio Sotillo<\/p>","protected":false},"author":1,"featured_media":14696,"template":"","meta":{"_price":"","_stock":"","_tribe_ticket_header":"","_tribe_default_ticket_provider":"TEC\\Tickets\\Commerce\\Module","_tribe_ticket_capacity":"0","_ticket_start_date":"","_ticket_end_date":"","_tribe_ticket_show_description":"","_tribe_ticket_show_not_going":false,"_tribe_ticket_use_global_stock":"","_tribe_ticket_global_stock_level":"","_global_stock_mode":"","_global_stock_cap":"","_tribe_rsvp_for_event":"","_tribe_ticket_going_count":"","_tribe_ticket_not_going_count":"","_tribe_tickets_list":"[]","_tribe_ticket_has_attendee_info_fields":false,"_tribe_events_status":"","_tribe_events_status_reason":"","footnotes":"","_tec_slr_enabled":"","_tec_slr_layout":""},"tags":[],"tribe_events_cat":[],"class_list":["post-14693","tribe_events","type-tribe_events","status-publish","has-post-thumbnail","hentry"],"yoast_head":"<!-- This site is optimized with the Yoast SEO plugin v27.2 - https:\/\/yoast.com\/product\/yoast-seo-wordpress\/ -->\n<title>Santa Sof\u00eda: la gestaci\u00f3n de un s\u00edmbolo (online) - Movimiento de los Focolares<\/title>\n<meta name=\"description\" content=\"Movimiento de los Focolares Desde la gestaci\u00f3n a la inauguraci\u00f3n de esta obra emblem\u00e1tica de la cultura bizantina en Constantinopla.\" \/>\n<meta name=\"robots\" content=\"index, follow, max-snippet:-1, max-image-preview:large, max-video-preview:-1\" \/>\n<link rel=\"canonical\" href=\"https:\/\/focolares.es\/gl\/axenda\/santa-sofia-a-xestacion-dun-simbolo\/\" \/>\n<meta property=\"og:locale\" content=\"gl_ES\" \/>\n<meta property=\"og:type\" content=\"article\" \/>\n<meta property=\"og:title\" content=\"Santa Sof\u00eda: la gestaci\u00f3n de un s\u00edmbolo (online) - Movimiento de los Focolares\" \/>\n<meta property=\"og:description\" content=\"Movimiento de los Focolares Desde la gestaci\u00f3n a la inauguraci\u00f3n de esta obra emblem\u00e1tica de la cultura bizantina en Constantinopla.\" \/>\n<meta property=\"og:url\" content=\"https:\/\/focolares.es\/gl\/axenda\/santa-sofia-a-xestacion-dun-simbolo\/\" \/>\n<meta property=\"og:site_name\" content=\"Movimiento de los Focolares\" \/>\n<meta property=\"article:modified_time\" content=\"2025-05-08T10:42:32+00:00\" \/>\n<meta property=\"og:image\" content=\"https:\/\/focolares.es\/wp-content\/uploads\/2025\/01\/Santa-Sofia-20.06.2024-comp.jpg\" \/>\n\t<meta property=\"og:image:width\" content=\"900\" \/>\n\t<meta property=\"og:image:height\" content=\"600\" \/>\n\t<meta property=\"og:image:type\" content=\"image\/jpeg\" \/>\n<meta name=\"twitter:card\" content=\"summary_large_image\" \/>\n<meta name=\"twitter:label1\" content=\"Tempo de lectura\" \/>\n\t<meta name=\"twitter:data1\" content=\"2 minutos\" \/>\n<script type=\"application\/ld+json\" class=\"yoast-schema-graph\">{\"@context\":\"https:\/\/schema.org\",\"@graph\":[{\"@type\":\"WebPage\",\"@id\":\"https:\/\/focolares.es\/agenda\/santa-sofia-la-gestacion-de-un-simbolo\/\",\"url\":\"https:\/\/focolares.es\/agenda\/santa-sofia-la-gestacion-de-un-simbolo\/\",\"name\":\"Santa Sof\u00eda: la gestaci\u00f3n de un s\u00edmbolo (online) - Movimiento de los Focolares\",\"isPartOf\":{\"@id\":\"https:\/\/focolares.es\/#website\"},\"primaryImageOfPage\":{\"@id\":\"https:\/\/focolares.es\/agenda\/santa-sofia-la-gestacion-de-un-simbolo\/#primaryimage\"},\"image\":{\"@id\":\"https:\/\/focolares.es\/agenda\/santa-sofia-la-gestacion-de-un-simbolo\/#primaryimage\"},\"thumbnailUrl\":\"https:\/\/focolares.es\/wp-content\/uploads\/2025\/01\/Santa-Sofia-20.06.2024-comp.jpg\",\"datePublished\":\"2025-01-28T10:13:03+00:00\",\"dateModified\":\"2025-05-08T10:42:32+00:00\",\"description\":\"Movimiento de los Focolares Desde la gestaci\u00f3n a la inauguraci\u00f3n de esta obra emblem\u00e1tica de la cultura bizantina en Constantinopla.\",\"breadcrumb\":{\"@id\":\"https:\/\/focolares.es\/agenda\/santa-sofia-la-gestacion-de-un-simbolo\/#breadcrumb\"},\"inLanguage\":\"gl-ES\",\"potentialAction\":[{\"@type\":\"ReadAction\",\"target\":[\"https:\/\/focolares.es\/agenda\/santa-sofia-la-gestacion-de-un-simbolo\/\"]}]},{\"@type\":\"ImageObject\",\"inLanguage\":\"gl-ES\",\"@id\":\"https:\/\/focolares.es\/agenda\/santa-sofia-la-gestacion-de-un-simbolo\/#primaryimage\",\"url\":\"https:\/\/focolares.es\/wp-content\/uploads\/2025\/01\/Santa-Sofia-20.06.2024-comp.jpg\",\"contentUrl\":\"https:\/\/focolares.es\/wp-content\/uploads\/2025\/01\/Santa-Sofia-20.06.2024-comp.jpg\",\"width\":900,\"height\":600},{\"@type\":\"BreadcrumbList\",\"@id\":\"https:\/\/focolares.es\/agenda\/santa-sofia-la-gestacion-de-un-simbolo\/#breadcrumb\",\"itemListElement\":[{\"@type\":\"ListItem\",\"position\":1,\"name\":\"Portada\",\"item\":\"https:\/\/focolares.es\/\"},{\"@type\":\"ListItem\",\"position\":2,\"name\":\"Eventos\",\"item\":\"https:\/\/focolares.es\/events\/\"},{\"@type\":\"ListItem\",\"position\":3,\"name\":\"Santa Sof\u00eda: la gestaci\u00f3n de un s\u00edmbolo (online)\"}]},{\"@type\":\"WebSite\",\"@id\":\"https:\/\/focolares.es\/#website\",\"url\":\"https:\/\/focolares.es\/\",\"name\":\"Movimiento de los Focolares\",\"description\":\"\",\"publisher\":{\"@id\":\"https:\/\/focolares.es\/#organization\"},\"potentialAction\":[{\"@type\":\"SearchAction\",\"target\":{\"@type\":\"EntryPoint\",\"urlTemplate\":\"https:\/\/focolares.es\/?s={search_term_string}\"},\"query-input\":{\"@type\":\"PropertyValueSpecification\",\"valueRequired\":true,\"valueName\":\"search_term_string\"}}],\"inLanguage\":\"gl-ES\"},{\"@type\":\"Organization\",\"@id\":\"https:\/\/focolares.es\/#organization\",\"name\":\"Movimiento de los Focolares\",\"url\":\"https:\/\/focolares.es\/\",\"logo\":{\"@type\":\"ImageObject\",\"inLanguage\":\"gl-ES\",\"@id\":\"https:\/\/focolares.es\/#\/schema\/logo\/image\/\",\"url\":\"https:\/\/focolares.es\/wp-content\/uploads\/2024\/03\/Logo_focolares-1024x944-1.jpg\",\"contentUrl\":\"https:\/\/focolares.es\/wp-content\/uploads\/2024\/03\/Logo_focolares-1024x944-1.jpg\",\"width\":1024,\"height\":944,\"caption\":\"Movimiento de los Focolares\"},\"image\":{\"@id\":\"https:\/\/focolares.es\/#\/schema\/logo\/image\/\"}}]}<\/script>\n<!-- \/ Yoast SEO plugin. -->","yoast_head_json":{"title":"Santa Sof\u00eda: A creaci\u00f3n dun s\u00edmbolo (en li\u00f1a) - Movemento dos Focolares","description":"Movemento dos Focolares Dende a concepci\u00f3n ata a inauguraci\u00f3n desta obra emblem\u00e1tica da cultura bizantina en Constantinopla.","robots":{"index":"index","follow":"follow","max-snippet":"max-snippet:-1","max-image-preview":"max-image-preview:large","max-video-preview":"max-video-preview:-1"},"canonical":"https:\/\/focolares.es\/gl\/axenda\/santa-sofia-a-xestacion-dun-simbolo\/","og_locale":"gl_ES","og_type":"article","og_title":"Santa Sof\u00eda: la gestaci\u00f3n de un s\u00edmbolo (online) - Movimiento de los Focolares","og_description":"Movimiento de los Focolares Desde la gestaci\u00f3n a la inauguraci\u00f3n de esta obra emblem\u00e1tica de la cultura bizantina en Constantinopla.","og_url":"https:\/\/focolares.es\/gl\/axenda\/santa-sofia-a-xestacion-dun-simbolo\/","og_site_name":"Movimiento de los Focolares","article_modified_time":"2025-05-08T10:42:32+00:00","og_image":[{"width":900,"height":600,"url":"https:\/\/focolares.es\/wp-content\/uploads\/2025\/01\/Santa-Sofia-20.06.2024-comp.jpg","type":"image\/jpeg"}],"twitter_card":"summary_large_image","twitter_misc":{"Tempo de lectura":"2 minutos"},"schema":{"@context":"https:\/\/schema.org","@graph":[{"@type":"WebPage","@id":"https:\/\/focolares.es\/agenda\/santa-sofia-la-gestacion-de-un-simbolo\/","url":"https:\/\/focolares.es\/agenda\/santa-sofia-la-gestacion-de-un-simbolo\/","name":"Santa Sof\u00eda: A creaci\u00f3n dun s\u00edmbolo (en li\u00f1a) - Movemento dos Focolares","isPartOf":{"@id":"https:\/\/focolares.es\/#website"},"primaryImageOfPage":{"@id":"https:\/\/focolares.es\/agenda\/santa-sofia-la-gestacion-de-un-simbolo\/#primaryimage"},"image":{"@id":"https:\/\/focolares.es\/agenda\/santa-sofia-la-gestacion-de-un-simbolo\/#primaryimage"},"thumbnailUrl":"https:\/\/focolares.es\/wp-content\/uploads\/2025\/01\/Santa-Sofia-20.06.2024-comp.jpg","datePublished":"2025-01-28T10:13:03+00:00","dateModified":"2025-05-08T10:42:32+00:00","description":"Movemento dos Focolares Dende a concepci\u00f3n ata a inauguraci\u00f3n desta obra emblem\u00e1tica da cultura bizantina en Constantinopla.","breadcrumb":{"@id":"https:\/\/focolares.es\/agenda\/santa-sofia-la-gestacion-de-un-simbolo\/#breadcrumb"},"inLanguage":"gl-ES","potentialAction":[{"@type":"ReadAction","target":["https:\/\/focolares.es\/agenda\/santa-sofia-la-gestacion-de-un-simbolo\/"]}]},{"@type":"ImageObject","inLanguage":"gl-ES","@id":"https:\/\/focolares.es\/agenda\/santa-sofia-la-gestacion-de-un-simbolo\/#primaryimage","url":"https:\/\/focolares.es\/wp-content\/uploads\/2025\/01\/Santa-Sofia-20.06.2024-comp.jpg","contentUrl":"https:\/\/focolares.es\/wp-content\/uploads\/2025\/01\/Santa-Sofia-20.06.2024-comp.jpg","width":900,"height":600},{"@type":"BreadcrumbList","@id":"https:\/\/focolares.es\/agenda\/santa-sofia-la-gestacion-de-un-simbolo\/#breadcrumb","itemListElement":[{"@type":"ListItem","position":1,"name":"Portada","item":"https:\/\/focolares.es\/"},{"@type":"ListItem","position":2,"name":"Eventos","item":"https:\/\/focolares.es\/events\/"},{"@type":"ListItem","position":3,"name":"Santa Sof\u00eda: la gestaci\u00f3n de un s\u00edmbolo (online)"}]},{"@type":"WebSite","@id":"https:\/\/focolares.es\/#website","url":"https:\/\/focolares.es\/","name":"Movemento dos Focolares","description":"","publisher":{"@id":"https:\/\/focolares.es\/#organization"},"potentialAction":[{"@type":"SearchAction","target":{"@type":"EntryPoint","urlTemplate":"https:\/\/focolares.es\/?s={search_term_string}"},"query-input":{"@type":"PropertyValueSpecification","valueRequired":true,"valueName":"search_term_string"}}],"inLanguage":"gl-ES"},{"@type":"Organization","@id":"https:\/\/focolares.es\/#organization","name":"Movemento dos Focolares","url":"https:\/\/focolares.es\/","logo":{"@type":"ImageObject","inLanguage":"gl-ES","@id":"https:\/\/focolares.es\/#\/schema\/logo\/image\/","url":"https:\/\/focolares.es\/wp-content\/uploads\/2024\/03\/Logo_focolares-1024x944-1.jpg","contentUrl":"https:\/\/focolares.es\/wp-content\/uploads\/2024\/03\/Logo_focolares-1024x944-1.jpg","width":1024,"height":944,"caption":"Movimiento de los Focolares"},"image":{"@id":"https:\/\/focolares.es\/#\/schema\/logo\/image\/"}}]}},"ticketed":false,"_links":{"self":[{"href":"https:\/\/focolares.es\/gl\/wp-json\/wp\/v2\/tribe_events\/14693","targetHints":{"allow":["GET"]}}],"collection":[{"href":"https:\/\/focolares.es\/gl\/wp-json\/wp\/v2\/tribe_events"}],"about":[{"href":"https:\/\/focolares.es\/gl\/wp-json\/wp\/v2\/types\/tribe_events"}],"author":[{"embeddable":true,"href":"https:\/\/focolares.es\/gl\/wp-json\/wp\/v2\/users\/1"}],"version-history":[{"count":5,"href":"https:\/\/focolares.es\/gl\/wp-json\/wp\/v2\/tribe_events\/14693\/revisions"}],"predecessor-version":[{"id":16219,"href":"https:\/\/focolares.es\/gl\/wp-json\/wp\/v2\/tribe_events\/14693\/revisions\/16219"}],"wp:featuredmedia":[{"embeddable":true,"href":"https:\/\/focolares.es\/gl\/wp-json\/wp\/v2\/media\/14696"}],"wp:attachment":[{"href":"https:\/\/focolares.es\/gl\/wp-json\/wp\/v2\/media?parent=14693"}],"wp:term":[{"taxonomy":"post_tag","embeddable":true,"href":"https:\/\/focolares.es\/gl\/wp-json\/wp\/v2\/tags?post=14693"},{"taxonomy":"tribe_events_cat","embeddable":true,"href":"https:\/\/focolares.es\/gl\/wp-json\/wp\/v2\/tribe_events_cat?post=14693"}],"curies":[{"name":"wp","href":"https:\/\/api.w.org\/{rel}","templated":true}]}}

Santa Sofía: A creación dun símbolo (en liña)

<p>Profesor/a: <strong>Antonio Sotillo</strong>, arquitecto.</p>
<p>Ofrécese unha viaxe dende a concepción ata a inauguración desta obra emblemática da cultura bizantina do século VI na magnífica Constantinopla, hoxe Istambul: a <strong>Santa Sofía</strong>.</p>
<p>Desde unha perspectiva arquitectónica e historiográfica, Antonio Sotillo contaranos as condicións da súa aparición, o proceso de construción e o seu momento de maior esplendor; todo isto influenciado polas fortes e ineludibles influencias socioeconómicas, políticas e relixiosas da época. Trátase dunha fascinante viaxe pola permanencia dun símbolo que segue deixando a súa pegada na conciencia colectiva destes pobos e das tradicións relixiosas próximas; un símbolo que dalgún xeito nos conecta e nos une aínda hoxe deste lado do Mediterráneo.</p>
<p><a href="https://focolares.es/wp-content/uploads/2025/01/Inv-conferencia-junio24.pdf" target="_blank" rel="noopener">Descargar invitación con ligazón</a></p>
<p>Primeira conferencia coa que se inaugura o <em><strong>Ciclo de conferencias Indigo</strong>, unha</em> un espazo de coñecemento, reflexión e diálogo cos expertos dos Focolares para enriquecer a nosa visión da realidade. Unha serie de conferencias sobre acontecementos e cuestións relevantes, personaxes históricos e obxectos do patrimonio cultural da nosa historia española, europea e global, que poden ser esenciais para comprender e abordar os retos aos que nos enfrontamos hoxe como sociedades occidentais.</p>

<!-- This site is optimized with the Yoast SEO plugin v27.2 - https://yoast.com/product/yoast-seo-wordpress/ -->
<title>Santa Sofía: la gestación de un símbolo (online) - Movimiento de los Focolares</title>
<meta name="description" content="Movimiento de los Focolares Desde la gestación a la inauguración de esta obra emblemática de la cultura bizantina en Constantinopla." />
<meta name="robots" content="index, follow, max-snippet:-1, max-image-preview:large, max-video-preview:-1" />
<link rel="canonical" href="https://focolares.es/gl/axenda/santa-sofia-a-xestacion-dun-simbolo/" />
<meta property="og:locale" content="gl_ES" />
<meta property="og:type" content="article" />
<meta property="og:title" content="Santa Sofía: la gestación de un símbolo (online) - Movimiento de los Focolares" />
<meta property="og:description" content="Movimiento de los Focolares Desde la gestación a la inauguración de esta obra emblemática de la cultura bizantina en Constantinopla." />
<meta property="og:url" content="https://focolares.es/gl/axenda/santa-sofia-a-xestacion-dun-simbolo/" />
<meta property="og:site_name" content="Movimiento de los Focolares" />
<meta property="article:modified_time" content="2025-05-08T10:42:32+00:00" />
<meta property="og:image" content="https://focolares.es/wp-content/uploads/2025/01/Santa-Sofia-20.06.2024-comp.jpg" />
	<meta property="og:image:width" content="900" />
	<meta property="og:image:height" content="600" />
	<meta property="og:image:type" content="image/jpeg" />
<meta name="twitter:card" content="summary_large_image" />
<meta name="twitter:label1" content="Tempo de lectura" />
	<meta name="twitter:data1" content="2 minutos" />
<script type="application/ld+json" class="yoast-schema-graph">{"@context":"https://schema.org","@graph":[{"@type":"WebPage","@id":"https://focolares.es/agenda/santa-sofia-la-gestacion-de-un-simbolo/","url":"https://focolares.es/agenda/santa-sofia-la-gestacion-de-un-simbolo/","name":"Santa Sofía: la gestación de un símbolo (online) - Movimiento de los Focolares","isPartOf":{"@id":"https://focolares.es/#website"},"primaryImageOfPage":{"@id":"https://focolares.es/agenda/santa-sofia-la-gestacion-de-un-simbolo/#primaryimage"},"image":{"@id":"https://focolares.es/agenda/santa-sofia-la-gestacion-de-un-simbolo/#primaryimage"},"thumbnailUrl":"https://focolares.es/wp-content/uploads/2025/01/Santa-Sofia-20.06.2024-comp.jpg","datePublished":"2025-01-28T10:13:03+00:00","dateModified":"2025-05-08T10:42:32+00:00","description":"Movimiento de los Focolares Desde la gestación a la inauguración de esta obra emblemática de la cultura bizantina en Constantinopla.","breadcrumb":{"@id":"https://focolares.es/agenda/santa-sofia-la-gestacion-de-un-simbolo/#breadcrumb"},"inLanguage":"gl-ES","potentialAction":[{"@type":"ReadAction","target":["https://focolares.es/agenda/santa-sofia-la-gestacion-de-un-simbolo/"]}]},{"@type":"ImageObject","inLanguage":"gl-ES","@id":"https://focolares.es/agenda/santa-sofia-la-gestacion-de-un-simbolo/#primaryimage","url":"https://focolares.es/wp-content/uploads/2025/01/Santa-Sofia-20.06.2024-comp.jpg","contentUrl":"https://focolares.es/wp-content/uploads/2025/01/Santa-Sofia-20.06.2024-comp.jpg","width":900,"height":600},{"@type":"BreadcrumbList","@id":"https://focolares.es/agenda/santa-sofia-la-gestacion-de-un-simbolo/#breadcrumb","itemListElement":[{"@type":"ListItem","position":1,"name":"Portada","item":"https://focolares.es/"},{"@type":"ListItem","position":2,"name":"Eventos","item":"https://focolares.es/events/"},{"@type":"ListItem","position":3,"name":"Santa Sofía: la gestación de un símbolo (online)"}]},{"@type":"WebSite","@id":"https://focolares.es/#website","url":"https://focolares.es/","name":"Movimiento de los Focolares","description":"","publisher":{"@id":"https://focolares.es/#organization"},"potentialAction":[{"@type":"SearchAction","target":{"@type":"EntryPoint","urlTemplate":"https://focolares.es/?s={search_term_string}"},"query-input":{"@type":"PropertyValueSpecification","valueRequired":true,"valueName":"search_term_string"}}],"inLanguage":"gl-ES"},{"@type":"Organization","@id":"https://focolares.es/#organization","name":"Movimiento de los Focolares","url":"https://focolares.es/","logo":{"@type":"ImageObject","inLanguage":"gl-ES","@id":"https://focolares.es/#/schema/logo/image/","url":"https://focolares.es/wp-content/uploads/2024/03/Logo_focolares-1024x944-1.jpg","contentUrl":"https://focolares.es/wp-content/uploads/2024/03/Logo_focolares-1024x944-1.jpg","width":1024,"height":944,"caption":"Movimiento de los Focolares"},"image":{"@id":"https://focolares.es/#/schema/logo/image/"}}]}</script>
<!-- / Yoast SEO plugin. -->

Santa Sofía: A creación dun símbolo (en liña) - Movemento dos Focolares

Movemento dos Focolares Dende a concepción ata a inauguración desta obra emblemática da cultura bizantina en Constantinopla.

Santa Sofía: la gestación de un símbolo (online) - Movimiento de los Focolares

Movimiento de los Focolares Desde la gestación a la inauguración de esta obra emblemática de la cultura bizantina en Constantinopla.

Santa Sofía: la gestación de un símbolo (online)
