{"id":14701,"date":"2025-01-28T12:16:55","date_gmt":"2025-01-28T11:16:55","guid":{"rendered":"https:\/\/focolares.es\/?post_type=tribe_events&#038;p=14701"},"modified":"2025-02-01T10:02:44","modified_gmt":"2025-02-01T09:02:44","slug":"imos-a-valladolid","status":"publish","type":"tribe_events","link":"https:\/\/focolares.es\/gl\/agenda\/nos-vamos-a-valladolid\/","title":{"rendered":"Imos a Valladolid!"},"content":{"rendered":"<p>Ofrecendo formaci\u00f3n e vida familiar, con ou sen fillos, ou en caso de viuvez ou separaci\u00f3n.<\/p>\n<p>Podes rexistrarte neste <a href=\"https:\/\/docs.google.com\/forms\/d\/e\/1FAIpQLScispa3V6cC7OU1E4xNhucoBBYm62TmPKFcG-jLBJakR-pDSw\/viewform\" target=\"_blank\" rel=\"noopener\">forma<\/a>.<\/p>\n<p>Aberto a todas as familias que desexen participar, no marco do ano xubilar da\u00a0<em>Santuario mariano do<\/em>\u00a0<em>Divina Providencia<\/em>, e tit\u00falase &#039;V\u00e9n o teu Reino&#039;. Podes vir acompa\u00f1ado dos teus amigos. O programa incluir\u00e1 momentos did\u00e1cticos e unha visita guiada por Valladolid e o santuario. Haber\u00e1 un programa para nenos, nenas e garder\u00edas.<\/p>\n<p><a href=\"https:\/\/focolares.es\/wp-content\/uploads\/2025\/01\/Valladolid_Junio-2024-1.pdf\" target=\"_blank\" rel=\"noopener\">Descarga a invitaci\u00f3n con m\u00e1is informaci\u00f3n<\/a><\/p>\n<hr \/>\n<p><strong>Destinatario:<\/strong>\u00a0Todas as familias que queiran participar<\/p>\n<p><strong>Lugar:<\/strong>\u00a0Centro Diocesano de Espiritualidade (Bas\u00edlica de la Gran Promesa de Valladolid)<\/p>\n<p><strong>Prezos:<\/strong><\/p>\n<ul>\n<li>O prezo adulto \u00e9 de 110 \u20ac en pensi\u00f3n completa.<\/li>\n<li>Nenos entre 4 e 9 anos inclusive, 70\u20ac e<\/li>\n<li>Os nenos menores de 4 anos son GRATIS.<\/li>\n<\/ul>\n<p><strong>Contacto:<\/strong>\u00a0Juan Baraibar -\u00a0<strong>Tel\u00e9fono:<\/strong>\u00a0627171724 \u2013\u00a0<strong>correo electr\u00f3nico:<\/strong>\u00a0<a href=\"mailto:juanbaraibarlopez@yahoo.es\">juanbaraibarlopez@yahoo.es<\/a><\/p>","protected":false},"excerpt":{"rendered":"<p>Oferta de formaci\u00f3n e convivencia familiar.<\/p>","protected":false},"author":1,"featured_media":14703,"template":"","meta":{"_price":"","_stock":"","_tribe_ticket_header":"","_tribe_default_ticket_provider":"TEC\\Tickets\\Commerce\\Module","_tribe_ticket_capacity":"0","_ticket_start_date":"","_ticket_end_date":"","_tribe_ticket_show_description":"","_tribe_ticket_show_not_going":false,"_tribe_ticket_use_global_stock":"","_tribe_ticket_global_stock_level":"","_global_stock_mode":"","_global_stock_cap":"","_tribe_rsvp_for_event":"","_tribe_ticket_going_count":"","_tribe_ticket_not_going_count":"","_tribe_tickets_list":"[]","_tribe_ticket_has_attendee_info_fields":false,"_tribe_events_status":"","_tribe_events_status_reason":"","footnotes":"","_tec_slr_enabled":"","_tec_slr_layout":""},"tags":[],"tribe_events_cat":[],"class_list":["post-14701","tribe_events","type-tribe_events","status-publish","has-post-thumbnail","hentry"],"yoast_head":"<!-- This site is optimized with the Yoast SEO plugin v27.2 - https:\/\/yoast.com\/product\/yoast-seo-wordpress\/ -->\n<title>\u00a1Nos vamos a Valladolid! - Movimiento de los Focolares<\/title>\n<meta name=\"description\" content=\"Movimiento de los Focolares Formaci\u00f3n y convivencia familiar,\u00a0con los hijos o sin ellos, o bien en situaci\u00f3n de viudedad o separaci\u00f3n.\" \/>\n<meta name=\"robots\" content=\"index, follow, max-snippet:-1, max-image-preview:large, max-video-preview:-1\" \/>\n<link rel=\"canonical\" href=\"https:\/\/focolares.es\/gl\/axenda\/imos-a-valladolid\/\" \/>\n<meta property=\"og:locale\" content=\"gl_ES\" \/>\n<meta property=\"og:type\" content=\"article\" \/>\n<meta property=\"og:title\" content=\"\u00a1Nos vamos a Valladolid! - Movimiento de los Focolares\" \/>\n<meta property=\"og:description\" content=\"Movimiento de los Focolares Formaci\u00f3n y convivencia familiar,\u00a0con los hijos o sin ellos, o bien en situaci\u00f3n de viudedad o separaci\u00f3n.\" \/>\n<meta property=\"og:url\" content=\"https:\/\/focolares.es\/gl\/axenda\/imos-a-valladolid\/\" \/>\n<meta property=\"og:site_name\" content=\"Movimiento de los Focolares\" \/>\n<meta property=\"article:modified_time\" content=\"2025-02-01T09:02:44+00:00\" \/>\n<meta property=\"og:image\" content=\"https:\/\/focolares.es\/wp-content\/uploads\/2025\/01\/FN-Valladolid.jpg\" \/>\n\t<meta property=\"og:image:width\" content=\"900\" \/>\n\t<meta property=\"og:image:height\" content=\"600\" \/>\n\t<meta property=\"og:image:type\" content=\"image\/jpeg\" \/>\n<meta name=\"twitter:card\" content=\"summary_large_image\" \/>\n<meta name=\"twitter:label1\" content=\"Tempo de lectura\" \/>\n\t<meta name=\"twitter:data1\" content=\"1 minuto\" \/>\n<script type=\"application\/ld+json\" class=\"yoast-schema-graph\">{\"@context\":\"https:\/\/schema.org\",\"@graph\":[{\"@type\":\"WebPage\",\"@id\":\"https:\/\/focolares.es\/agenda\/nos-vamos-a-valladolid\/\",\"url\":\"https:\/\/focolares.es\/agenda\/nos-vamos-a-valladolid\/\",\"name\":\"\u00a1Nos vamos a Valladolid! - Movimiento de los Focolares\",\"isPartOf\":{\"@id\":\"https:\/\/focolares.es\/#website\"},\"primaryImageOfPage\":{\"@id\":\"https:\/\/focolares.es\/agenda\/nos-vamos-a-valladolid\/#primaryimage\"},\"image\":{\"@id\":\"https:\/\/focolares.es\/agenda\/nos-vamos-a-valladolid\/#primaryimage\"},\"thumbnailUrl\":\"https:\/\/focolares.es\/wp-content\/uploads\/2025\/01\/FN-Valladolid.jpg\",\"datePublished\":\"2025-01-28T11:16:55+00:00\",\"dateModified\":\"2025-02-01T09:02:44+00:00\",\"description\":\"Movimiento de los Focolares Formaci\u00f3n y convivencia familiar,\u00a0con los hijos o sin ellos, o bien en situaci\u00f3n de viudedad o separaci\u00f3n.\",\"breadcrumb\":{\"@id\":\"https:\/\/focolares.es\/agenda\/nos-vamos-a-valladolid\/#breadcrumb\"},\"inLanguage\":\"gl-ES\",\"potentialAction\":[{\"@type\":\"ReadAction\",\"target\":[\"https:\/\/focolares.es\/agenda\/nos-vamos-a-valladolid\/\"]}]},{\"@type\":\"ImageObject\",\"inLanguage\":\"gl-ES\",\"@id\":\"https:\/\/focolares.es\/agenda\/nos-vamos-a-valladolid\/#primaryimage\",\"url\":\"https:\/\/focolares.es\/wp-content\/uploads\/2025\/01\/FN-Valladolid.jpg\",\"contentUrl\":\"https:\/\/focolares.es\/wp-content\/uploads\/2025\/01\/FN-Valladolid.jpg\",\"width\":900,\"height\":600},{\"@type\":\"BreadcrumbList\",\"@id\":\"https:\/\/focolares.es\/agenda\/nos-vamos-a-valladolid\/#breadcrumb\",\"itemListElement\":[{\"@type\":\"ListItem\",\"position\":1,\"name\":\"Portada\",\"item\":\"https:\/\/focolares.es\/\"},{\"@type\":\"ListItem\",\"position\":2,\"name\":\"Eventos\",\"item\":\"https:\/\/focolares.es\/events\/\"},{\"@type\":\"ListItem\",\"position\":3,\"name\":\"\u00a1Nos vamos a Valladolid!\"}]},{\"@type\":\"WebSite\",\"@id\":\"https:\/\/focolares.es\/#website\",\"url\":\"https:\/\/focolares.es\/\",\"name\":\"Movimiento de los Focolares\",\"description\":\"\",\"publisher\":{\"@id\":\"https:\/\/focolares.es\/#organization\"},\"potentialAction\":[{\"@type\":\"SearchAction\",\"target\":{\"@type\":\"EntryPoint\",\"urlTemplate\":\"https:\/\/focolares.es\/?s={search_term_string}\"},\"query-input\":{\"@type\":\"PropertyValueSpecification\",\"valueRequired\":true,\"valueName\":\"search_term_string\"}}],\"inLanguage\":\"gl-ES\"},{\"@type\":\"Organization\",\"@id\":\"https:\/\/focolares.es\/#organization\",\"name\":\"Movimiento de los Focolares\",\"url\":\"https:\/\/focolares.es\/\",\"logo\":{\"@type\":\"ImageObject\",\"inLanguage\":\"gl-ES\",\"@id\":\"https:\/\/focolares.es\/#\/schema\/logo\/image\/\",\"url\":\"https:\/\/focolares.es\/wp-content\/uploads\/2024\/03\/Logo_focolares-1024x944-1.jpg\",\"contentUrl\":\"https:\/\/focolares.es\/wp-content\/uploads\/2024\/03\/Logo_focolares-1024x944-1.jpg\",\"width\":1024,\"height\":944,\"caption\":\"Movimiento de los Focolares\"},\"image\":{\"@id\":\"https:\/\/focolares.es\/#\/schema\/logo\/image\/\"}}]}<\/script>\n<!-- \/ Yoast SEO plugin. -->","yoast_head_json":{"title":"Imos a Valladolid! - Movemento dos Focolares","description":"Movemento dos Focolares Formaci\u00f3n e convivencia familiar, con ou sen fillos, ou en situaci\u00f3n de viuvez ou separaci\u00f3n.","robots":{"index":"index","follow":"follow","max-snippet":"max-snippet:-1","max-image-preview":"max-image-preview:large","max-video-preview":"max-video-preview:-1"},"canonical":"https:\/\/focolares.es\/gl\/axenda\/imos-a-valladolid\/","og_locale":"gl_ES","og_type":"article","og_title":"\u00a1Nos vamos a Valladolid! - Movimiento de los Focolares","og_description":"Movimiento de los Focolares Formaci\u00f3n y convivencia familiar,\u00a0con los hijos o sin ellos, o bien en situaci\u00f3n de viudedad o separaci\u00f3n.","og_url":"https:\/\/focolares.es\/gl\/axenda\/imos-a-valladolid\/","og_site_name":"Movimiento de los Focolares","article_modified_time":"2025-02-01T09:02:44+00:00","og_image":[{"width":900,"height":600,"url":"https:\/\/focolares.es\/wp-content\/uploads\/2025\/01\/FN-Valladolid.jpg","type":"image\/jpeg"}],"twitter_card":"summary_large_image","twitter_misc":{"Tempo de lectura":"1 minuto"},"schema":{"@context":"https:\/\/schema.org","@graph":[{"@type":"WebPage","@id":"https:\/\/focolares.es\/agenda\/nos-vamos-a-valladolid\/","url":"https:\/\/focolares.es\/agenda\/nos-vamos-a-valladolid\/","name":"Imos a Valladolid! - Movemento dos Focolares","isPartOf":{"@id":"https:\/\/focolares.es\/#website"},"primaryImageOfPage":{"@id":"https:\/\/focolares.es\/agenda\/nos-vamos-a-valladolid\/#primaryimage"},"image":{"@id":"https:\/\/focolares.es\/agenda\/nos-vamos-a-valladolid\/#primaryimage"},"thumbnailUrl":"https:\/\/focolares.es\/wp-content\/uploads\/2025\/01\/FN-Valladolid.jpg","datePublished":"2025-01-28T11:16:55+00:00","dateModified":"2025-02-01T09:02:44+00:00","description":"Movemento dos Focolares Formaci\u00f3n e convivencia familiar, con ou sen fillos, ou en situaci\u00f3n de viuvez ou separaci\u00f3n.","breadcrumb":{"@id":"https:\/\/focolares.es\/agenda\/nos-vamos-a-valladolid\/#breadcrumb"},"inLanguage":"gl-ES","potentialAction":[{"@type":"ReadAction","target":["https:\/\/focolares.es\/agenda\/nos-vamos-a-valladolid\/"]}]},{"@type":"ImageObject","inLanguage":"gl-ES","@id":"https:\/\/focolares.es\/agenda\/nos-vamos-a-valladolid\/#primaryimage","url":"https:\/\/focolares.es\/wp-content\/uploads\/2025\/01\/FN-Valladolid.jpg","contentUrl":"https:\/\/focolares.es\/wp-content\/uploads\/2025\/01\/FN-Valladolid.jpg","width":900,"height":600},{"@type":"BreadcrumbList","@id":"https:\/\/focolares.es\/agenda\/nos-vamos-a-valladolid\/#breadcrumb","itemListElement":[{"@type":"ListItem","position":1,"name":"Portada","item":"https:\/\/focolares.es\/"},{"@type":"ListItem","position":2,"name":"Eventos","item":"https:\/\/focolares.es\/events\/"},{"@type":"ListItem","position":3,"name":"\u00a1Nos vamos a Valladolid!"}]},{"@type":"WebSite","@id":"https:\/\/focolares.es\/#website","url":"https:\/\/focolares.es\/","name":"Movemento dos Focolares","description":"","publisher":{"@id":"https:\/\/focolares.es\/#organization"},"potentialAction":[{"@type":"SearchAction","target":{"@type":"EntryPoint","urlTemplate":"https:\/\/focolares.es\/?s={search_term_string}"},"query-input":{"@type":"PropertyValueSpecification","valueRequired":true,"valueName":"search_term_string"}}],"inLanguage":"gl-ES"},{"@type":"Organization","@id":"https:\/\/focolares.es\/#organization","name":"Movemento dos Focolares","url":"https:\/\/focolares.es\/","logo":{"@type":"ImageObject","inLanguage":"gl-ES","@id":"https:\/\/focolares.es\/#\/schema\/logo\/image\/","url":"https:\/\/focolares.es\/wp-content\/uploads\/2024\/03\/Logo_focolares-1024x944-1.jpg","contentUrl":"https:\/\/focolares.es\/wp-content\/uploads\/2024\/03\/Logo_focolares-1024x944-1.jpg","width":1024,"height":944,"caption":"Movimiento de los Focolares"},"image":{"@id":"https:\/\/focolares.es\/#\/schema\/logo\/image\/"}}]}},"ticketed":false,"_links":{"self":[{"href":"https:\/\/focolares.es\/gl\/wp-json\/wp\/v2\/tribe_events\/14701","targetHints":{"allow":["GET"]}}],"collection":[{"href":"https:\/\/focolares.es\/gl\/wp-json\/wp\/v2\/tribe_events"}],"about":[{"href":"https:\/\/focolares.es\/gl\/wp-json\/wp\/v2\/types\/tribe_events"}],"author":[{"embeddable":true,"href":"https:\/\/focolares.es\/gl\/wp-json\/wp\/v2\/users\/1"}],"version-history":[{"count":3,"href":"https:\/\/focolares.es\/gl\/wp-json\/wp\/v2\/tribe_events\/14701\/revisions"}],"predecessor-version":[{"id":14919,"href":"https:\/\/focolares.es\/gl\/wp-json\/wp\/v2\/tribe_events\/14701\/revisions\/14919"}],"wp:featuredmedia":[{"embeddable":true,"href":"https:\/\/focolares.es\/gl\/wp-json\/wp\/v2\/media\/14703"}],"wp:attachment":[{"href":"https:\/\/focolares.es\/gl\/wp-json\/wp\/v2\/media?parent=14701"}],"wp:term":[{"taxonomy":"post_tag","embeddable":true,"href":"https:\/\/focolares.es\/gl\/wp-json\/wp\/v2\/tags?post=14701"},{"taxonomy":"tribe_events_cat","embeddable":true,"href":"https:\/\/focolares.es\/gl\/wp-json\/wp\/v2\/tribe_events_cat?post=14701"}],"curies":[{"name":"wp","href":"https:\/\/api.w.org\/{rel}","templated":true}]}}

<p>Ofrecendo formación e vida familiar, con ou sen fillos, ou en caso de viuvez ou separación.</p>
<p>Podes rexistrarte neste <a href="https://docs.google.com/forms/d/e/1FAIpQLScispa3V6cC7OU1E4xNhucoBBYm62TmPKFcG-jLBJakR-pDSw/viewform" target="_blank" rel="noopener">forma</a>.</p>
<p>Aberto a todas as familias que desexen participar, no marco do ano xubilar da <em>Santuario mariano do</em> <em>Divina Providencia</em>, e titúlase &#039;Vén o teu Reino&#039;. Podes vir acompañado dos teus amigos. O programa incluirá momentos didácticos e unha visita guiada por Valladolid e o santuario. Haberá un programa para nenos, nenas e garderías.</p>
<p><a href="https://focolares.es/wp-content/uploads/2025/01/Valladolid_Junio-2024-1.pdf" target="_blank" rel="noopener">Descarga a invitación con máis información</a></p>
<hr />
<p><strong>Destinatario:</strong> Todas as familias que queiran participar</p>
<p><strong>Lugar:</strong> Centro Diocesano de Espiritualidade (Basílica de la Gran Promesa de Valladolid)</p>
<p><strong>Prezos:</strong></p>
<ul>
<li>O prezo adulto é de 110 € en pensión completa.</li>
<li>Nenos entre 4 e 9 anos inclusive, 70€ e</li>
<li>Os nenos menores de 4 anos son GRATIS.</li>
</ul>
<p><strong>Contacto:</strong> Juan Baraibar - <strong>Teléfono:</strong> 627171724 – <strong>correo electrónico:</strong> <a href="mailto:juanbaraibarlopez@yahoo.es">juanbaraibarlopez@yahoo.es</a></p>

<p>Oferta de formación e convivencia familiar.</p>

<!-- This site is optimized with the Yoast SEO plugin v27.2 - https://yoast.com/product/yoast-seo-wordpress/ -->
<title>¡Nos vamos a Valladolid! - Movimiento de los Focolares</title>
<meta name="description" content="Movimiento de los Focolares Formación y convivencia familiar, con los hijos o sin ellos, o bien en situación de viudedad o separación." />
<meta name="robots" content="index, follow, max-snippet:-1, max-image-preview:large, max-video-preview:-1" />
<link rel="canonical" href="https://focolares.es/gl/axenda/imos-a-valladolid/" />
<meta property="og:locale" content="gl_ES" />
<meta property="og:type" content="article" />
<meta property="og:title" content="¡Nos vamos a Valladolid! - Movimiento de los Focolares" />
<meta property="og:description" content="Movimiento de los Focolares Formación y convivencia familiar, con los hijos o sin ellos, o bien en situación de viudedad o separación." />
<meta property="og:url" content="https://focolares.es/gl/axenda/imos-a-valladolid/" />
<meta property="og:site_name" content="Movimiento de los Focolares" />
<meta property="article:modified_time" content="2025-02-01T09:02:44+00:00" />
<meta property="og:image" content="https://focolares.es/wp-content/uploads/2025/01/FN-Valladolid.jpg" />
	<meta property="og:image:width" content="900" />
	<meta property="og:image:height" content="600" />
	<meta property="og:image:type" content="image/jpeg" />
<meta name="twitter:card" content="summary_large_image" />
<meta name="twitter:label1" content="Tempo de lectura" />
	<meta name="twitter:data1" content="1 minuto" />
<script type="application/ld+json" class="yoast-schema-graph">{"@context":"https://schema.org","@graph":[{"@type":"WebPage","@id":"https://focolares.es/agenda/nos-vamos-a-valladolid/","url":"https://focolares.es/agenda/nos-vamos-a-valladolid/","name":"¡Nos vamos a Valladolid! - Movimiento de los Focolares","isPartOf":{"@id":"https://focolares.es/#website"},"primaryImageOfPage":{"@id":"https://focolares.es/agenda/nos-vamos-a-valladolid/#primaryimage"},"image":{"@id":"https://focolares.es/agenda/nos-vamos-a-valladolid/#primaryimage"},"thumbnailUrl":"https://focolares.es/wp-content/uploads/2025/01/FN-Valladolid.jpg","datePublished":"2025-01-28T11:16:55+00:00","dateModified":"2025-02-01T09:02:44+00:00","description":"Movimiento de los Focolares Formación y convivencia familiar, con los hijos o sin ellos, o bien en situación de viudedad o separación.","breadcrumb":{"@id":"https://focolares.es/agenda/nos-vamos-a-valladolid/#breadcrumb"},"inLanguage":"gl-ES","potentialAction":[{"@type":"ReadAction","target":["https://focolares.es/agenda/nos-vamos-a-valladolid/"]}]},{"@type":"ImageObject","inLanguage":"gl-ES","@id":"https://focolares.es/agenda/nos-vamos-a-valladolid/#primaryimage","url":"https://focolares.es/wp-content/uploads/2025/01/FN-Valladolid.jpg","contentUrl":"https://focolares.es/wp-content/uploads/2025/01/FN-Valladolid.jpg","width":900,"height":600},{"@type":"BreadcrumbList","@id":"https://focolares.es/agenda/nos-vamos-a-valladolid/#breadcrumb","itemListElement":[{"@type":"ListItem","position":1,"name":"Portada","item":"https://focolares.es/"},{"@type":"ListItem","position":2,"name":"Eventos","item":"https://focolares.es/events/"},{"@type":"ListItem","position":3,"name":"¡Nos vamos a Valladolid!"}]},{"@type":"WebSite","@id":"https://focolares.es/#website","url":"https://focolares.es/","name":"Movimiento de los Focolares","description":"","publisher":{"@id":"https://focolares.es/#organization"},"potentialAction":[{"@type":"SearchAction","target":{"@type":"EntryPoint","urlTemplate":"https://focolares.es/?s={search_term_string}"},"query-input":{"@type":"PropertyValueSpecification","valueRequired":true,"valueName":"search_term_string"}}],"inLanguage":"gl-ES"},{"@type":"Organization","@id":"https://focolares.es/#organization","name":"Movimiento de los Focolares","url":"https://focolares.es/","logo":{"@type":"ImageObject","inLanguage":"gl-ES","@id":"https://focolares.es/#/schema/logo/image/","url":"https://focolares.es/wp-content/uploads/2024/03/Logo_focolares-1024x944-1.jpg","contentUrl":"https://focolares.es/wp-content/uploads/2024/03/Logo_focolares-1024x944-1.jpg","width":1024,"height":944,"caption":"Movimiento de los Focolares"},"image":{"@id":"https://focolares.es/#/schema/logo/image/"}}]}</script>
<!-- / Yoast SEO plugin. -->

Movemento dos Focolares Formación e convivencia familiar, con ou sen fillos, ou en situación de viuvez ou separación.

Movimiento de los Focolares Formación y convivencia familiar, con los hijos o sin ellos, o bien en situación de viudedad o separación.
