{"id":16135,"date":"2025-05-06T23:32:00","date_gmt":"2025-05-06T21:32:00","guid":{"rendered":"https:\/\/focolares.es\/?post_type=tribe_events&#038;p=16135"},"modified":"2025-08-07T17:31:39","modified_gmt":"2025-08-07T15:31:39","slug":"concerto-de-mosaico-en-bilbao","status":"publish","type":"tribe_events","link":"https:\/\/focolares.es\/gl\/agenda\/concierto-de-mosaico-en-bilbao\/","title":{"rendered":"Concerto de Mosaic en Bilbao"},"content":{"rendered":"<p>\u00a1COMEZA BILBAO! Mosaico no Pa\u00eds Vasco por primeira vez!<\/p>\n<p>Non pasaron nin cinco meses dende o acontecemento que marcou un punto de inflexi\u00f3n no noso pa\u00eds, e xa parece que o esquecemos... mentres tanto, Valencia e o resto das zonas afectadas pola DANA seguen loitando.<\/p>\n<p>Non queremos esquecer. Non queremos esquecer o sufrimento das persoas que o viviron en primeira persoa. Non queremos esquecer a desolaci\u00f3n que sentiron, o abandono... e non queremos esquecer os seus berros de axuda.<\/p>\n<p>Todos os beneficios doaranse para axudar aos afectados polo desastre de DANA en Valencia, a trav\u00e9s da asociaci\u00f3n New Family Actions.<\/p>\n<p>Para facer unha doaz\u00f3n, acceda ao sitio web de Vivetix, cos seguintes datos <a href=\"https:\/\/vivetix.com\/es\/entradas-mosaico-yo-por-ti-tour-bilbao-70xg#\/suprr2ENaP1\" target=\"_blank\" rel=\"noopener\">ligaz\u00f3n.<\/a> &quot;Fila 0&quot; dispo\u00f1ible.<\/p>\n<p><a href=\"https:\/\/focolares.es\/wp-content\/uploads\/2025\/05\/IMG-Invitacion-Mosaico-Bilbao-2025.jpg\">Ligaz\u00f3n \u00e1 invitaci\u00f3n<\/a><\/p>","protected":false},"excerpt":{"rendered":"<p>Mosaico presenta o seu espect\u00e1culo &quot;YO POR TI tour&quot;.<\/p>","protected":false},"author":8,"featured_media":16140,"template":"","meta":{"_price":"","_stock":"","_tribe_ticket_header":"","_tribe_default_ticket_provider":"TEC\\Tickets\\Commerce\\Module","_tribe_ticket_capacity":"0","_ticket_start_date":"","_ticket_end_date":"","_tribe_ticket_show_description":"","_tribe_ticket_show_not_going":false,"_tribe_ticket_use_global_stock":"","_tribe_ticket_global_stock_level":"","_global_stock_mode":"","_global_stock_cap":"","_tribe_rsvp_for_event":"","_tribe_ticket_going_count":"","_tribe_ticket_not_going_count":"","_tribe_tickets_list":"[]","_tribe_ticket_has_attendee_info_fields":false,"_tribe_events_status":"","_tribe_events_status_reason":"","footnotes":"","_tec_slr_enabled":"","_tec_slr_layout":""},"tags":[40],"tribe_events_cat":[],"class_list":["post-16135","tribe_events","type-tribe_events","status-publish","has-post-thumbnail","hentry","tag-dialogo-y-fraternidad"],"yoast_head":"<!-- This site is optimized with the Yoast SEO plugin v27.2 - https:\/\/yoast.com\/product\/yoast-seo-wordpress\/ -->\n<title>Concierto de Mosaico en Bilbao - Movimiento de los Focolares<\/title>\n<meta name=\"description\" content=\"Mosaico en Euskadi por primera vez. Todos lo recaudado ser\u00e1 destinado a ayudar a los damnificados por la DANA en Valencia.\" \/>\n<meta name=\"robots\" content=\"index, follow, max-snippet:-1, max-image-preview:large, max-video-preview:-1\" \/>\n<link rel=\"canonical\" href=\"https:\/\/focolares.es\/gl\/axenda\/concerto-de-mosaico-en-bilbao\/\" \/>\n<meta property=\"og:locale\" content=\"gl_ES\" \/>\n<meta property=\"og:type\" content=\"article\" \/>\n<meta property=\"og:title\" content=\"Concierto de Mosaico en Bilbao - Movimiento de los Focolares\" \/>\n<meta property=\"og:description\" content=\"Mosaico en Euskadi por primera vez. Todos lo recaudado ser\u00e1 destinado a ayudar a los damnificados por la DANA en Valencia.\" \/>\n<meta property=\"og:url\" content=\"https:\/\/focolares.es\/gl\/axenda\/concerto-de-mosaico-en-bilbao\/\" \/>\n<meta property=\"og:site_name\" content=\"Movimiento de los Focolares\" \/>\n<meta property=\"article:modified_time\" content=\"2025-08-07T15:31:39+00:00\" \/>\n<meta property=\"og:image\" content=\"https:\/\/focolares.es\/wp-content\/uploads\/2025\/05\/IMG-Dest-Mosaico-Yo_por_ti_2025.jpg\" \/>\n\t<meta property=\"og:image:width\" content=\"904\" \/>\n\t<meta property=\"og:image:height\" content=\"509\" \/>\n\t<meta property=\"og:image:type\" content=\"image\/jpeg\" \/>\n<meta name=\"twitter:card\" content=\"summary_large_image\" \/>\n<meta name=\"twitter:label1\" content=\"Tempo de lectura\" \/>\n\t<meta name=\"twitter:data1\" content=\"1 minuto\" \/>\n<script type=\"application\/ld+json\" class=\"yoast-schema-graph\">{\"@context\":\"https:\/\/schema.org\",\"@graph\":[{\"@type\":\"WebPage\",\"@id\":\"https:\/\/focolares.es\/agenda\/concierto-de-mosaico-en-bilbao\/\",\"url\":\"https:\/\/focolares.es\/agenda\/concierto-de-mosaico-en-bilbao\/\",\"name\":\"Concierto de Mosaico en Bilbao - Movimiento de los Focolares\",\"isPartOf\":{\"@id\":\"https:\/\/focolares.es\/#website\"},\"primaryImageOfPage\":{\"@id\":\"https:\/\/focolares.es\/agenda\/concierto-de-mosaico-en-bilbao\/#primaryimage\"},\"image\":{\"@id\":\"https:\/\/focolares.es\/agenda\/concierto-de-mosaico-en-bilbao\/#primaryimage\"},\"thumbnailUrl\":\"https:\/\/focolares.es\/wp-content\/uploads\/2025\/05\/IMG-Dest-Mosaico-Yo_por_ti_2025.jpg\",\"datePublished\":\"2025-05-06T21:32:00+00:00\",\"dateModified\":\"2025-08-07T15:31:39+00:00\",\"description\":\"Mosaico en Euskadi por primera vez. Todos lo recaudado ser\u00e1 destinado a ayudar a los damnificados por la DANA en Valencia.\",\"breadcrumb\":{\"@id\":\"https:\/\/focolares.es\/agenda\/concierto-de-mosaico-en-bilbao\/#breadcrumb\"},\"inLanguage\":\"gl-ES\",\"potentialAction\":[{\"@type\":\"ReadAction\",\"target\":[\"https:\/\/focolares.es\/agenda\/concierto-de-mosaico-en-bilbao\/\"]}]},{\"@type\":\"ImageObject\",\"inLanguage\":\"gl-ES\",\"@id\":\"https:\/\/focolares.es\/agenda\/concierto-de-mosaico-en-bilbao\/#primaryimage\",\"url\":\"https:\/\/focolares.es\/wp-content\/uploads\/2025\/05\/IMG-Dest-Mosaico-Yo_por_ti_2025.jpg\",\"contentUrl\":\"https:\/\/focolares.es\/wp-content\/uploads\/2025\/05\/IMG-Dest-Mosaico-Yo_por_ti_2025.jpg\",\"width\":904,\"height\":509},{\"@type\":\"BreadcrumbList\",\"@id\":\"https:\/\/focolares.es\/agenda\/concierto-de-mosaico-en-bilbao\/#breadcrumb\",\"itemListElement\":[{\"@type\":\"ListItem\",\"position\":1,\"name\":\"Portada\",\"item\":\"https:\/\/focolares.es\/\"},{\"@type\":\"ListItem\",\"position\":2,\"name\":\"Eventos\",\"item\":\"https:\/\/focolares.es\/events\/\"},{\"@type\":\"ListItem\",\"position\":3,\"name\":\"Concierto de Mosaico en Bilbao\"}]},{\"@type\":\"WebSite\",\"@id\":\"https:\/\/focolares.es\/#website\",\"url\":\"https:\/\/focolares.es\/\",\"name\":\"Movimiento de los Focolares\",\"description\":\"\",\"publisher\":{\"@id\":\"https:\/\/focolares.es\/#organization\"},\"potentialAction\":[{\"@type\":\"SearchAction\",\"target\":{\"@type\":\"EntryPoint\",\"urlTemplate\":\"https:\/\/focolares.es\/?s={search_term_string}\"},\"query-input\":{\"@type\":\"PropertyValueSpecification\",\"valueRequired\":true,\"valueName\":\"search_term_string\"}}],\"inLanguage\":\"gl-ES\"},{\"@type\":\"Organization\",\"@id\":\"https:\/\/focolares.es\/#organization\",\"name\":\"Movimiento de los Focolares\",\"url\":\"https:\/\/focolares.es\/\",\"logo\":{\"@type\":\"ImageObject\",\"inLanguage\":\"gl-ES\",\"@id\":\"https:\/\/focolares.es\/#\/schema\/logo\/image\/\",\"url\":\"https:\/\/focolares.es\/wp-content\/uploads\/2024\/03\/Logo_focolares-1024x944-1.jpg\",\"contentUrl\":\"https:\/\/focolares.es\/wp-content\/uploads\/2024\/03\/Logo_focolares-1024x944-1.jpg\",\"width\":1024,\"height\":944,\"caption\":\"Movimiento de los Focolares\"},\"image\":{\"@id\":\"https:\/\/focolares.es\/#\/schema\/logo\/image\/\"}}]}<\/script>\n<!-- \/ Yoast SEO plugin. -->","yoast_head_json":{"title":"Concerto Mosaico en Bilbao - Movemento dos Focolares","description":"Mosaico no Pa\u00eds Vasco por primeira vez. Todos os beneficios ir\u00e1n destinados a axudar aos afectados polo furac\u00e1n Irma en Valencia.","robots":{"index":"index","follow":"follow","max-snippet":"max-snippet:-1","max-image-preview":"max-image-preview:large","max-video-preview":"max-video-preview:-1"},"canonical":"https:\/\/focolares.es\/gl\/axenda\/concerto-de-mosaico-en-bilbao\/","og_locale":"gl_ES","og_type":"article","og_title":"Concierto de Mosaico en Bilbao - Movimiento de los Focolares","og_description":"Mosaico en Euskadi por primera vez. Todos lo recaudado ser\u00e1 destinado a ayudar a los damnificados por la DANA en Valencia.","og_url":"https:\/\/focolares.es\/gl\/axenda\/concerto-de-mosaico-en-bilbao\/","og_site_name":"Movimiento de los Focolares","article_modified_time":"2025-08-07T15:31:39+00:00","og_image":[{"width":904,"height":509,"url":"https:\/\/focolares.es\/wp-content\/uploads\/2025\/05\/IMG-Dest-Mosaico-Yo_por_ti_2025.jpg","type":"image\/jpeg"}],"twitter_card":"summary_large_image","twitter_misc":{"Tempo de lectura":"1 minuto"},"schema":{"@context":"https:\/\/schema.org","@graph":[{"@type":"WebPage","@id":"https:\/\/focolares.es\/agenda\/concierto-de-mosaico-en-bilbao\/","url":"https:\/\/focolares.es\/agenda\/concierto-de-mosaico-en-bilbao\/","name":"Concerto Mosaico en Bilbao - Movemento dos Focolares","isPartOf":{"@id":"https:\/\/focolares.es\/#website"},"primaryImageOfPage":{"@id":"https:\/\/focolares.es\/agenda\/concierto-de-mosaico-en-bilbao\/#primaryimage"},"image":{"@id":"https:\/\/focolares.es\/agenda\/concierto-de-mosaico-en-bilbao\/#primaryimage"},"thumbnailUrl":"https:\/\/focolares.es\/wp-content\/uploads\/2025\/05\/IMG-Dest-Mosaico-Yo_por_ti_2025.jpg","datePublished":"2025-05-06T21:32:00+00:00","dateModified":"2025-08-07T15:31:39+00:00","description":"Mosaico no Pa\u00eds Vasco por primeira vez. Todos os beneficios ir\u00e1n destinados a axudar aos afectados polo furac\u00e1n Irma en Valencia.","breadcrumb":{"@id":"https:\/\/focolares.es\/agenda\/concierto-de-mosaico-en-bilbao\/#breadcrumb"},"inLanguage":"gl-ES","potentialAction":[{"@type":"ReadAction","target":["https:\/\/focolares.es\/agenda\/concierto-de-mosaico-en-bilbao\/"]}]},{"@type":"ImageObject","inLanguage":"gl-ES","@id":"https:\/\/focolares.es\/agenda\/concierto-de-mosaico-en-bilbao\/#primaryimage","url":"https:\/\/focolares.es\/wp-content\/uploads\/2025\/05\/IMG-Dest-Mosaico-Yo_por_ti_2025.jpg","contentUrl":"https:\/\/focolares.es\/wp-content\/uploads\/2025\/05\/IMG-Dest-Mosaico-Yo_por_ti_2025.jpg","width":904,"height":509},{"@type":"BreadcrumbList","@id":"https:\/\/focolares.es\/agenda\/concierto-de-mosaico-en-bilbao\/#breadcrumb","itemListElement":[{"@type":"ListItem","position":1,"name":"Portada","item":"https:\/\/focolares.es\/"},{"@type":"ListItem","position":2,"name":"Eventos","item":"https:\/\/focolares.es\/events\/"},{"@type":"ListItem","position":3,"name":"Concierto de Mosaico en Bilbao"}]},{"@type":"WebSite","@id":"https:\/\/focolares.es\/#website","url":"https:\/\/focolares.es\/","name":"Movemento dos Focolares","description":"","publisher":{"@id":"https:\/\/focolares.es\/#organization"},"potentialAction":[{"@type":"SearchAction","target":{"@type":"EntryPoint","urlTemplate":"https:\/\/focolares.es\/?s={search_term_string}"},"query-input":{"@type":"PropertyValueSpecification","valueRequired":true,"valueName":"search_term_string"}}],"inLanguage":"gl-ES"},{"@type":"Organization","@id":"https:\/\/focolares.es\/#organization","name":"Movemento dos Focolares","url":"https:\/\/focolares.es\/","logo":{"@type":"ImageObject","inLanguage":"gl-ES","@id":"https:\/\/focolares.es\/#\/schema\/logo\/image\/","url":"https:\/\/focolares.es\/wp-content\/uploads\/2024\/03\/Logo_focolares-1024x944-1.jpg","contentUrl":"https:\/\/focolares.es\/wp-content\/uploads\/2024\/03\/Logo_focolares-1024x944-1.jpg","width":1024,"height":944,"caption":"Movimiento de los Focolares"},"image":{"@id":"https:\/\/focolares.es\/#\/schema\/logo\/image\/"}}]}},"ticketed":false,"_links":{"self":[{"href":"https:\/\/focolares.es\/gl\/wp-json\/wp\/v2\/tribe_events\/16135","targetHints":{"allow":["GET"]}}],"collection":[{"href":"https:\/\/focolares.es\/gl\/wp-json\/wp\/v2\/tribe_events"}],"about":[{"href":"https:\/\/focolares.es\/gl\/wp-json\/wp\/v2\/types\/tribe_events"}],"author":[{"embeddable":true,"href":"https:\/\/focolares.es\/gl\/wp-json\/wp\/v2\/users\/8"}],"version-history":[{"count":10,"href":"https:\/\/focolares.es\/gl\/wp-json\/wp\/v2\/tribe_events\/16135\/revisions"}],"predecessor-version":[{"id":16159,"href":"https:\/\/focolares.es\/gl\/wp-json\/wp\/v2\/tribe_events\/16135\/revisions\/16159"}],"wp:featuredmedia":[{"embeddable":true,"href":"https:\/\/focolares.es\/gl\/wp-json\/wp\/v2\/media\/16140"}],"wp:attachment":[{"href":"https:\/\/focolares.es\/gl\/wp-json\/wp\/v2\/media?parent=16135"}],"wp:term":[{"taxonomy":"post_tag","embeddable":true,"href":"https:\/\/focolares.es\/gl\/wp-json\/wp\/v2\/tags?post=16135"},{"taxonomy":"tribe_events_cat","embeddable":true,"href":"https:\/\/focolares.es\/gl\/wp-json\/wp\/v2\/tribe_events_cat?post=16135"}],"curies":[{"name":"wp","href":"https:\/\/api.w.org\/{rel}","templated":true}]}}

<p>¡COMEZA BILBAO! Mosaico no País Vasco por primeira vez!</p>
<p>Non pasaron nin cinco meses dende o acontecemento que marcou un punto de inflexión no noso país, e xa parece que o esquecemos... mentres tanto, Valencia e o resto das zonas afectadas pola DANA seguen loitando.</p>
<p>Non queremos esquecer. Non queremos esquecer o sufrimento das persoas que o viviron en primeira persoa. Non queremos esquecer a desolación que sentiron, o abandono... e non queremos esquecer os seus berros de axuda.</p>
<p>Todos os beneficios doaranse para axudar aos afectados polo desastre de DANA en Valencia, a través da asociación New Family Actions.</p>
<p>Para facer unha doazón, acceda ao sitio web de Vivetix, cos seguintes datos <a href="https://vivetix.com/es/entradas-mosaico-yo-por-ti-tour-bilbao-70xg#/suprr2ENaP1" target="_blank" rel="noopener">ligazón.</a> &quot;Fila 0&quot; dispoñible.</p>
<p><a href="https://focolares.es/wp-content/uploads/2025/05/IMG-Invitacion-Mosaico-Bilbao-2025.jpg">Ligazón á invitación</a></p>

<p>Mosaico presenta o seu espectáculo &quot;YO POR TI tour&quot;.</p>

<!-- This site is optimized with the Yoast SEO plugin v27.2 - https://yoast.com/product/yoast-seo-wordpress/ -->
<title>Concierto de Mosaico en Bilbao - Movimiento de los Focolares</title>
<meta name="description" content="Mosaico en Euskadi por primera vez. Todos lo recaudado será destinado a ayudar a los damnificados por la DANA en Valencia." />
<meta name="robots" content="index, follow, max-snippet:-1, max-image-preview:large, max-video-preview:-1" />
<link rel="canonical" href="https://focolares.es/gl/axenda/concerto-de-mosaico-en-bilbao/" />
<meta property="og:locale" content="gl_ES" />
<meta property="og:type" content="article" />
<meta property="og:title" content="Concierto de Mosaico en Bilbao - Movimiento de los Focolares" />
<meta property="og:description" content="Mosaico en Euskadi por primera vez. Todos lo recaudado será destinado a ayudar a los damnificados por la DANA en Valencia." />
<meta property="og:url" content="https://focolares.es/gl/axenda/concerto-de-mosaico-en-bilbao/" />
<meta property="og:site_name" content="Movimiento de los Focolares" />
<meta property="article:modified_time" content="2025-08-07T15:31:39+00:00" />
<meta property="og:image" content="https://focolares.es/wp-content/uploads/2025/05/IMG-Dest-Mosaico-Yo_por_ti_2025.jpg" />
	<meta property="og:image:width" content="904" />
	<meta property="og:image:height" content="509" />
	<meta property="og:image:type" content="image/jpeg" />
<meta name="twitter:card" content="summary_large_image" />
<meta name="twitter:label1" content="Tempo de lectura" />
	<meta name="twitter:data1" content="1 minuto" />
<script type="application/ld+json" class="yoast-schema-graph">{"@context":"https://schema.org","@graph":[{"@type":"WebPage","@id":"https://focolares.es/agenda/concierto-de-mosaico-en-bilbao/","url":"https://focolares.es/agenda/concierto-de-mosaico-en-bilbao/","name":"Concierto de Mosaico en Bilbao - Movimiento de los Focolares","isPartOf":{"@id":"https://focolares.es/#website"},"primaryImageOfPage":{"@id":"https://focolares.es/agenda/concierto-de-mosaico-en-bilbao/#primaryimage"},"image":{"@id":"https://focolares.es/agenda/concierto-de-mosaico-en-bilbao/#primaryimage"},"thumbnailUrl":"https://focolares.es/wp-content/uploads/2025/05/IMG-Dest-Mosaico-Yo_por_ti_2025.jpg","datePublished":"2025-05-06T21:32:00+00:00","dateModified":"2025-08-07T15:31:39+00:00","description":"Mosaico en Euskadi por primera vez. Todos lo recaudado será destinado a ayudar a los damnificados por la DANA en Valencia.","breadcrumb":{"@id":"https://focolares.es/agenda/concierto-de-mosaico-en-bilbao/#breadcrumb"},"inLanguage":"gl-ES","potentialAction":[{"@type":"ReadAction","target":["https://focolares.es/agenda/concierto-de-mosaico-en-bilbao/"]}]},{"@type":"ImageObject","inLanguage":"gl-ES","@id":"https://focolares.es/agenda/concierto-de-mosaico-en-bilbao/#primaryimage","url":"https://focolares.es/wp-content/uploads/2025/05/IMG-Dest-Mosaico-Yo_por_ti_2025.jpg","contentUrl":"https://focolares.es/wp-content/uploads/2025/05/IMG-Dest-Mosaico-Yo_por_ti_2025.jpg","width":904,"height":509},{"@type":"BreadcrumbList","@id":"https://focolares.es/agenda/concierto-de-mosaico-en-bilbao/#breadcrumb","itemListElement":[{"@type":"ListItem","position":1,"name":"Portada","item":"https://focolares.es/"},{"@type":"ListItem","position":2,"name":"Eventos","item":"https://focolares.es/events/"},{"@type":"ListItem","position":3,"name":"Concierto de Mosaico en Bilbao"}]},{"@type":"WebSite","@id":"https://focolares.es/#website","url":"https://focolares.es/","name":"Movimiento de los Focolares","description":"","publisher":{"@id":"https://focolares.es/#organization"},"potentialAction":[{"@type":"SearchAction","target":{"@type":"EntryPoint","urlTemplate":"https://focolares.es/?s={search_term_string}"},"query-input":{"@type":"PropertyValueSpecification","valueRequired":true,"valueName":"search_term_string"}}],"inLanguage":"gl-ES"},{"@type":"Organization","@id":"https://focolares.es/#organization","name":"Movimiento de los Focolares","url":"https://focolares.es/","logo":{"@type":"ImageObject","inLanguage":"gl-ES","@id":"https://focolares.es/#/schema/logo/image/","url":"https://focolares.es/wp-content/uploads/2024/03/Logo_focolares-1024x944-1.jpg","contentUrl":"https://focolares.es/wp-content/uploads/2024/03/Logo_focolares-1024x944-1.jpg","width":1024,"height":944,"caption":"Movimiento de los Focolares"},"image":{"@id":"https://focolares.es/#/schema/logo/image/"}}]}</script>
<!-- / Yoast SEO plugin. -->

Mosaico no País Vasco por primeira vez. Todos os beneficios irán destinados a axudar aos afectados polo furacán Irma en Valencia.

Mosaico en Euskadi por primera vez. Todos lo recaudado será destinado a ayudar a los damnificados por la DANA en Valencia.
