{"id":16307,"date":"2025-05-12T23:08:25","date_gmt":"2025-05-12T21:08:25","guid":{"rendered":"https:\/\/focolares.es\/?post_type=tribe_events&#038;p=16307"},"modified":"2025-05-15T14:02:24","modified_gmt":"2025-05-15T12:02:24","slug":"caminar-cunha-causa","status":"publish","type":"tribe_events","link":"https:\/\/focolares.es\/gl\/agenda\/caminata-con-causa\/","title":{"rendered":"Cami\u00f1a cunha causa"},"content":{"rendered":"<p><strong>Lloret de Mar \u2013 Sant Pere del Bosc \u2013 Monument de l&#039;\u00c0ngel \u2013 Lloret de Mar<\/strong><\/p>\n<p>Tr\u00e1tase dun paseo agradable e sinxelo, cun percorrido circular duns 10 km, con sa\u00edda e remate en Lloret de Mar.<\/p>\n<p>Tema: &quot;Interioridade e di\u00e1logo&quot;<\/p>\n<p>Acci\u00f3n: Ponte sempre no lugar da outra persoa<\/p>\n<p>Informaci\u00f3n: <a href=\"mailto:ecomon@ecomon.cat\" target=\"_blank\" rel=\"noopener\">ecomon@ecomon.cat<\/a><\/p>","protected":false},"excerpt":{"rendered":"<p>Paseos f\u00e1ciles por fermosos lugares de Catalu\u00f1a, para amantes da natureza e do di\u00e1logo.<\/p>","protected":false},"author":1,"featured_media":16308,"template":"","meta":{"_price":"","_stock":"","_tribe_ticket_header":"","_tribe_default_ticket_provider":"TEC\\Tickets\\Commerce\\Module","_tribe_ticket_capacity":"0","_ticket_start_date":"","_ticket_end_date":"","_tribe_ticket_show_description":"","_tribe_ticket_show_not_going":false,"_tribe_ticket_use_global_stock":"","_tribe_ticket_global_stock_level":"","_global_stock_mode":"","_global_stock_cap":"","_tribe_rsvp_for_event":"","_tribe_ticket_going_count":"","_tribe_ticket_not_going_count":"","_tribe_tickets_list":"[]","_tribe_ticket_has_attendee_info_fields":false,"_tribe_events_status":"","_tribe_events_status_reason":"","footnotes":"","_tec_slr_enabled":"","_tec_slr_layout":""},"tags":[40,57],"tribe_events_cat":[],"class_list":["post-16307","tribe_events","type-tribe_events","status-publish","has-post-thumbnail","hentry","tag-dialogo-y-fraternidad","tag-naturaleza-y-salud"],"yoast_head":"<!-- This site is optimized with the Yoast SEO plugin v27.2 - https:\/\/yoast.com\/product\/yoast-seo-wordpress\/ -->\n<title>Caminata con causa - Movimiento de los Focolares<\/title>\n<meta name=\"description\" content=\"Caminatas con causa, asequibles, por lugares bonitos de Catalu\u00f1a, para amantes de la naturaleza y el di\u00e1logo\" \/>\n<meta name=\"robots\" content=\"index, follow, max-snippet:-1, max-image-preview:large, max-video-preview:-1\" \/>\n<link rel=\"canonical\" href=\"https:\/\/focolares.es\/gl\/axenda\/caminar-cunha-causa\/\" \/>\n<meta property=\"og:locale\" content=\"gl_ES\" \/>\n<meta property=\"og:type\" content=\"article\" \/>\n<meta property=\"og:title\" content=\"Caminata con causa - Movimiento de los Focolares\" \/>\n<meta property=\"og:description\" content=\"Caminatas con causa, asequibles, por lugares bonitos de Catalu\u00f1a, para amantes de la naturaleza y el di\u00e1logo\" \/>\n<meta property=\"og:url\" content=\"https:\/\/focolares.es\/gl\/axenda\/caminar-cunha-causa\/\" \/>\n<meta property=\"og:site_name\" content=\"Movimiento de los Focolares\" \/>\n<meta property=\"article:modified_time\" content=\"2025-05-15T12:02:24+00:00\" \/>\n<meta property=\"og:image\" content=\"https:\/\/focolares.es\/wp-content\/uploads\/2025\/05\/Caminata-con-causa-Lloret.jpg\" \/>\n\t<meta property=\"og:image:width\" content=\"900\" \/>\n\t<meta property=\"og:image:height\" content=\"499\" \/>\n\t<meta property=\"og:image:type\" content=\"image\/jpeg\" \/>\n<meta name=\"twitter:card\" content=\"summary_large_image\" \/>\n<meta name=\"twitter:label1\" content=\"Tempo de lectura\" \/>\n\t<meta name=\"twitter:data1\" content=\"1 minuto\" \/>\n<script type=\"application\/ld+json\" class=\"yoast-schema-graph\">{\"@context\":\"https:\/\/schema.org\",\"@graph\":[{\"@type\":\"WebPage\",\"@id\":\"https:\/\/focolares.es\/agenda\/caminata-con-causa\/\",\"url\":\"https:\/\/focolares.es\/agenda\/caminata-con-causa\/\",\"name\":\"Caminata con causa - Movimiento de los Focolares\",\"isPartOf\":{\"@id\":\"https:\/\/focolares.es\/#website\"},\"primaryImageOfPage\":{\"@id\":\"https:\/\/focolares.es\/agenda\/caminata-con-causa\/#primaryimage\"},\"image\":{\"@id\":\"https:\/\/focolares.es\/agenda\/caminata-con-causa\/#primaryimage\"},\"thumbnailUrl\":\"https:\/\/focolares.es\/wp-content\/uploads\/2025\/05\/Caminata-con-causa-Lloret.jpg\",\"datePublished\":\"2025-05-12T21:08:25+00:00\",\"dateModified\":\"2025-05-15T12:02:24+00:00\",\"description\":\"Caminatas con causa, asequibles, por lugares bonitos de Catalu\u00f1a, para amantes de la naturaleza y el di\u00e1logo\",\"breadcrumb\":{\"@id\":\"https:\/\/focolares.es\/agenda\/caminata-con-causa\/#breadcrumb\"},\"inLanguage\":\"gl-ES\",\"potentialAction\":[{\"@type\":\"ReadAction\",\"target\":[\"https:\/\/focolares.es\/agenda\/caminata-con-causa\/\"]}]},{\"@type\":\"ImageObject\",\"inLanguage\":\"gl-ES\",\"@id\":\"https:\/\/focolares.es\/agenda\/caminata-con-causa\/#primaryimage\",\"url\":\"https:\/\/focolares.es\/wp-content\/uploads\/2025\/05\/Caminata-con-causa-Lloret.jpg\",\"contentUrl\":\"https:\/\/focolares.es\/wp-content\/uploads\/2025\/05\/Caminata-con-causa-Lloret.jpg\",\"width\":900,\"height\":499},{\"@type\":\"BreadcrumbList\",\"@id\":\"https:\/\/focolares.es\/agenda\/caminata-con-causa\/#breadcrumb\",\"itemListElement\":[{\"@type\":\"ListItem\",\"position\":1,\"name\":\"Portada\",\"item\":\"https:\/\/focolares.es\/\"},{\"@type\":\"ListItem\",\"position\":2,\"name\":\"Eventos\",\"item\":\"https:\/\/focolares.es\/events\/\"},{\"@type\":\"ListItem\",\"position\":3,\"name\":\"Caminata con causa\"}]},{\"@type\":\"WebSite\",\"@id\":\"https:\/\/focolares.es\/#website\",\"url\":\"https:\/\/focolares.es\/\",\"name\":\"Movimiento de los Focolares\",\"description\":\"\",\"publisher\":{\"@id\":\"https:\/\/focolares.es\/#organization\"},\"potentialAction\":[{\"@type\":\"SearchAction\",\"target\":{\"@type\":\"EntryPoint\",\"urlTemplate\":\"https:\/\/focolares.es\/?s={search_term_string}\"},\"query-input\":{\"@type\":\"PropertyValueSpecification\",\"valueRequired\":true,\"valueName\":\"search_term_string\"}}],\"inLanguage\":\"gl-ES\"},{\"@type\":\"Organization\",\"@id\":\"https:\/\/focolares.es\/#organization\",\"name\":\"Movimiento de los Focolares\",\"url\":\"https:\/\/focolares.es\/\",\"logo\":{\"@type\":\"ImageObject\",\"inLanguage\":\"gl-ES\",\"@id\":\"https:\/\/focolares.es\/#\/schema\/logo\/image\/\",\"url\":\"https:\/\/focolares.es\/wp-content\/uploads\/2024\/03\/Logo_focolares-1024x944-1.jpg\",\"contentUrl\":\"https:\/\/focolares.es\/wp-content\/uploads\/2024\/03\/Logo_focolares-1024x944-1.jpg\",\"width\":1024,\"height\":944,\"caption\":\"Movimiento de los Focolares\"},\"image\":{\"@id\":\"https:\/\/focolares.es\/#\/schema\/logo\/image\/\"}}]}<\/script>\n<!-- \/ Yoast SEO plugin. -->","yoast_head_json":{"title":"Cami\u00f1ada por unha causa - Movemento dos Focolares","description":"Rutas de sendeirismo econ\u00f3micas e con causa, por fermosos lugares de Catalu\u00f1a, para amantes da natureza e do di\u00e1logo.","robots":{"index":"index","follow":"follow","max-snippet":"max-snippet:-1","max-image-preview":"max-image-preview:large","max-video-preview":"max-video-preview:-1"},"canonical":"https:\/\/focolares.es\/gl\/axenda\/caminar-cunha-causa\/","og_locale":"gl_ES","og_type":"article","og_title":"Caminata con causa - Movimiento de los Focolares","og_description":"Caminatas con causa, asequibles, por lugares bonitos de Catalu\u00f1a, para amantes de la naturaleza y el di\u00e1logo","og_url":"https:\/\/focolares.es\/gl\/axenda\/caminar-cunha-causa\/","og_site_name":"Movimiento de los Focolares","article_modified_time":"2025-05-15T12:02:24+00:00","og_image":[{"width":900,"height":499,"url":"https:\/\/focolares.es\/wp-content\/uploads\/2025\/05\/Caminata-con-causa-Lloret.jpg","type":"image\/jpeg"}],"twitter_card":"summary_large_image","twitter_misc":{"Tempo de lectura":"1 minuto"},"schema":{"@context":"https:\/\/schema.org","@graph":[{"@type":"WebPage","@id":"https:\/\/focolares.es\/agenda\/caminata-con-causa\/","url":"https:\/\/focolares.es\/agenda\/caminata-con-causa\/","name":"Cami\u00f1ada por unha causa - Movemento dos Focolares","isPartOf":{"@id":"https:\/\/focolares.es\/#website"},"primaryImageOfPage":{"@id":"https:\/\/focolares.es\/agenda\/caminata-con-causa\/#primaryimage"},"image":{"@id":"https:\/\/focolares.es\/agenda\/caminata-con-causa\/#primaryimage"},"thumbnailUrl":"https:\/\/focolares.es\/wp-content\/uploads\/2025\/05\/Caminata-con-causa-Lloret.jpg","datePublished":"2025-05-12T21:08:25+00:00","dateModified":"2025-05-15T12:02:24+00:00","description":"Rutas de sendeirismo econ\u00f3micas e con causa, por fermosos lugares de Catalu\u00f1a, para amantes da natureza e do di\u00e1logo.","breadcrumb":{"@id":"https:\/\/focolares.es\/agenda\/caminata-con-causa\/#breadcrumb"},"inLanguage":"gl-ES","potentialAction":[{"@type":"ReadAction","target":["https:\/\/focolares.es\/agenda\/caminata-con-causa\/"]}]},{"@type":"ImageObject","inLanguage":"gl-ES","@id":"https:\/\/focolares.es\/agenda\/caminata-con-causa\/#primaryimage","url":"https:\/\/focolares.es\/wp-content\/uploads\/2025\/05\/Caminata-con-causa-Lloret.jpg","contentUrl":"https:\/\/focolares.es\/wp-content\/uploads\/2025\/05\/Caminata-con-causa-Lloret.jpg","width":900,"height":499},{"@type":"BreadcrumbList","@id":"https:\/\/focolares.es\/agenda\/caminata-con-causa\/#breadcrumb","itemListElement":[{"@type":"ListItem","position":1,"name":"Portada","item":"https:\/\/focolares.es\/"},{"@type":"ListItem","position":2,"name":"Eventos","item":"https:\/\/focolares.es\/events\/"},{"@type":"ListItem","position":3,"name":"Caminata con causa"}]},{"@type":"WebSite","@id":"https:\/\/focolares.es\/#website","url":"https:\/\/focolares.es\/","name":"Movemento dos Focolares","description":"","publisher":{"@id":"https:\/\/focolares.es\/#organization"},"potentialAction":[{"@type":"SearchAction","target":{"@type":"EntryPoint","urlTemplate":"https:\/\/focolares.es\/?s={search_term_string}"},"query-input":{"@type":"PropertyValueSpecification","valueRequired":true,"valueName":"search_term_string"}}],"inLanguage":"gl-ES"},{"@type":"Organization","@id":"https:\/\/focolares.es\/#organization","name":"Movemento dos Focolares","url":"https:\/\/focolares.es\/","logo":{"@type":"ImageObject","inLanguage":"gl-ES","@id":"https:\/\/focolares.es\/#\/schema\/logo\/image\/","url":"https:\/\/focolares.es\/wp-content\/uploads\/2024\/03\/Logo_focolares-1024x944-1.jpg","contentUrl":"https:\/\/focolares.es\/wp-content\/uploads\/2024\/03\/Logo_focolares-1024x944-1.jpg","width":1024,"height":944,"caption":"Movimiento de los Focolares"},"image":{"@id":"https:\/\/focolares.es\/#\/schema\/logo\/image\/"}}]}},"ticketed":false,"_links":{"self":[{"href":"https:\/\/focolares.es\/gl\/wp-json\/wp\/v2\/tribe_events\/16307","targetHints":{"allow":["GET"]}}],"collection":[{"href":"https:\/\/focolares.es\/gl\/wp-json\/wp\/v2\/tribe_events"}],"about":[{"href":"https:\/\/focolares.es\/gl\/wp-json\/wp\/v2\/types\/tribe_events"}],"author":[{"embeddable":true,"href":"https:\/\/focolares.es\/gl\/wp-json\/wp\/v2\/users\/1"}],"version-history":[{"count":6,"href":"https:\/\/focolares.es\/gl\/wp-json\/wp\/v2\/tribe_events\/16307\/revisions"}],"predecessor-version":[{"id":16366,"href":"https:\/\/focolares.es\/gl\/wp-json\/wp\/v2\/tribe_events\/16307\/revisions\/16366"}],"wp:featuredmedia":[{"embeddable":true,"href":"https:\/\/focolares.es\/gl\/wp-json\/wp\/v2\/media\/16308"}],"wp:attachment":[{"href":"https:\/\/focolares.es\/gl\/wp-json\/wp\/v2\/media?parent=16307"}],"wp:term":[{"taxonomy":"post_tag","embeddable":true,"href":"https:\/\/focolares.es\/gl\/wp-json\/wp\/v2\/tags?post=16307"},{"taxonomy":"tribe_events_cat","embeddable":true,"href":"https:\/\/focolares.es\/gl\/wp-json\/wp\/v2\/tribe_events_cat?post=16307"}],"curies":[{"name":"wp","href":"https:\/\/api.w.org\/{rel}","templated":true}]}}

Camiña cunha causa

<p><strong>Lloret de Mar – Sant Pere del Bosc – Monument de l&#039;Àngel – Lloret de Mar</strong></p>
<p>Trátase dun paseo agradable e sinxelo, cun percorrido circular duns 10 km, con saída e remate en Lloret de Mar.</p>
<p>Tema: &quot;Interioridade e diálogo&quot;</p>
<p>Acción: Ponte sempre no lugar da outra persoa</p>
<p>Información: <a href="mailto:ecomon@ecomon.cat" target="_blank" rel="noopener">ecomon@ecomon.cat</a></p>

<p>Paseos fáciles por fermosos lugares de Cataluña, para amantes da natureza e do diálogo.</p>

<!-- This site is optimized with the Yoast SEO plugin v27.2 - https://yoast.com/product/yoast-seo-wordpress/ -->
<title>Caminata con causa - Movimiento de los Focolares</title>
<meta name="description" content="Caminatas con causa, asequibles, por lugares bonitos de Cataluña, para amantes de la naturaleza y el diálogo" />
<meta name="robots" content="index, follow, max-snippet:-1, max-image-preview:large, max-video-preview:-1" />
<link rel="canonical" href="https://focolares.es/gl/axenda/caminar-cunha-causa/" />
<meta property="og:locale" content="gl_ES" />
<meta property="og:type" content="article" />
<meta property="og:title" content="Caminata con causa - Movimiento de los Focolares" />
<meta property="og:description" content="Caminatas con causa, asequibles, por lugares bonitos de Cataluña, para amantes de la naturaleza y el diálogo" />
<meta property="og:url" content="https://focolares.es/gl/axenda/caminar-cunha-causa/" />
<meta property="og:site_name" content="Movimiento de los Focolares" />
<meta property="article:modified_time" content="2025-05-15T12:02:24+00:00" />
<meta property="og:image" content="https://focolares.es/wp-content/uploads/2025/05/Caminata-con-causa-Lloret.jpg" />
	<meta property="og:image:width" content="900" />
	<meta property="og:image:height" content="499" />
	<meta property="og:image:type" content="image/jpeg" />
<meta name="twitter:card" content="summary_large_image" />
<meta name="twitter:label1" content="Tempo de lectura" />
	<meta name="twitter:data1" content="1 minuto" />
<script type="application/ld+json" class="yoast-schema-graph">{"@context":"https://schema.org","@graph":[{"@type":"WebPage","@id":"https://focolares.es/agenda/caminata-con-causa/","url":"https://focolares.es/agenda/caminata-con-causa/","name":"Caminata con causa - Movimiento de los Focolares","isPartOf":{"@id":"https://focolares.es/#website"},"primaryImageOfPage":{"@id":"https://focolares.es/agenda/caminata-con-causa/#primaryimage"},"image":{"@id":"https://focolares.es/agenda/caminata-con-causa/#primaryimage"},"thumbnailUrl":"https://focolares.es/wp-content/uploads/2025/05/Caminata-con-causa-Lloret.jpg","datePublished":"2025-05-12T21:08:25+00:00","dateModified":"2025-05-15T12:02:24+00:00","description":"Caminatas con causa, asequibles, por lugares bonitos de Cataluña, para amantes de la naturaleza y el diálogo","breadcrumb":{"@id":"https://focolares.es/agenda/caminata-con-causa/#breadcrumb"},"inLanguage":"gl-ES","potentialAction":[{"@type":"ReadAction","target":["https://focolares.es/agenda/caminata-con-causa/"]}]},{"@type":"ImageObject","inLanguage":"gl-ES","@id":"https://focolares.es/agenda/caminata-con-causa/#primaryimage","url":"https://focolares.es/wp-content/uploads/2025/05/Caminata-con-causa-Lloret.jpg","contentUrl":"https://focolares.es/wp-content/uploads/2025/05/Caminata-con-causa-Lloret.jpg","width":900,"height":499},{"@type":"BreadcrumbList","@id":"https://focolares.es/agenda/caminata-con-causa/#breadcrumb","itemListElement":[{"@type":"ListItem","position":1,"name":"Portada","item":"https://focolares.es/"},{"@type":"ListItem","position":2,"name":"Eventos","item":"https://focolares.es/events/"},{"@type":"ListItem","position":3,"name":"Caminata con causa"}]},{"@type":"WebSite","@id":"https://focolares.es/#website","url":"https://focolares.es/","name":"Movimiento de los Focolares","description":"","publisher":{"@id":"https://focolares.es/#organization"},"potentialAction":[{"@type":"SearchAction","target":{"@type":"EntryPoint","urlTemplate":"https://focolares.es/?s={search_term_string}"},"query-input":{"@type":"PropertyValueSpecification","valueRequired":true,"valueName":"search_term_string"}}],"inLanguage":"gl-ES"},{"@type":"Organization","@id":"https://focolares.es/#organization","name":"Movimiento de los Focolares","url":"https://focolares.es/","logo":{"@type":"ImageObject","inLanguage":"gl-ES","@id":"https://focolares.es/#/schema/logo/image/","url":"https://focolares.es/wp-content/uploads/2024/03/Logo_focolares-1024x944-1.jpg","contentUrl":"https://focolares.es/wp-content/uploads/2024/03/Logo_focolares-1024x944-1.jpg","width":1024,"height":944,"caption":"Movimiento de los Focolares"},"image":{"@id":"https://focolares.es/#/schema/logo/image/"}}]}</script>
<!-- / Yoast SEO plugin. -->

Camiñada por unha causa - Movemento dos Focolares

Rutas de sendeirismo económicas e con causa, por fermosos lugares de Cataluña, para amantes da natureza e do diálogo.

Caminatas con causa, asequibles, por lugares bonitos de Cataluña, para amantes de la naturaleza y el diálogo
