{"id":17483,"date":"2025-08-30T18:17:34","date_gmt":"2025-08-30T16:17:34","guid":{"rendered":"https:\/\/focolares.es\/?post_type=tribe_events&#038;p=17483"},"modified":"2025-09-30T20:33:04","modified_gmt":"2025-09-30T18:33:04","slug":"ofrecendo-esperanza-para-a-xustiza-climatica-en-lina","status":"publish","type":"tribe_events","link":"https:\/\/focolares.es\/gl\/agenda\/brindando-esperanza-por-la-justicia-climatica-online\/","title":{"rendered":"Dar esperanza para a xustiza clim\u00e1tica (en li\u00f1a)"},"content":{"rendered":"<p>Neste ano extraordinario, que conmemora o d\u00e9cimo aniversario da Laudato Si&#039; e o Acordo de Par\u00eds sobre o cambio clim\u00e1tico, as\u00ed como o Ano Xubilar, reunir\u00e9monos como unha familia mundial de boa vontade para reflexionar xuntos sobre o impacto da enc\u00edclica e trazar un cami\u00f1o para o futuro.<\/p>\n<p><strong>1 de outubro<\/strong>O Papa Le\u00f3n XIV dirixir\u00e1 unha celebraci\u00f3n de esperanza para a nosa casa com\u00fan.<\/p>\n<p><strong>2 e 3 de outubro<\/strong>L\u00edderes dos campos da fe, os movementos, a ciencia e a pol\u00edtica reflexionar\u00e1n sobre o impacto de Laudato Si&#039; e as acci\u00f3ns m\u00e1is eficaces que podemos emprender agora.<\/p>\n<p>\u00danete \u00e1 emisi\u00f3n en directo!<\/p>\n<p><a href=\"https:\/\/raisinghope.earth\/es\/conferencia-brindando-esperanza\/\">Informaci\u00f3n e rexistro<\/a><\/p>","protected":false},"excerpt":{"rendered":"<p>Tres d\u00edas de reflexi\u00f3n sobre o d\u00e9cimo aniversario da enc\u00edclica Laudato Si&#039;<\/p>","protected":false},"author":11,"featured_media":17484,"template":"","meta":{"_price":"","_stock":"","_tribe_ticket_header":"","_tribe_default_ticket_provider":"TEC\\Tickets\\Commerce\\Module","_tribe_ticket_capacity":"0","_ticket_start_date":"","_ticket_end_date":"","_tribe_ticket_show_description":"","_tribe_ticket_show_not_going":false,"_tribe_ticket_use_global_stock":"","_tribe_ticket_global_stock_level":"","_global_stock_mode":"","_global_stock_cap":"","_tribe_rsvp_for_event":"","_tribe_ticket_going_count":"","_tribe_ticket_not_going_count":"","_tribe_tickets_list":"[]","_tribe_ticket_has_attendee_info_fields":false,"_tribe_events_status":"","_tribe_events_status_reason":"","footnotes":"","_tec_slr_enabled":"","_tec_slr_layout":""},"tags":[59],"tribe_events_cat":[],"class_list":["post-17483","tribe_events","type-tribe_events","status-publish","has-post-thumbnail","hentry","tag-humanidades-y-pensamiento"],"yoast_head":"<!-- This site is optimized with the Yoast SEO plugin v27.2 - https:\/\/yoast.com\/product\/yoast-seo-wordpress\/ -->\n<title>Brindando esperanza por la justicia clim\u00e1tica (online) - Movimiento de los Focolares<\/title>\n<meta name=\"description\" content=\"Brindando esperanza: tres d\u00edas de reflexi\u00f3n con motivo del d\u00e9cimo aniversario de la enc\u00edclica Laudato S\u00ed\" \/>\n<meta name=\"robots\" content=\"index, follow, max-snippet:-1, max-image-preview:large, max-video-preview:-1\" \/>\n<link rel=\"canonical\" href=\"https:\/\/focolares.es\/gl\/axenda\/ofrecendo-esperanza-para-a-xustiza-climatica-en-lina\/\" \/>\n<meta property=\"og:locale\" content=\"gl_ES\" \/>\n<meta property=\"og:type\" content=\"article\" \/>\n<meta property=\"og:title\" content=\"Brindando esperanza por la justicia clim\u00e1tica (online) - Movimiento de los Focolares\" \/>\n<meta property=\"og:description\" content=\"Brindando esperanza: tres d\u00edas de reflexi\u00f3n con motivo del d\u00e9cimo aniversario de la enc\u00edclica Laudato S\u00ed\" \/>\n<meta property=\"og:url\" content=\"https:\/\/focolares.es\/gl\/axenda\/ofrecendo-esperanza-para-a-xustiza-climatica-en-lina\/\" \/>\n<meta property=\"og:site_name\" content=\"Movimiento de los Focolares\" \/>\n<meta property=\"article:modified_time\" content=\"2025-09-30T18:33:04+00:00\" \/>\n<meta property=\"og:image\" content=\"https:\/\/focolares.es\/wp-content\/uploads\/2025\/08\/IMG-Brindando-Esperanza.jpg\" \/>\n\t<meta property=\"og:image:width\" content=\"874\" \/>\n\t<meta property=\"og:image:height\" content=\"492\" \/>\n\t<meta property=\"og:image:type\" content=\"image\/jpeg\" \/>\n<meta name=\"twitter:card\" content=\"summary_large_image\" \/>\n<meta name=\"twitter:label1\" content=\"Tempo de lectura\" \/>\n\t<meta name=\"twitter:data1\" content=\"1 minuto\" \/>\n<script type=\"application\/ld+json\" class=\"yoast-schema-graph\">{\"@context\":\"https:\/\/schema.org\",\"@graph\":[{\"@type\":\"WebPage\",\"@id\":\"https:\/\/focolares.es\/agenda\/brindando-esperanza-por-la-justicia-climatica-online\/\",\"url\":\"https:\/\/focolares.es\/agenda\/brindando-esperanza-por-la-justicia-climatica-online\/\",\"name\":\"Brindando esperanza por la justicia clim\u00e1tica (online) - Movimiento de los Focolares\",\"isPartOf\":{\"@id\":\"https:\/\/focolares.es\/#website\"},\"primaryImageOfPage\":{\"@id\":\"https:\/\/focolares.es\/agenda\/brindando-esperanza-por-la-justicia-climatica-online\/#primaryimage\"},\"image\":{\"@id\":\"https:\/\/focolares.es\/agenda\/brindando-esperanza-por-la-justicia-climatica-online\/#primaryimage\"},\"thumbnailUrl\":\"https:\/\/focolares.es\/wp-content\/uploads\/2025\/08\/IMG-Brindando-Esperanza.jpg\",\"datePublished\":\"2025-08-30T16:17:34+00:00\",\"dateModified\":\"2025-09-30T18:33:04+00:00\",\"description\":\"Brindando esperanza: tres d\u00edas de reflexi\u00f3n con motivo del d\u00e9cimo aniversario de la enc\u00edclica Laudato S\u00ed\",\"breadcrumb\":{\"@id\":\"https:\/\/focolares.es\/agenda\/brindando-esperanza-por-la-justicia-climatica-online\/#breadcrumb\"},\"inLanguage\":\"gl-ES\",\"potentialAction\":[{\"@type\":\"ReadAction\",\"target\":[\"https:\/\/focolares.es\/agenda\/brindando-esperanza-por-la-justicia-climatica-online\/\"]}]},{\"@type\":\"ImageObject\",\"inLanguage\":\"gl-ES\",\"@id\":\"https:\/\/focolares.es\/agenda\/brindando-esperanza-por-la-justicia-climatica-online\/#primaryimage\",\"url\":\"https:\/\/focolares.es\/wp-content\/uploads\/2025\/08\/IMG-Brindando-Esperanza.jpg\",\"contentUrl\":\"https:\/\/focolares.es\/wp-content\/uploads\/2025\/08\/IMG-Brindando-Esperanza.jpg\",\"width\":874,\"height\":492},{\"@type\":\"BreadcrumbList\",\"@id\":\"https:\/\/focolares.es\/agenda\/brindando-esperanza-por-la-justicia-climatica-online\/#breadcrumb\",\"itemListElement\":[{\"@type\":\"ListItem\",\"position\":1,\"name\":\"Portada\",\"item\":\"https:\/\/focolares.es\/\"},{\"@type\":\"ListItem\",\"position\":2,\"name\":\"Eventos\",\"item\":\"https:\/\/focolares.es\/events\/\"},{\"@type\":\"ListItem\",\"position\":3,\"name\":\"Brindando esperanza por la justicia clim\u00e1tica (online)\"}]},{\"@type\":\"WebSite\",\"@id\":\"https:\/\/focolares.es\/#website\",\"url\":\"https:\/\/focolares.es\/\",\"name\":\"Movimiento de los Focolares\",\"description\":\"\",\"publisher\":{\"@id\":\"https:\/\/focolares.es\/#organization\"},\"potentialAction\":[{\"@type\":\"SearchAction\",\"target\":{\"@type\":\"EntryPoint\",\"urlTemplate\":\"https:\/\/focolares.es\/?s={search_term_string}\"},\"query-input\":{\"@type\":\"PropertyValueSpecification\",\"valueRequired\":true,\"valueName\":\"search_term_string\"}}],\"inLanguage\":\"gl-ES\"},{\"@type\":\"Organization\",\"@id\":\"https:\/\/focolares.es\/#organization\",\"name\":\"Movimiento de los Focolares\",\"url\":\"https:\/\/focolares.es\/\",\"logo\":{\"@type\":\"ImageObject\",\"inLanguage\":\"gl-ES\",\"@id\":\"https:\/\/focolares.es\/#\/schema\/logo\/image\/\",\"url\":\"https:\/\/focolares.es\/wp-content\/uploads\/2024\/03\/Logo_focolares-1024x944-1.jpg\",\"contentUrl\":\"https:\/\/focolares.es\/wp-content\/uploads\/2024\/03\/Logo_focolares-1024x944-1.jpg\",\"width\":1024,\"height\":944,\"caption\":\"Movimiento de los Focolares\"},\"image\":{\"@id\":\"https:\/\/focolares.es\/#\/schema\/logo\/image\/\"}}]}<\/script>\n<!-- \/ Yoast SEO plugin. -->","yoast_head_json":{"title":"Dar esperanza para a xustiza clim\u00e1tica (en li\u00f1a) - Movemento dos Focolares","description":"Traendo esperanza: Tres d\u00edas de reflexi\u00f3n sobre o d\u00e9cimo aniversario da enc\u00edclica Laudato Si&#039;","robots":{"index":"index","follow":"follow","max-snippet":"max-snippet:-1","max-image-preview":"max-image-preview:large","max-video-preview":"max-video-preview:-1"},"canonical":"https:\/\/focolares.es\/gl\/axenda\/ofrecendo-esperanza-para-a-xustiza-climatica-en-lina\/","og_locale":"gl_ES","og_type":"article","og_title":"Brindando esperanza por la justicia clim\u00e1tica (online) - Movimiento de los Focolares","og_description":"Brindando esperanza: tres d\u00edas de reflexi\u00f3n con motivo del d\u00e9cimo aniversario de la enc\u00edclica Laudato S\u00ed","og_url":"https:\/\/focolares.es\/gl\/axenda\/ofrecendo-esperanza-para-a-xustiza-climatica-en-lina\/","og_site_name":"Movimiento de los Focolares","article_modified_time":"2025-09-30T18:33:04+00:00","og_image":[{"width":874,"height":492,"url":"https:\/\/focolares.es\/wp-content\/uploads\/2025\/08\/IMG-Brindando-Esperanza.jpg","type":"image\/jpeg"}],"twitter_card":"summary_large_image","twitter_misc":{"Tempo de lectura":"1 minuto"},"schema":{"@context":"https:\/\/schema.org","@graph":[{"@type":"WebPage","@id":"https:\/\/focolares.es\/agenda\/brindando-esperanza-por-la-justicia-climatica-online\/","url":"https:\/\/focolares.es\/agenda\/brindando-esperanza-por-la-justicia-climatica-online\/","name":"Dar esperanza para a xustiza clim\u00e1tica (en li\u00f1a) - Movemento dos Focolares","isPartOf":{"@id":"https:\/\/focolares.es\/#website"},"primaryImageOfPage":{"@id":"https:\/\/focolares.es\/agenda\/brindando-esperanza-por-la-justicia-climatica-online\/#primaryimage"},"image":{"@id":"https:\/\/focolares.es\/agenda\/brindando-esperanza-por-la-justicia-climatica-online\/#primaryimage"},"thumbnailUrl":"https:\/\/focolares.es\/wp-content\/uploads\/2025\/08\/IMG-Brindando-Esperanza.jpg","datePublished":"2025-08-30T16:17:34+00:00","dateModified":"2025-09-30T18:33:04+00:00","description":"Traendo esperanza: Tres d\u00edas de reflexi\u00f3n sobre o d\u00e9cimo aniversario da enc\u00edclica Laudato Si&#039;","breadcrumb":{"@id":"https:\/\/focolares.es\/agenda\/brindando-esperanza-por-la-justicia-climatica-online\/#breadcrumb"},"inLanguage":"gl-ES","potentialAction":[{"@type":"ReadAction","target":["https:\/\/focolares.es\/agenda\/brindando-esperanza-por-la-justicia-climatica-online\/"]}]},{"@type":"ImageObject","inLanguage":"gl-ES","@id":"https:\/\/focolares.es\/agenda\/brindando-esperanza-por-la-justicia-climatica-online\/#primaryimage","url":"https:\/\/focolares.es\/wp-content\/uploads\/2025\/08\/IMG-Brindando-Esperanza.jpg","contentUrl":"https:\/\/focolares.es\/wp-content\/uploads\/2025\/08\/IMG-Brindando-Esperanza.jpg","width":874,"height":492},{"@type":"BreadcrumbList","@id":"https:\/\/focolares.es\/agenda\/brindando-esperanza-por-la-justicia-climatica-online\/#breadcrumb","itemListElement":[{"@type":"ListItem","position":1,"name":"Portada","item":"https:\/\/focolares.es\/"},{"@type":"ListItem","position":2,"name":"Eventos","item":"https:\/\/focolares.es\/events\/"},{"@type":"ListItem","position":3,"name":"Brindando esperanza por la justicia clim\u00e1tica (online)"}]},{"@type":"WebSite","@id":"https:\/\/focolares.es\/#website","url":"https:\/\/focolares.es\/","name":"Movemento dos Focolares","description":"","publisher":{"@id":"https:\/\/focolares.es\/#organization"},"potentialAction":[{"@type":"SearchAction","target":{"@type":"EntryPoint","urlTemplate":"https:\/\/focolares.es\/?s={search_term_string}"},"query-input":{"@type":"PropertyValueSpecification","valueRequired":true,"valueName":"search_term_string"}}],"inLanguage":"gl-ES"},{"@type":"Organization","@id":"https:\/\/focolares.es\/#organization","name":"Movemento dos Focolares","url":"https:\/\/focolares.es\/","logo":{"@type":"ImageObject","inLanguage":"gl-ES","@id":"https:\/\/focolares.es\/#\/schema\/logo\/image\/","url":"https:\/\/focolares.es\/wp-content\/uploads\/2024\/03\/Logo_focolares-1024x944-1.jpg","contentUrl":"https:\/\/focolares.es\/wp-content\/uploads\/2024\/03\/Logo_focolares-1024x944-1.jpg","width":1024,"height":944,"caption":"Movimiento de los Focolares"},"image":{"@id":"https:\/\/focolares.es\/#\/schema\/logo\/image\/"}}]}},"ticketed":false,"_links":{"self":[{"href":"https:\/\/focolares.es\/gl\/wp-json\/wp\/v2\/tribe_events\/17483","targetHints":{"allow":["GET"]}}],"collection":[{"href":"https:\/\/focolares.es\/gl\/wp-json\/wp\/v2\/tribe_events"}],"about":[{"href":"https:\/\/focolares.es\/gl\/wp-json\/wp\/v2\/types\/tribe_events"}],"author":[{"embeddable":true,"href":"https:\/\/focolares.es\/gl\/wp-json\/wp\/v2\/users\/11"}],"version-history":[{"count":7,"href":"https:\/\/focolares.es\/gl\/wp-json\/wp\/v2\/tribe_events\/17483\/revisions"}],"predecessor-version":[{"id":17867,"href":"https:\/\/focolares.es\/gl\/wp-json\/wp\/v2\/tribe_events\/17483\/revisions\/17867"}],"wp:featuredmedia":[{"embeddable":true,"href":"https:\/\/focolares.es\/gl\/wp-json\/wp\/v2\/media\/17484"}],"wp:attachment":[{"href":"https:\/\/focolares.es\/gl\/wp-json\/wp\/v2\/media?parent=17483"}],"wp:term":[{"taxonomy":"post_tag","embeddable":true,"href":"https:\/\/focolares.es\/gl\/wp-json\/wp\/v2\/tags?post=17483"},{"taxonomy":"tribe_events_cat","embeddable":true,"href":"https:\/\/focolares.es\/gl\/wp-json\/wp\/v2\/tribe_events_cat?post=17483"}],"curies":[{"name":"wp","href":"https:\/\/api.w.org\/{rel}","templated":true}]}}

Dar esperanza para a xustiza climática (en liña)

<p>Neste ano extraordinario, que conmemora o décimo aniversario da Laudato Si&#039; e o Acordo de París sobre o cambio climático, así como o Ano Xubilar, reunirémonos como unha familia mundial de boa vontade para reflexionar xuntos sobre o impacto da encíclica e trazar un camiño para o futuro.</p>
<p><strong>1 de outubro</strong>O Papa León XIV dirixirá unha celebración de esperanza para a nosa casa común.</p>
<p><strong>2 e 3 de outubro</strong>Líderes dos campos da fe, os movementos, a ciencia e a política reflexionarán sobre o impacto de Laudato Si&#039; e as accións máis eficaces que podemos emprender agora.</p>
<p>Únete á emisión en directo!</p>
<p><a href="https://raisinghope.earth/es/conferencia-brindando-esperanza/">Información e rexistro</a></p>

<p>Tres días de reflexión sobre o décimo aniversario da encíclica Laudato Si&#039;</p>

<!-- This site is optimized with the Yoast SEO plugin v27.2 - https://yoast.com/product/yoast-seo-wordpress/ -->
<title>Brindando esperanza por la justicia climática (online) - Movimiento de los Focolares</title>
<meta name="description" content="Brindando esperanza: tres días de reflexión con motivo del décimo aniversario de la encíclica Laudato Sí" />
<meta name="robots" content="index, follow, max-snippet:-1, max-image-preview:large, max-video-preview:-1" />
<link rel="canonical" href="https://focolares.es/gl/axenda/ofrecendo-esperanza-para-a-xustiza-climatica-en-lina/" />
<meta property="og:locale" content="gl_ES" />
<meta property="og:type" content="article" />
<meta property="og:title" content="Brindando esperanza por la justicia climática (online) - Movimiento de los Focolares" />
<meta property="og:description" content="Brindando esperanza: tres días de reflexión con motivo del décimo aniversario de la encíclica Laudato Sí" />
<meta property="og:url" content="https://focolares.es/gl/axenda/ofrecendo-esperanza-para-a-xustiza-climatica-en-lina/" />
<meta property="og:site_name" content="Movimiento de los Focolares" />
<meta property="article:modified_time" content="2025-09-30T18:33:04+00:00" />
<meta property="og:image" content="https://focolares.es/wp-content/uploads/2025/08/IMG-Brindando-Esperanza.jpg" />
	<meta property="og:image:width" content="874" />
	<meta property="og:image:height" content="492" />
	<meta property="og:image:type" content="image/jpeg" />
<meta name="twitter:card" content="summary_large_image" />
<meta name="twitter:label1" content="Tempo de lectura" />
	<meta name="twitter:data1" content="1 minuto" />
<script type="application/ld+json" class="yoast-schema-graph">{"@context":"https://schema.org","@graph":[{"@type":"WebPage","@id":"https://focolares.es/agenda/brindando-esperanza-por-la-justicia-climatica-online/","url":"https://focolares.es/agenda/brindando-esperanza-por-la-justicia-climatica-online/","name":"Brindando esperanza por la justicia climática (online) - Movimiento de los Focolares","isPartOf":{"@id":"https://focolares.es/#website"},"primaryImageOfPage":{"@id":"https://focolares.es/agenda/brindando-esperanza-por-la-justicia-climatica-online/#primaryimage"},"image":{"@id":"https://focolares.es/agenda/brindando-esperanza-por-la-justicia-climatica-online/#primaryimage"},"thumbnailUrl":"https://focolares.es/wp-content/uploads/2025/08/IMG-Brindando-Esperanza.jpg","datePublished":"2025-08-30T16:17:34+00:00","dateModified":"2025-09-30T18:33:04+00:00","description":"Brindando esperanza: tres días de reflexión con motivo del décimo aniversario de la encíclica Laudato Sí","breadcrumb":{"@id":"https://focolares.es/agenda/brindando-esperanza-por-la-justicia-climatica-online/#breadcrumb"},"inLanguage":"gl-ES","potentialAction":[{"@type":"ReadAction","target":["https://focolares.es/agenda/brindando-esperanza-por-la-justicia-climatica-online/"]}]},{"@type":"ImageObject","inLanguage":"gl-ES","@id":"https://focolares.es/agenda/brindando-esperanza-por-la-justicia-climatica-online/#primaryimage","url":"https://focolares.es/wp-content/uploads/2025/08/IMG-Brindando-Esperanza.jpg","contentUrl":"https://focolares.es/wp-content/uploads/2025/08/IMG-Brindando-Esperanza.jpg","width":874,"height":492},{"@type":"BreadcrumbList","@id":"https://focolares.es/agenda/brindando-esperanza-por-la-justicia-climatica-online/#breadcrumb","itemListElement":[{"@type":"ListItem","position":1,"name":"Portada","item":"https://focolares.es/"},{"@type":"ListItem","position":2,"name":"Eventos","item":"https://focolares.es/events/"},{"@type":"ListItem","position":3,"name":"Brindando esperanza por la justicia climática (online)"}]},{"@type":"WebSite","@id":"https://focolares.es/#website","url":"https://focolares.es/","name":"Movimiento de los Focolares","description":"","publisher":{"@id":"https://focolares.es/#organization"},"potentialAction":[{"@type":"SearchAction","target":{"@type":"EntryPoint","urlTemplate":"https://focolares.es/?s={search_term_string}"},"query-input":{"@type":"PropertyValueSpecification","valueRequired":true,"valueName":"search_term_string"}}],"inLanguage":"gl-ES"},{"@type":"Organization","@id":"https://focolares.es/#organization","name":"Movimiento de los Focolares","url":"https://focolares.es/","logo":{"@type":"ImageObject","inLanguage":"gl-ES","@id":"https://focolares.es/#/schema/logo/image/","url":"https://focolares.es/wp-content/uploads/2024/03/Logo_focolares-1024x944-1.jpg","contentUrl":"https://focolares.es/wp-content/uploads/2024/03/Logo_focolares-1024x944-1.jpg","width":1024,"height":944,"caption":"Movimiento de los Focolares"},"image":{"@id":"https://focolares.es/#/schema/logo/image/"}}]}</script>
<!-- / Yoast SEO plugin. -->

Dar esperanza para a xustiza climática (en liña) - Movemento dos Focolares

Traendo esperanza: Tres días de reflexión sobre o décimo aniversario da encíclica Laudato Si&#039;

Brindando esperanza por la justicia climática (online) - Movimiento de los Focolares

Brindando esperanza: tres días de reflexión con motivo del décimo aniversario de la encíclica Laudato Sí

Brindando esperanza por la justicia climática (online)
