{"id":17633,"date":"2025-09-17T16:21:46","date_gmt":"2025-09-17T14:21:46","guid":{"rendered":"https:\/\/focolares.es\/?post_type=tribe_events&#038;p=17633"},"modified":"2025-09-30T20:30:18","modified_gmt":"2025-09-30T18:30:18","slug":"conectando-as-emocions-unha-guia-en-lina-para-as-familias-do-seculo-xxi","status":"publish","type":"tribe_events","link":"https:\/\/focolares.es\/gl\/agenda\/conectando-emociones-guia-para-familias-del-siglo-xxi-online\/","title":{"rendered":"Conectando as emoci\u00f3ns: unha gu\u00eda para as familias do s\u00e9culo XXI (en li\u00f1a)"},"content":{"rendered":"<p>Curso organizado pola Fundaci\u00f3n Igino Giordani, en colaboraci\u00f3n coa Universidade Complutense de Madrid (UCM).<\/p>\n<p>Dirixido a familias con nenos pequenos e preadolescentes, o programa ten como obxectivo fortalecer o benestar emocional familiar mediante a formaci\u00f3n dos pais na xesti\u00f3n emocional e o establecemento de l\u00edmites saudables.<\/p>\n<p>O curso enm\u00e1rcase na metodolox\u00eda de Aprendizaxe-Servizo (APS) e contar\u00e1 coa valiosa participaci\u00f3n de mozos estudantes universitarios da UCM que aplicar\u00e1n os seus co\u00f1ecementos te\u00f3ricos (psicolox\u00eda, pedagox\u00eda, sociolox\u00eda, comunicaci\u00f3n, etc.) nun contexto real e significativo.<\/p>\n<p>Obxectivo xeral: formar tanto a pais como a fillos nun tema tan importante como o desenvolvemento emocional e os seus beneficios na vida familiar.<\/p>\n<p>O curso estrut\u00farase arredor dunha clase maxistral inicial impartida por un experto en psicolox\u00eda infantil\/pedagox\u00eda emocional e seis obradoiros semanais en li\u00f1a, de 40 minutos de duraci\u00f3n cada un, nun formato interactivo con preguntas, exercicios pr\u00e1cticos e oportunidades para compartir experiencias.<\/p>\n<p><strong>A clase maxistral inaugural: o 2 de outubro, de 19:00 a 20:00, poder\u00e1 seguirse en aberto nesta p\u00e1xina web <a href=\"https:\/\/us06web.zoom.us\/j\/86903764930?pwd=mU5VujYDzamw37aZKQmrDO0HAun3gv.1\">ligaz\u00f3n<\/a><\/strong><\/p>\n<p><a href=\"https:\/\/fundaciongiordani.org\/project\/conectando-emociones\/\">M\u00e1is informaci\u00f3n e inscrici\u00f3n para o curso completo<\/a><\/p>\n<p>Rex\u00edstrate agora para asegurar a t\u00faa praza!<\/p>","protected":false},"excerpt":{"rendered":"<p>Formaci\u00f3n para familias con nenos pequenos e preadolescentes<\/p>","protected":false},"author":11,"featured_media":17634,"template":"","meta":{"_price":"","_stock":"","_tribe_ticket_header":"","_tribe_default_ticket_provider":"TEC\\Tickets\\Commerce\\Module","_tribe_ticket_capacity":"0","_ticket_start_date":"","_ticket_end_date":"","_tribe_ticket_show_description":"","_tribe_ticket_show_not_going":false,"_tribe_ticket_use_global_stock":"","_tribe_ticket_global_stock_level":"","_global_stock_mode":"","_global_stock_cap":"","_tribe_rsvp_for_event":"","_tribe_ticket_going_count":"","_tribe_ticket_not_going_count":"","_tribe_tickets_list":"[]","_tribe_ticket_has_attendee_info_fields":false,"_tribe_events_status":"","_tribe_events_status_reason":"","footnotes":"","_tec_slr_enabled":"","_tec_slr_layout":""},"tags":[59],"tribe_events_cat":[],"class_list":["post-17633","tribe_events","type-tribe_events","status-publish","has-post-thumbnail","hentry","tag-humanidades-y-pensamiento"],"yoast_head":"<!-- This site is optimized with the Yoast SEO plugin v27.2 - https:\/\/yoast.com\/product\/yoast-seo-wordpress\/ -->\n<title>Conectando emociones: Gu\u00eda para familias del siglo XXI (online) - Movimiento de los Focolares<\/title>\n<meta name=\"description\" content=\"Formaci\u00f3n para familias con hijos peque\u00f1os y preadolescentes con el objetivo de fortalecer el bienestar emocional familiar y sus beneficios.\" \/>\n<meta name=\"robots\" content=\"index, follow, max-snippet:-1, max-image-preview:large, max-video-preview:-1\" \/>\n<link rel=\"canonical\" href=\"https:\/\/focolares.es\/gl\/axenda\/conectando-as-emocions-unha-guia-en-lina-para-as-familias-do-seculo-xxi\/\" \/>\n<meta property=\"og:locale\" content=\"gl_ES\" \/>\n<meta property=\"og:type\" content=\"article\" \/>\n<meta property=\"og:title\" content=\"Conectando emociones: Gu\u00eda para familias del siglo XXI (online) - Movimiento de los Focolares\" \/>\n<meta property=\"og:description\" content=\"Formaci\u00f3n para familias con hijos peque\u00f1os y preadolescentes con el objetivo de fortalecer el bienestar emocional familiar y sus beneficios.\" \/>\n<meta property=\"og:url\" content=\"https:\/\/focolares.es\/gl\/axenda\/conectando-as-emocions-unha-guia-en-lina-para-as-familias-do-seculo-xxi\/\" \/>\n<meta property=\"og:site_name\" content=\"Movimiento de los Focolares\" \/>\n<meta property=\"article:modified_time\" content=\"2025-09-30T18:30:18+00:00\" \/>\n<meta property=\"og:image\" content=\"https:\/\/focolares.es\/wp-content\/uploads\/2025\/09\/IMG-Conectando-emociones.png\" \/>\n\t<meta property=\"og:image:width\" content=\"900\" \/>\n\t<meta property=\"og:image:height\" content=\"507\" \/>\n\t<meta property=\"og:image:type\" content=\"image\/png\" \/>\n<meta name=\"twitter:card\" content=\"summary_large_image\" \/>\n<meta name=\"twitter:label1\" content=\"Tempo de lectura\" \/>\n\t<meta name=\"twitter:data1\" content=\"2 minutos\" \/>\n<script type=\"application\/ld+json\" class=\"yoast-schema-graph\">{\"@context\":\"https:\/\/schema.org\",\"@graph\":[{\"@type\":\"WebPage\",\"@id\":\"https:\/\/focolares.es\/agenda\/conectando-emociones-guia-para-familias-del-siglo-xxi-online\/\",\"url\":\"https:\/\/focolares.es\/agenda\/conectando-emociones-guia-para-familias-del-siglo-xxi-online\/\",\"name\":\"Conectando emociones: Gu\u00eda para familias del siglo XXI (online) - Movimiento de los Focolares\",\"isPartOf\":{\"@id\":\"https:\/\/focolares.es\/#website\"},\"primaryImageOfPage\":{\"@id\":\"https:\/\/focolares.es\/agenda\/conectando-emociones-guia-para-familias-del-siglo-xxi-online\/#primaryimage\"},\"image\":{\"@id\":\"https:\/\/focolares.es\/agenda\/conectando-emociones-guia-para-familias-del-siglo-xxi-online\/#primaryimage\"},\"thumbnailUrl\":\"https:\/\/focolares.es\/wp-content\/uploads\/2025\/09\/IMG-Conectando-emociones.png\",\"datePublished\":\"2025-09-17T14:21:46+00:00\",\"dateModified\":\"2025-09-30T18:30:18+00:00\",\"description\":\"Formaci\u00f3n para familias con hijos peque\u00f1os y preadolescentes con el objetivo de fortalecer el bienestar emocional familiar y sus beneficios.\",\"breadcrumb\":{\"@id\":\"https:\/\/focolares.es\/agenda\/conectando-emociones-guia-para-familias-del-siglo-xxi-online\/#breadcrumb\"},\"inLanguage\":\"gl-ES\",\"potentialAction\":[{\"@type\":\"ReadAction\",\"target\":[\"https:\/\/focolares.es\/agenda\/conectando-emociones-guia-para-familias-del-siglo-xxi-online\/\"]}]},{\"@type\":\"ImageObject\",\"inLanguage\":\"gl-ES\",\"@id\":\"https:\/\/focolares.es\/agenda\/conectando-emociones-guia-para-familias-del-siglo-xxi-online\/#primaryimage\",\"url\":\"https:\/\/focolares.es\/wp-content\/uploads\/2025\/09\/IMG-Conectando-emociones.png\",\"contentUrl\":\"https:\/\/focolares.es\/wp-content\/uploads\/2025\/09\/IMG-Conectando-emociones.png\",\"width\":900,\"height\":507},{\"@type\":\"BreadcrumbList\",\"@id\":\"https:\/\/focolares.es\/agenda\/conectando-emociones-guia-para-familias-del-siglo-xxi-online\/#breadcrumb\",\"itemListElement\":[{\"@type\":\"ListItem\",\"position\":1,\"name\":\"Portada\",\"item\":\"https:\/\/focolares.es\/\"},{\"@type\":\"ListItem\",\"position\":2,\"name\":\"Eventos\",\"item\":\"https:\/\/focolares.es\/events\/\"},{\"@type\":\"ListItem\",\"position\":3,\"name\":\"Conectando emociones: Gu\u00eda para familias del siglo XXI (online)\"}]},{\"@type\":\"WebSite\",\"@id\":\"https:\/\/focolares.es\/#website\",\"url\":\"https:\/\/focolares.es\/\",\"name\":\"Movimiento de los Focolares\",\"description\":\"\",\"publisher\":{\"@id\":\"https:\/\/focolares.es\/#organization\"},\"potentialAction\":[{\"@type\":\"SearchAction\",\"target\":{\"@type\":\"EntryPoint\",\"urlTemplate\":\"https:\/\/focolares.es\/?s={search_term_string}\"},\"query-input\":{\"@type\":\"PropertyValueSpecification\",\"valueRequired\":true,\"valueName\":\"search_term_string\"}}],\"inLanguage\":\"gl-ES\"},{\"@type\":\"Organization\",\"@id\":\"https:\/\/focolares.es\/#organization\",\"name\":\"Movimiento de los Focolares\",\"url\":\"https:\/\/focolares.es\/\",\"logo\":{\"@type\":\"ImageObject\",\"inLanguage\":\"gl-ES\",\"@id\":\"https:\/\/focolares.es\/#\/schema\/logo\/image\/\",\"url\":\"https:\/\/focolares.es\/wp-content\/uploads\/2024\/03\/Logo_focolares-1024x944-1.jpg\",\"contentUrl\":\"https:\/\/focolares.es\/wp-content\/uploads\/2024\/03\/Logo_focolares-1024x944-1.jpg\",\"width\":1024,\"height\":944,\"caption\":\"Movimiento de los Focolares\"},\"image\":{\"@id\":\"https:\/\/focolares.es\/#\/schema\/logo\/image\/\"}}]}<\/script>\n<!-- \/ Yoast SEO plugin. -->","yoast_head_json":{"title":"Conectar as emoci\u00f3ns: unha gu\u00eda para as familias do s\u00e9culo XXI (en li\u00f1a) - Movemento dos Focolares","description":"Formaci\u00f3n para familias con nenos pequenos e preadolescentes para fortalecer o benestar emocional familiar e os seus beneficios.","robots":{"index":"index","follow":"follow","max-snippet":"max-snippet:-1","max-image-preview":"max-image-preview:large","max-video-preview":"max-video-preview:-1"},"canonical":"https:\/\/focolares.es\/gl\/axenda\/conectando-as-emocions-unha-guia-en-lina-para-as-familias-do-seculo-xxi\/","og_locale":"gl_ES","og_type":"article","og_title":"Conectando emociones: Gu\u00eda para familias del siglo XXI (online) - Movimiento de los Focolares","og_description":"Formaci\u00f3n para familias con hijos peque\u00f1os y preadolescentes con el objetivo de fortalecer el bienestar emocional familiar y sus beneficios.","og_url":"https:\/\/focolares.es\/gl\/axenda\/conectando-as-emocions-unha-guia-en-lina-para-as-familias-do-seculo-xxi\/","og_site_name":"Movimiento de los Focolares","article_modified_time":"2025-09-30T18:30:18+00:00","og_image":[{"width":900,"height":507,"url":"https:\/\/focolares.es\/wp-content\/uploads\/2025\/09\/IMG-Conectando-emociones.png","type":"image\/png"}],"twitter_card":"summary_large_image","twitter_misc":{"Tempo de lectura":"2 minutos"},"schema":{"@context":"https:\/\/schema.org","@graph":[{"@type":"WebPage","@id":"https:\/\/focolares.es\/agenda\/conectando-emociones-guia-para-familias-del-siglo-xxi-online\/","url":"https:\/\/focolares.es\/agenda\/conectando-emociones-guia-para-familias-del-siglo-xxi-online\/","name":"Conectar as emoci\u00f3ns: unha gu\u00eda para as familias do s\u00e9culo XXI (en li\u00f1a) - Movemento dos Focolares","isPartOf":{"@id":"https:\/\/focolares.es\/#website"},"primaryImageOfPage":{"@id":"https:\/\/focolares.es\/agenda\/conectando-emociones-guia-para-familias-del-siglo-xxi-online\/#primaryimage"},"image":{"@id":"https:\/\/focolares.es\/agenda\/conectando-emociones-guia-para-familias-del-siglo-xxi-online\/#primaryimage"},"thumbnailUrl":"https:\/\/focolares.es\/wp-content\/uploads\/2025\/09\/IMG-Conectando-emociones.png","datePublished":"2025-09-17T14:21:46+00:00","dateModified":"2025-09-30T18:30:18+00:00","description":"Formaci\u00f3n para familias con nenos pequenos e preadolescentes para fortalecer o benestar emocional familiar e os seus beneficios.","breadcrumb":{"@id":"https:\/\/focolares.es\/agenda\/conectando-emociones-guia-para-familias-del-siglo-xxi-online\/#breadcrumb"},"inLanguage":"gl-ES","potentialAction":[{"@type":"ReadAction","target":["https:\/\/focolares.es\/agenda\/conectando-emociones-guia-para-familias-del-siglo-xxi-online\/"]}]},{"@type":"ImageObject","inLanguage":"gl-ES","@id":"https:\/\/focolares.es\/agenda\/conectando-emociones-guia-para-familias-del-siglo-xxi-online\/#primaryimage","url":"https:\/\/focolares.es\/wp-content\/uploads\/2025\/09\/IMG-Conectando-emociones.png","contentUrl":"https:\/\/focolares.es\/wp-content\/uploads\/2025\/09\/IMG-Conectando-emociones.png","width":900,"height":507},{"@type":"BreadcrumbList","@id":"https:\/\/focolares.es\/agenda\/conectando-emociones-guia-para-familias-del-siglo-xxi-online\/#breadcrumb","itemListElement":[{"@type":"ListItem","position":1,"name":"Portada","item":"https:\/\/focolares.es\/"},{"@type":"ListItem","position":2,"name":"Eventos","item":"https:\/\/focolares.es\/events\/"},{"@type":"ListItem","position":3,"name":"Conectando emociones: Gu\u00eda para familias del siglo XXI (online)"}]},{"@type":"WebSite","@id":"https:\/\/focolares.es\/#website","url":"https:\/\/focolares.es\/","name":"Movemento dos Focolares","description":"","publisher":{"@id":"https:\/\/focolares.es\/#organization"},"potentialAction":[{"@type":"SearchAction","target":{"@type":"EntryPoint","urlTemplate":"https:\/\/focolares.es\/?s={search_term_string}"},"query-input":{"@type":"PropertyValueSpecification","valueRequired":true,"valueName":"search_term_string"}}],"inLanguage":"gl-ES"},{"@type":"Organization","@id":"https:\/\/focolares.es\/#organization","name":"Movemento dos Focolares","url":"https:\/\/focolares.es\/","logo":{"@type":"ImageObject","inLanguage":"gl-ES","@id":"https:\/\/focolares.es\/#\/schema\/logo\/image\/","url":"https:\/\/focolares.es\/wp-content\/uploads\/2024\/03\/Logo_focolares-1024x944-1.jpg","contentUrl":"https:\/\/focolares.es\/wp-content\/uploads\/2024\/03\/Logo_focolares-1024x944-1.jpg","width":1024,"height":944,"caption":"Movimiento de los Focolares"},"image":{"@id":"https:\/\/focolares.es\/#\/schema\/logo\/image\/"}}]}},"ticketed":false,"_links":{"self":[{"href":"https:\/\/focolares.es\/gl\/wp-json\/wp\/v2\/tribe_events\/17633","targetHints":{"allow":["GET"]}}],"collection":[{"href":"https:\/\/focolares.es\/gl\/wp-json\/wp\/v2\/tribe_events"}],"about":[{"href":"https:\/\/focolares.es\/gl\/wp-json\/wp\/v2\/types\/tribe_events"}],"author":[{"embeddable":true,"href":"https:\/\/focolares.es\/gl\/wp-json\/wp\/v2\/users\/11"}],"version-history":[{"count":9,"href":"https:\/\/focolares.es\/gl\/wp-json\/wp\/v2\/tribe_events\/17633\/revisions"}],"predecessor-version":[{"id":17866,"href":"https:\/\/focolares.es\/gl\/wp-json\/wp\/v2\/tribe_events\/17633\/revisions\/17866"}],"wp:featuredmedia":[{"embeddable":true,"href":"https:\/\/focolares.es\/gl\/wp-json\/wp\/v2\/media\/17634"}],"wp:attachment":[{"href":"https:\/\/focolares.es\/gl\/wp-json\/wp\/v2\/media?parent=17633"}],"wp:term":[{"taxonomy":"post_tag","embeddable":true,"href":"https:\/\/focolares.es\/gl\/wp-json\/wp\/v2\/tags?post=17633"},{"taxonomy":"tribe_events_cat","embeddable":true,"href":"https:\/\/focolares.es\/gl\/wp-json\/wp\/v2\/tribe_events_cat?post=17633"}],"curies":[{"name":"wp","href":"https:\/\/api.w.org\/{rel}","templated":true}]}}

Conectando as emocións: unha guía para as familias do século XXI (en liña)

<p>Curso organizado pola Fundación Igino Giordani, en colaboración coa Universidade Complutense de Madrid (UCM).</p>
<p>Dirixido a familias con nenos pequenos e preadolescentes, o programa ten como obxectivo fortalecer o benestar emocional familiar mediante a formación dos pais na xestión emocional e o establecemento de límites saudables.</p>
<p>O curso enmárcase na metodoloxía de Aprendizaxe-Servizo (APS) e contará coa valiosa participación de mozos estudantes universitarios da UCM que aplicarán os seus coñecementos teóricos (psicoloxía, pedagoxía, socioloxía, comunicación, etc.) nun contexto real e significativo.</p>
<p>Obxectivo xeral: formar tanto a pais como a fillos nun tema tan importante como o desenvolvemento emocional e os seus beneficios na vida familiar.</p>
<p>O curso estrutúrase arredor dunha clase maxistral inicial impartida por un experto en psicoloxía infantil/pedagoxía emocional e seis obradoiros semanais en liña, de 40 minutos de duración cada un, nun formato interactivo con preguntas, exercicios prácticos e oportunidades para compartir experiencias.</p>
<p><strong>A clase maxistral inaugural: o 2 de outubro, de 19:00 a 20:00, poderá seguirse en aberto nesta páxina web <a href="https://us06web.zoom.us/j/86903764930?pwd=mU5VujYDzamw37aZKQmrDO0HAun3gv.1">ligazón</a></strong></p>
<p><a href="https://fundaciongiordani.org/project/conectando-emociones/">Máis información e inscrición para o curso completo</a></p>
<p>Rexístrate agora para asegurar a túa praza!</p>

<p>Formación para familias con nenos pequenos e preadolescentes</p>

<!-- This site is optimized with the Yoast SEO plugin v27.2 - https://yoast.com/product/yoast-seo-wordpress/ -->
<title>Conectando emociones: Guía para familias del siglo XXI (online) - Movimiento de los Focolares</title>
<meta name="description" content="Formación para familias con hijos pequeños y preadolescentes con el objetivo de fortalecer el bienestar emocional familiar y sus beneficios." />
<meta name="robots" content="index, follow, max-snippet:-1, max-image-preview:large, max-video-preview:-1" />
<link rel="canonical" href="https://focolares.es/gl/axenda/conectando-as-emocions-unha-guia-en-lina-para-as-familias-do-seculo-xxi/" />
<meta property="og:locale" content="gl_ES" />
<meta property="og:type" content="article" />
<meta property="og:title" content="Conectando emociones: Guía para familias del siglo XXI (online) - Movimiento de los Focolares" />
<meta property="og:description" content="Formación para familias con hijos pequeños y preadolescentes con el objetivo de fortalecer el bienestar emocional familiar y sus beneficios." />
<meta property="og:url" content="https://focolares.es/gl/axenda/conectando-as-emocions-unha-guia-en-lina-para-as-familias-do-seculo-xxi/" />
<meta property="og:site_name" content="Movimiento de los Focolares" />
<meta property="article:modified_time" content="2025-09-30T18:30:18+00:00" />
<meta property="og:image" content="https://focolares.es/wp-content/uploads/2025/09/IMG-Conectando-emociones.png" />
	<meta property="og:image:width" content="900" />
	<meta property="og:image:height" content="507" />
	<meta property="og:image:type" content="image/png" />
<meta name="twitter:card" content="summary_large_image" />
<meta name="twitter:label1" content="Tempo de lectura" />
	<meta name="twitter:data1" content="2 minutos" />
<script type="application/ld+json" class="yoast-schema-graph">{"@context":"https://schema.org","@graph":[{"@type":"WebPage","@id":"https://focolares.es/agenda/conectando-emociones-guia-para-familias-del-siglo-xxi-online/","url":"https://focolares.es/agenda/conectando-emociones-guia-para-familias-del-siglo-xxi-online/","name":"Conectando emociones: Guía para familias del siglo XXI (online) - Movimiento de los Focolares","isPartOf":{"@id":"https://focolares.es/#website"},"primaryImageOfPage":{"@id":"https://focolares.es/agenda/conectando-emociones-guia-para-familias-del-siglo-xxi-online/#primaryimage"},"image":{"@id":"https://focolares.es/agenda/conectando-emociones-guia-para-familias-del-siglo-xxi-online/#primaryimage"},"thumbnailUrl":"https://focolares.es/wp-content/uploads/2025/09/IMG-Conectando-emociones.png","datePublished":"2025-09-17T14:21:46+00:00","dateModified":"2025-09-30T18:30:18+00:00","description":"Formación para familias con hijos pequeños y preadolescentes con el objetivo de fortalecer el bienestar emocional familiar y sus beneficios.","breadcrumb":{"@id":"https://focolares.es/agenda/conectando-emociones-guia-para-familias-del-siglo-xxi-online/#breadcrumb"},"inLanguage":"gl-ES","potentialAction":[{"@type":"ReadAction","target":["https://focolares.es/agenda/conectando-emociones-guia-para-familias-del-siglo-xxi-online/"]}]},{"@type":"ImageObject","inLanguage":"gl-ES","@id":"https://focolares.es/agenda/conectando-emociones-guia-para-familias-del-siglo-xxi-online/#primaryimage","url":"https://focolares.es/wp-content/uploads/2025/09/IMG-Conectando-emociones.png","contentUrl":"https://focolares.es/wp-content/uploads/2025/09/IMG-Conectando-emociones.png","width":900,"height":507},{"@type":"BreadcrumbList","@id":"https://focolares.es/agenda/conectando-emociones-guia-para-familias-del-siglo-xxi-online/#breadcrumb","itemListElement":[{"@type":"ListItem","position":1,"name":"Portada","item":"https://focolares.es/"},{"@type":"ListItem","position":2,"name":"Eventos","item":"https://focolares.es/events/"},{"@type":"ListItem","position":3,"name":"Conectando emociones: Guía para familias del siglo XXI (online)"}]},{"@type":"WebSite","@id":"https://focolares.es/#website","url":"https://focolares.es/","name":"Movimiento de los Focolares","description":"","publisher":{"@id":"https://focolares.es/#organization"},"potentialAction":[{"@type":"SearchAction","target":{"@type":"EntryPoint","urlTemplate":"https://focolares.es/?s={search_term_string}"},"query-input":{"@type":"PropertyValueSpecification","valueRequired":true,"valueName":"search_term_string"}}],"inLanguage":"gl-ES"},{"@type":"Organization","@id":"https://focolares.es/#organization","name":"Movimiento de los Focolares","url":"https://focolares.es/","logo":{"@type":"ImageObject","inLanguage":"gl-ES","@id":"https://focolares.es/#/schema/logo/image/","url":"https://focolares.es/wp-content/uploads/2024/03/Logo_focolares-1024x944-1.jpg","contentUrl":"https://focolares.es/wp-content/uploads/2024/03/Logo_focolares-1024x944-1.jpg","width":1024,"height":944,"caption":"Movimiento de los Focolares"},"image":{"@id":"https://focolares.es/#/schema/logo/image/"}}]}</script>
<!-- / Yoast SEO plugin. -->

Conectar as emocións: unha guía para as familias do século XXI (en liña) - Movemento dos Focolares

Formación para familias con nenos pequenos e preadolescentes para fortalecer o benestar emocional familiar e os seus beneficios.

Conectando emociones: Guía para familias del siglo XXI (online) - Movimiento de los Focolares

Formación para familias con hijos pequeños y preadolescentes con el objetivo de fortalecer el bienestar emocional familiar y sus beneficios.

Conectando emociones: Guía para familias del siglo XXI (online)
