{"id":17651,"date":"2025-09-15T00:11:50","date_gmt":"2025-09-14T22:11:50","guid":{"rendered":"https:\/\/focolares.es\/?post_type=tribe_events&#038;p=17651"},"modified":"2025-09-18T12:45:44","modified_gmt":"2025-09-18T10:45:44","slug":"diversidade-de-carismas-unha-igrexa-en-lina","status":"publish","type":"tribe_events","link":"https:\/\/focolares.es\/gl\/agenda\/diversidad-de-carismas-una-sola-iglesia-online\/","title":{"rendered":"Diversidade de carismas: unha Igrexa (en li\u00f1a)"},"content":{"rendered":"<p>O comezo <em>Serie de conferencias,<\/em> cunha invitaci\u00f3n especial que explorar\u00e1 en profundidade o panorama da unidade e da comu\u00f1\u00f3n na Igrexa.<\/p>\n<p>En 1998, na praza de San Pedro, Chiara Lubich afirmou ante o Papa Xo\u00e1n Paulo II: \u00abSabemos que a Igrexa desexa a plena comu\u00f1\u00f3n entre os Movementos... compromet\u00e9monos con todas as nosas forzas a conseguila plenamente\u00bb.<\/p>\n<p>Para Dolores Garc\u00eda Pi, presidenta do Foro Laico ata 2025, esta frase foi o motor dos seus oito anos de servizo; un espazo onde se experimenta a riqueza dos diferentes carismas e se vive de xeito moi concreto a &quot;unidade na diversidade&quot;.<\/p>\n<p>Acceso \u00e1 conferencia <a href=\"https:\/\/us02web.zoom.us\/j\/88619276682?pwd=nWUxsFjTsP5wkHQsEnZiLwYPiLNwMF.1\">a trav\u00e9s de zoom<\/a><\/p>","protected":false},"excerpt":{"rendered":"<p>Conferencia a cargo de Loli Garc\u00eda Pi, presidenta do Foro Laico durante os \u00faltimos oito anos.<\/p>","protected":false},"author":11,"featured_media":17695,"template":"","meta":{"_price":"","_stock":"","_tribe_ticket_header":"","_tribe_default_ticket_provider":"TEC\\Tickets\\Commerce\\Module","_tribe_ticket_capacity":"0","_ticket_start_date":"","_ticket_end_date":"","_tribe_ticket_show_description":"","_tribe_ticket_show_not_going":false,"_tribe_ticket_use_global_stock":"","_tribe_ticket_global_stock_level":"","_global_stock_mode":"","_global_stock_cap":"","_tribe_rsvp_for_event":"","_tribe_ticket_going_count":"","_tribe_ticket_not_going_count":"","_tribe_tickets_list":"[]","_tribe_ticket_has_attendee_info_fields":false,"_tribe_events_status":"","_tribe_events_status_reason":"","footnotes":"","_tec_slr_enabled":"","_tec_slr_layout":""},"tags":[59],"tribe_events_cat":[],"class_list":["post-17651","tribe_events","type-tribe_events","status-publish","has-post-thumbnail","hentry","tag-humanidades-y-pensamiento"],"yoast_head":"<!-- This site is optimized with the Yoast SEO plugin v27.2 - https:\/\/yoast.com\/product\/yoast-seo-wordpress\/ -->\n<title>Diversidad de carismas: una sola Iglesia (online) - Movimiento de los Focolares<\/title>\n<meta name=\"description\" content=\"Comienza el Ciclo de Conferencias con una invitaci\u00f3n especial en la que se profundizar\u00e1 en el panorama de la unidad y comuni\u00f3n en la Iglesia.\" \/>\n<meta name=\"robots\" content=\"index, follow, max-snippet:-1, max-image-preview:large, max-video-preview:-1\" \/>\n<link rel=\"canonical\" href=\"https:\/\/focolares.es\/gl\/axenda\/diversidade-de-carismas-unha-igrexa-en-lina\/\" \/>\n<meta property=\"og:locale\" content=\"gl_ES\" \/>\n<meta property=\"og:type\" content=\"article\" \/>\n<meta property=\"og:title\" content=\"Diversidad de carismas: una sola Iglesia (online) - Movimiento de los Focolares\" \/>\n<meta property=\"og:description\" content=\"Comienza el Ciclo de Conferencias con una invitaci\u00f3n especial en la que se profundizar\u00e1 en el panorama de la unidad y comuni\u00f3n en la Iglesia.\" \/>\n<meta property=\"og:url\" content=\"https:\/\/focolares.es\/gl\/axenda\/diversidade-de-carismas-unha-igrexa-en-lina\/\" \/>\n<meta property=\"og:site_name\" content=\"Movimiento de los Focolares\" \/>\n<meta property=\"article:modified_time\" content=\"2025-09-18T10:45:44+00:00\" \/>\n<meta property=\"og:image\" content=\"https:\/\/focolares.es\/wp-content\/uploads\/2025\/09\/IMG-Diversidad-de-carismas.2.jpg\" \/>\n\t<meta property=\"og:image:width\" content=\"899\" \/>\n\t<meta property=\"og:image:height\" content=\"506\" \/>\n\t<meta property=\"og:image:type\" content=\"image\/jpeg\" \/>\n<meta name=\"twitter:card\" content=\"summary_large_image\" \/>\n<meta name=\"twitter:label1\" content=\"Tempo de lectura\" \/>\n\t<meta name=\"twitter:data1\" content=\"1 minuto\" \/>\n<script type=\"application\/ld+json\" class=\"yoast-schema-graph\">{\"@context\":\"https:\/\/schema.org\",\"@graph\":[{\"@type\":\"WebPage\",\"@id\":\"https:\/\/focolares.es\/agenda\/diversidad-de-carismas-una-sola-iglesia-online\/\",\"url\":\"https:\/\/focolares.es\/agenda\/diversidad-de-carismas-una-sola-iglesia-online\/\",\"name\":\"Diversidad de carismas: una sola Iglesia (online) - Movimiento de los Focolares\",\"isPartOf\":{\"@id\":\"https:\/\/focolares.es\/#website\"},\"primaryImageOfPage\":{\"@id\":\"https:\/\/focolares.es\/agenda\/diversidad-de-carismas-una-sola-iglesia-online\/#primaryimage\"},\"image\":{\"@id\":\"https:\/\/focolares.es\/agenda\/diversidad-de-carismas-una-sola-iglesia-online\/#primaryimage\"},\"thumbnailUrl\":\"https:\/\/focolares.es\/wp-content\/uploads\/2025\/09\/IMG-Diversidad-de-carismas.2.jpg\",\"datePublished\":\"2025-09-14T22:11:50+00:00\",\"dateModified\":\"2025-09-18T10:45:44+00:00\",\"description\":\"Comienza el Ciclo de Conferencias con una invitaci\u00f3n especial en la que se profundizar\u00e1 en el panorama de la unidad y comuni\u00f3n en la Iglesia.\",\"breadcrumb\":{\"@id\":\"https:\/\/focolares.es\/agenda\/diversidad-de-carismas-una-sola-iglesia-online\/#breadcrumb\"},\"inLanguage\":\"gl-ES\",\"potentialAction\":[{\"@type\":\"ReadAction\",\"target\":[\"https:\/\/focolares.es\/agenda\/diversidad-de-carismas-una-sola-iglesia-online\/\"]}]},{\"@type\":\"ImageObject\",\"inLanguage\":\"gl-ES\",\"@id\":\"https:\/\/focolares.es\/agenda\/diversidad-de-carismas-una-sola-iglesia-online\/#primaryimage\",\"url\":\"https:\/\/focolares.es\/wp-content\/uploads\/2025\/09\/IMG-Diversidad-de-carismas.2.jpg\",\"contentUrl\":\"https:\/\/focolares.es\/wp-content\/uploads\/2025\/09\/IMG-Diversidad-de-carismas.2.jpg\",\"width\":899,\"height\":506},{\"@type\":\"BreadcrumbList\",\"@id\":\"https:\/\/focolares.es\/agenda\/diversidad-de-carismas-una-sola-iglesia-online\/#breadcrumb\",\"itemListElement\":[{\"@type\":\"ListItem\",\"position\":1,\"name\":\"Portada\",\"item\":\"https:\/\/focolares.es\/\"},{\"@type\":\"ListItem\",\"position\":2,\"name\":\"Eventos\",\"item\":\"https:\/\/focolares.es\/events\/\"},{\"@type\":\"ListItem\",\"position\":3,\"name\":\"Diversidad de carismas: una sola Iglesia (online)\"}]},{\"@type\":\"WebSite\",\"@id\":\"https:\/\/focolares.es\/#website\",\"url\":\"https:\/\/focolares.es\/\",\"name\":\"Movimiento de los Focolares\",\"description\":\"\",\"publisher\":{\"@id\":\"https:\/\/focolares.es\/#organization\"},\"potentialAction\":[{\"@type\":\"SearchAction\",\"target\":{\"@type\":\"EntryPoint\",\"urlTemplate\":\"https:\/\/focolares.es\/?s={search_term_string}\"},\"query-input\":{\"@type\":\"PropertyValueSpecification\",\"valueRequired\":true,\"valueName\":\"search_term_string\"}}],\"inLanguage\":\"gl-ES\"},{\"@type\":\"Organization\",\"@id\":\"https:\/\/focolares.es\/#organization\",\"name\":\"Movimiento de los Focolares\",\"url\":\"https:\/\/focolares.es\/\",\"logo\":{\"@type\":\"ImageObject\",\"inLanguage\":\"gl-ES\",\"@id\":\"https:\/\/focolares.es\/#\/schema\/logo\/image\/\",\"url\":\"https:\/\/focolares.es\/wp-content\/uploads\/2024\/03\/Logo_focolares-1024x944-1.jpg\",\"contentUrl\":\"https:\/\/focolares.es\/wp-content\/uploads\/2024\/03\/Logo_focolares-1024x944-1.jpg\",\"width\":1024,\"height\":944,\"caption\":\"Movimiento de los Focolares\"},\"image\":{\"@id\":\"https:\/\/focolares.es\/#\/schema\/logo\/image\/\"}}]}<\/script>\n<!-- \/ Yoast SEO plugin. -->","yoast_head_json":{"title":"Diversidade de Carismas: Unha Igrexa (en li\u00f1a) - Movemento dos Focolares","description":"O ciclo de conferencias comeza cunha invitaci\u00f3n especial para explorar o panorama da unidade e a comu\u00f1\u00f3n na Igrexa.","robots":{"index":"index","follow":"follow","max-snippet":"max-snippet:-1","max-image-preview":"max-image-preview:large","max-video-preview":"max-video-preview:-1"},"canonical":"https:\/\/focolares.es\/gl\/axenda\/diversidade-de-carismas-unha-igrexa-en-lina\/","og_locale":"gl_ES","og_type":"article","og_title":"Diversidad de carismas: una sola Iglesia (online) - Movimiento de los Focolares","og_description":"Comienza el Ciclo de Conferencias con una invitaci\u00f3n especial en la que se profundizar\u00e1 en el panorama de la unidad y comuni\u00f3n en la Iglesia.","og_url":"https:\/\/focolares.es\/gl\/axenda\/diversidade-de-carismas-unha-igrexa-en-lina\/","og_site_name":"Movimiento de los Focolares","article_modified_time":"2025-09-18T10:45:44+00:00","og_image":[{"width":899,"height":506,"url":"https:\/\/focolares.es\/wp-content\/uploads\/2025\/09\/IMG-Diversidad-de-carismas.2.jpg","type":"image\/jpeg"}],"twitter_card":"summary_large_image","twitter_misc":{"Tempo de lectura":"1 minuto"},"schema":{"@context":"https:\/\/schema.org","@graph":[{"@type":"WebPage","@id":"https:\/\/focolares.es\/agenda\/diversidad-de-carismas-una-sola-iglesia-online\/","url":"https:\/\/focolares.es\/agenda\/diversidad-de-carismas-una-sola-iglesia-online\/","name":"Diversidade de Carismas: Unha Igrexa (en li\u00f1a) - Movemento dos Focolares","isPartOf":{"@id":"https:\/\/focolares.es\/#website"},"primaryImageOfPage":{"@id":"https:\/\/focolares.es\/agenda\/diversidad-de-carismas-una-sola-iglesia-online\/#primaryimage"},"image":{"@id":"https:\/\/focolares.es\/agenda\/diversidad-de-carismas-una-sola-iglesia-online\/#primaryimage"},"thumbnailUrl":"https:\/\/focolares.es\/wp-content\/uploads\/2025\/09\/IMG-Diversidad-de-carismas.2.jpg","datePublished":"2025-09-14T22:11:50+00:00","dateModified":"2025-09-18T10:45:44+00:00","description":"O ciclo de conferencias comeza cunha invitaci\u00f3n especial para explorar o panorama da unidade e a comu\u00f1\u00f3n na Igrexa.","breadcrumb":{"@id":"https:\/\/focolares.es\/agenda\/diversidad-de-carismas-una-sola-iglesia-online\/#breadcrumb"},"inLanguage":"gl-ES","potentialAction":[{"@type":"ReadAction","target":["https:\/\/focolares.es\/agenda\/diversidad-de-carismas-una-sola-iglesia-online\/"]}]},{"@type":"ImageObject","inLanguage":"gl-ES","@id":"https:\/\/focolares.es\/agenda\/diversidad-de-carismas-una-sola-iglesia-online\/#primaryimage","url":"https:\/\/focolares.es\/wp-content\/uploads\/2025\/09\/IMG-Diversidad-de-carismas.2.jpg","contentUrl":"https:\/\/focolares.es\/wp-content\/uploads\/2025\/09\/IMG-Diversidad-de-carismas.2.jpg","width":899,"height":506},{"@type":"BreadcrumbList","@id":"https:\/\/focolares.es\/agenda\/diversidad-de-carismas-una-sola-iglesia-online\/#breadcrumb","itemListElement":[{"@type":"ListItem","position":1,"name":"Portada","item":"https:\/\/focolares.es\/"},{"@type":"ListItem","position":2,"name":"Eventos","item":"https:\/\/focolares.es\/events\/"},{"@type":"ListItem","position":3,"name":"Diversidad de carismas: una sola Iglesia (online)"}]},{"@type":"WebSite","@id":"https:\/\/focolares.es\/#website","url":"https:\/\/focolares.es\/","name":"Movemento dos Focolares","description":"","publisher":{"@id":"https:\/\/focolares.es\/#organization"},"potentialAction":[{"@type":"SearchAction","target":{"@type":"EntryPoint","urlTemplate":"https:\/\/focolares.es\/?s={search_term_string}"},"query-input":{"@type":"PropertyValueSpecification","valueRequired":true,"valueName":"search_term_string"}}],"inLanguage":"gl-ES"},{"@type":"Organization","@id":"https:\/\/focolares.es\/#organization","name":"Movemento dos Focolares","url":"https:\/\/focolares.es\/","logo":{"@type":"ImageObject","inLanguage":"gl-ES","@id":"https:\/\/focolares.es\/#\/schema\/logo\/image\/","url":"https:\/\/focolares.es\/wp-content\/uploads\/2024\/03\/Logo_focolares-1024x944-1.jpg","contentUrl":"https:\/\/focolares.es\/wp-content\/uploads\/2024\/03\/Logo_focolares-1024x944-1.jpg","width":1024,"height":944,"caption":"Movimiento de los Focolares"},"image":{"@id":"https:\/\/focolares.es\/#\/schema\/logo\/image\/"}}]}},"ticketed":false,"_links":{"self":[{"href":"https:\/\/focolares.es\/gl\/wp-json\/wp\/v2\/tribe_events\/17651","targetHints":{"allow":["GET"]}}],"collection":[{"href":"https:\/\/focolares.es\/gl\/wp-json\/wp\/v2\/tribe_events"}],"about":[{"href":"https:\/\/focolares.es\/gl\/wp-json\/wp\/v2\/types\/tribe_events"}],"author":[{"embeddable":true,"href":"https:\/\/focolares.es\/gl\/wp-json\/wp\/v2\/users\/11"}],"version-history":[{"count":5,"href":"https:\/\/focolares.es\/gl\/wp-json\/wp\/v2\/tribe_events\/17651\/revisions"}],"predecessor-version":[{"id":17696,"href":"https:\/\/focolares.es\/gl\/wp-json\/wp\/v2\/tribe_events\/17651\/revisions\/17696"}],"wp:featuredmedia":[{"embeddable":true,"href":"https:\/\/focolares.es\/gl\/wp-json\/wp\/v2\/media\/17695"}],"wp:attachment":[{"href":"https:\/\/focolares.es\/gl\/wp-json\/wp\/v2\/media?parent=17651"}],"wp:term":[{"taxonomy":"post_tag","embeddable":true,"href":"https:\/\/focolares.es\/gl\/wp-json\/wp\/v2\/tags?post=17651"},{"taxonomy":"tribe_events_cat","embeddable":true,"href":"https:\/\/focolares.es\/gl\/wp-json\/wp\/v2\/tribe_events_cat?post=17651"}],"curies":[{"name":"wp","href":"https:\/\/api.w.org\/{rel}","templated":true}]}}

Diversidade de carismas: unha Igrexa (en liña)

<p>O comezo <em>Serie de conferencias,</em> cunha invitación especial que explorará en profundidade o panorama da unidade e da comuñón na Igrexa.</p>
<p>En 1998, na praza de San Pedro, Chiara Lubich afirmou ante o Papa Xoán Paulo II: «Sabemos que a Igrexa desexa a plena comuñón entre os Movementos... comprometémonos con todas as nosas forzas a conseguila plenamente».</p>
<p>Para Dolores García Pi, presidenta do Foro Laico ata 2025, esta frase foi o motor dos seus oito anos de servizo; un espazo onde se experimenta a riqueza dos diferentes carismas e se vive de xeito moi concreto a &quot;unidade na diversidade&quot;.</p>
<p>Acceso á conferencia <a href="https://us02web.zoom.us/j/88619276682?pwd=nWUxsFjTsP5wkHQsEnZiLwYPiLNwMF.1">a través de zoom</a></p>

<p>Conferencia a cargo de Loli García Pi, presidenta do Foro Laico durante os últimos oito anos.</p>

<!-- This site is optimized with the Yoast SEO plugin v27.2 - https://yoast.com/product/yoast-seo-wordpress/ -->
<title>Diversidad de carismas: una sola Iglesia (online) - Movimiento de los Focolares</title>
<meta name="description" content="Comienza el Ciclo de Conferencias con una invitación especial en la que se profundizará en el panorama de la unidad y comunión en la Iglesia." />
<meta name="robots" content="index, follow, max-snippet:-1, max-image-preview:large, max-video-preview:-1" />
<link rel="canonical" href="https://focolares.es/gl/axenda/diversidade-de-carismas-unha-igrexa-en-lina/" />
<meta property="og:locale" content="gl_ES" />
<meta property="og:type" content="article" />
<meta property="og:title" content="Diversidad de carismas: una sola Iglesia (online) - Movimiento de los Focolares" />
<meta property="og:description" content="Comienza el Ciclo de Conferencias con una invitación especial en la que se profundizará en el panorama de la unidad y comunión en la Iglesia." />
<meta property="og:url" content="https://focolares.es/gl/axenda/diversidade-de-carismas-unha-igrexa-en-lina/" />
<meta property="og:site_name" content="Movimiento de los Focolares" />
<meta property="article:modified_time" content="2025-09-18T10:45:44+00:00" />
<meta property="og:image" content="https://focolares.es/wp-content/uploads/2025/09/IMG-Diversidad-de-carismas.2.jpg" />
	<meta property="og:image:width" content="899" />
	<meta property="og:image:height" content="506" />
	<meta property="og:image:type" content="image/jpeg" />
<meta name="twitter:card" content="summary_large_image" />
<meta name="twitter:label1" content="Tempo de lectura" />
	<meta name="twitter:data1" content="1 minuto" />
<script type="application/ld+json" class="yoast-schema-graph">{"@context":"https://schema.org","@graph":[{"@type":"WebPage","@id":"https://focolares.es/agenda/diversidad-de-carismas-una-sola-iglesia-online/","url":"https://focolares.es/agenda/diversidad-de-carismas-una-sola-iglesia-online/","name":"Diversidad de carismas: una sola Iglesia (online) - Movimiento de los Focolares","isPartOf":{"@id":"https://focolares.es/#website"},"primaryImageOfPage":{"@id":"https://focolares.es/agenda/diversidad-de-carismas-una-sola-iglesia-online/#primaryimage"},"image":{"@id":"https://focolares.es/agenda/diversidad-de-carismas-una-sola-iglesia-online/#primaryimage"},"thumbnailUrl":"https://focolares.es/wp-content/uploads/2025/09/IMG-Diversidad-de-carismas.2.jpg","datePublished":"2025-09-14T22:11:50+00:00","dateModified":"2025-09-18T10:45:44+00:00","description":"Comienza el Ciclo de Conferencias con una invitación especial en la que se profundizará en el panorama de la unidad y comunión en la Iglesia.","breadcrumb":{"@id":"https://focolares.es/agenda/diversidad-de-carismas-una-sola-iglesia-online/#breadcrumb"},"inLanguage":"gl-ES","potentialAction":[{"@type":"ReadAction","target":["https://focolares.es/agenda/diversidad-de-carismas-una-sola-iglesia-online/"]}]},{"@type":"ImageObject","inLanguage":"gl-ES","@id":"https://focolares.es/agenda/diversidad-de-carismas-una-sola-iglesia-online/#primaryimage","url":"https://focolares.es/wp-content/uploads/2025/09/IMG-Diversidad-de-carismas.2.jpg","contentUrl":"https://focolares.es/wp-content/uploads/2025/09/IMG-Diversidad-de-carismas.2.jpg","width":899,"height":506},{"@type":"BreadcrumbList","@id":"https://focolares.es/agenda/diversidad-de-carismas-una-sola-iglesia-online/#breadcrumb","itemListElement":[{"@type":"ListItem","position":1,"name":"Portada","item":"https://focolares.es/"},{"@type":"ListItem","position":2,"name":"Eventos","item":"https://focolares.es/events/"},{"@type":"ListItem","position":3,"name":"Diversidad de carismas: una sola Iglesia (online)"}]},{"@type":"WebSite","@id":"https://focolares.es/#website","url":"https://focolares.es/","name":"Movimiento de los Focolares","description":"","publisher":{"@id":"https://focolares.es/#organization"},"potentialAction":[{"@type":"SearchAction","target":{"@type":"EntryPoint","urlTemplate":"https://focolares.es/?s={search_term_string}"},"query-input":{"@type":"PropertyValueSpecification","valueRequired":true,"valueName":"search_term_string"}}],"inLanguage":"gl-ES"},{"@type":"Organization","@id":"https://focolares.es/#organization","name":"Movimiento de los Focolares","url":"https://focolares.es/","logo":{"@type":"ImageObject","inLanguage":"gl-ES","@id":"https://focolares.es/#/schema/logo/image/","url":"https://focolares.es/wp-content/uploads/2024/03/Logo_focolares-1024x944-1.jpg","contentUrl":"https://focolares.es/wp-content/uploads/2024/03/Logo_focolares-1024x944-1.jpg","width":1024,"height":944,"caption":"Movimiento de los Focolares"},"image":{"@id":"https://focolares.es/#/schema/logo/image/"}}]}</script>
<!-- / Yoast SEO plugin. -->

Diversidade de Carismas: Unha Igrexa (en liña) - Movemento dos Focolares

O ciclo de conferencias comeza cunha invitación especial para explorar o panorama da unidade e a comuñón na Igrexa.

Comienza el Ciclo de Conferencias con una invitación especial en la que se profundizará en el panorama de la unidad y comunión en la Iglesia.
