{"id":17899,"date":"2025-10-05T22:28:59","date_gmt":"2025-10-05T20:28:59","guid":{"rendered":"https:\/\/focolares.es\/?post_type=tribe_events&#038;p=17899"},"modified":"2025-11-07T12:29:29","modified_gmt":"2025-11-07T11:29:29","slug":"dia-de-espera","status":"publish","type":"tribe_events","link":"https:\/\/focolares.es\/gl\/agenda\/jornada-esperando\/","title":{"rendered":"D\u00eda de &quot;espera&quot;"},"content":{"rendered":"<p>O segundo ano do ciclo +Humanos +Di\u00e1logos, titulado &quot;Di\u00e1logo: A sinfon\u00eda dos humanos&quot;, aborda diversos aspectos para afondar na nosa condici\u00f3n humana m\u00e1is aut\u00e9ntica, aquela que nos abre ao di\u00e1logo. Unha capacidade de di\u00e1logo que, \u00e1 s\u00faa vez, nos permite reco\u00f1ecernos e descubrirnos como cada vez m\u00e1is humanos.<\/p>\n<p>Este d\u00eda ch\u00e1mase &quot;Agardar. O valor da paciencia activa&quot;.<\/p>\n<p>Cada sesi\u00f3n consta dunha presentaci\u00f3n a cargo do facilitador Francesc Brun\u00e9s, traballo en grupos pequenos e oportunidades para socializar e debater.<\/p>\n<p>Francesc Brun\u00e9s \u00e9 un economista con ampla experiencia como docente.<\/p>\n<p>Lingua: catal\u00e1n.<\/p>\n<p><a href=\"https:\/\/forms.gle\/ZiMNRVC45W6JDkWGA\" target=\"_blank\" rel=\"noopener\">Inscrici\u00f3n<\/a>Non \u00e9 necesario rexistrarse en todas as sesi\u00f3ns.<\/p>\n<p><a href=\"https:\/\/agorafrancesc.wordpress.com\/curs-2025-26\/\" target=\"_blank\" rel=\"noopener\">M\u00e1is informaci\u00f3n<\/a><\/p>\n<p><a href=\"https:\/\/focolares.es\/wp-content\/uploads\/2025\/09\/Invitacion-Humanos-y-Dialogantes-25-26.jpeg\" target=\"_blank\" rel=\"noopener\"><img fetchpriority=\"high\" decoding=\"async\" class=\"alignnone wp-image-17745 size-large\" src=\"https:\/\/focolares.es\/wp-content\/uploads\/2025\/09\/Invitacion-Humanos-y-Dialogantes-25-26-724x1024.jpeg\" alt=\"\" width=\"724\" height=\"1024\" srcset=\"https:\/\/focolares.es\/wp-content\/uploads\/2025\/09\/Invitacion-Humanos-y-Dialogantes-25-26-724x1024.jpeg 724w, https:\/\/focolares.es\/wp-content\/uploads\/2025\/09\/Invitacion-Humanos-y-Dialogantes-25-26-212x300.jpeg 212w, https:\/\/focolares.es\/wp-content\/uploads\/2025\/09\/Invitacion-Humanos-y-Dialogantes-25-26-768x1086.jpeg 768w, https:\/\/focolares.es\/wp-content\/uploads\/2025\/09\/Invitacion-Humanos-y-Dialogantes-25-26-1086x1536.jpeg 1086w, https:\/\/focolares.es\/wp-content\/uploads\/2025\/09\/Invitacion-Humanos-y-Dialogantes-25-26-8x12.jpeg 8w, https:\/\/focolares.es\/wp-content\/uploads\/2025\/09\/Invitacion-Humanos-y-Dialogantes-25-26.jpeg 1131w\" sizes=\"(max-width: 724px) 100vw, 724px\" \/><\/a><\/p>\n<p>&nbsp;<\/p>","protected":false},"excerpt":{"rendered":"<p>Jornada \u00abEsperando. El valor de una paciencia activa\u00bb del ciclo +Humanos +Dialogantes.<\/p>","protected":false},"author":1,"featured_media":17742,"template":"","meta":{"_price":"","_stock":"","_tribe_ticket_header":"","_tribe_default_ticket_provider":"TEC\\Tickets\\Commerce\\Module","_tribe_ticket_capacity":"0","_ticket_start_date":"","_ticket_end_date":"","_tribe_ticket_show_description":"","_tribe_ticket_show_not_going":false,"_tribe_ticket_use_global_stock":"","_tribe_ticket_global_stock_level":"","_global_stock_mode":"","_global_stock_cap":"","_tribe_rsvp_for_event":"","_tribe_ticket_going_count":"","_tribe_ticket_not_going_count":"","_tribe_tickets_list":"[]","_tribe_ticket_has_attendee_info_fields":false,"_tribe_events_status":"","_tribe_events_status_reason":"","footnotes":"","_tec_slr_enabled":"","_tec_slr_layout":""},"tags":[],"tribe_events_cat":[55],"class_list":["post-17899","tribe_events","type-tribe_events","status-publish","has-post-thumbnail","hentry","tribe_events_cat-cataluna","cat_cataluna"],"yoast_head":"<!-- This site is optimized with the Yoast SEO plugin v27.2 - https:\/\/yoast.com\/product\/yoast-seo-wordpress\/ -->\n<title>Jornada &quot;Esperando&quot; - Movimiento de los Focolares<\/title>\n<meta name=\"description\" content=\"Jornada &quot;Esperando. El valor de una paciencia activa&quot; del ciclo &quot;+Humanos +Dialogantes, Di\u00e1logo: La sinfon\u00eda de los humanos&quot;.\" \/>\n<meta name=\"robots\" content=\"index, follow, max-snippet:-1, max-image-preview:large, max-video-preview:-1\" \/>\n<link rel=\"canonical\" href=\"https:\/\/focolares.es\/gl\/axenda\/dia-de-espera\/\" \/>\n<meta property=\"og:locale\" content=\"gl_ES\" \/>\n<meta property=\"og:type\" content=\"article\" \/>\n<meta property=\"og:title\" content=\"Jornada &quot;Esperando&quot; - Movimiento de los Focolares\" \/>\n<meta property=\"og:description\" content=\"Jornada &quot;Esperando. El valor de una paciencia activa&quot; del ciclo &quot;+Humanos +Dialogantes, Di\u00e1logo: La sinfon\u00eda de los humanos&quot;.\" \/>\n<meta property=\"og:url\" content=\"https:\/\/focolares.es\/gl\/axenda\/dia-de-espera\/\" \/>\n<meta property=\"og:site_name\" content=\"Movimiento de los Focolares\" \/>\n<meta property=\"article:modified_time\" content=\"2025-11-07T11:29:29+00:00\" \/>\n<meta property=\"og:image\" content=\"https:\/\/focolares.es\/wp-content\/uploads\/2025\/09\/Humans-Dialogants-768x371-1.jpg\" \/>\n\t<meta property=\"og:image:width\" content=\"768\" \/>\n\t<meta property=\"og:image:height\" content=\"371\" \/>\n\t<meta property=\"og:image:type\" content=\"image\/jpeg\" \/>\n<meta name=\"twitter:card\" content=\"summary_large_image\" \/>\n<meta name=\"twitter:label1\" content=\"Tempo de lectura\" \/>\n\t<meta name=\"twitter:data1\" content=\"1 minuto\" \/>\n<script type=\"application\/ld+json\" class=\"yoast-schema-graph\">{\"@context\":\"https:\/\/schema.org\",\"@graph\":[{\"@type\":\"WebPage\",\"@id\":\"https:\/\/focolares.es\/agenda\/jornada-esperando\/\",\"url\":\"https:\/\/focolares.es\/agenda\/jornada-esperando\/\",\"name\":\"Jornada \\\"Esperando\\\" - Movimiento de los Focolares\",\"isPartOf\":{\"@id\":\"https:\/\/focolares.es\/#website\"},\"primaryImageOfPage\":{\"@id\":\"https:\/\/focolares.es\/agenda\/jornada-esperando\/#primaryimage\"},\"image\":{\"@id\":\"https:\/\/focolares.es\/agenda\/jornada-esperando\/#primaryimage\"},\"thumbnailUrl\":\"https:\/\/focolares.es\/wp-content\/uploads\/2025\/09\/Humans-Dialogants-768x371-1.jpg\",\"datePublished\":\"2025-10-05T20:28:59+00:00\",\"dateModified\":\"2025-11-07T11:29:29+00:00\",\"description\":\"Jornada \\\"Esperando. El valor de una paciencia activa\\\" del ciclo \\\"+Humanos +Dialogantes, Di\u00e1logo: La sinfon\u00eda de los humanos\\\".\",\"breadcrumb\":{\"@id\":\"https:\/\/focolares.es\/agenda\/jornada-esperando\/#breadcrumb\"},\"inLanguage\":\"gl-ES\",\"potentialAction\":[{\"@type\":\"ReadAction\",\"target\":[\"https:\/\/focolares.es\/agenda\/jornada-esperando\/\"]}]},{\"@type\":\"ImageObject\",\"inLanguage\":\"gl-ES\",\"@id\":\"https:\/\/focolares.es\/agenda\/jornada-esperando\/#primaryimage\",\"url\":\"https:\/\/focolares.es\/wp-content\/uploads\/2025\/09\/Humans-Dialogants-768x371-1.jpg\",\"contentUrl\":\"https:\/\/focolares.es\/wp-content\/uploads\/2025\/09\/Humans-Dialogants-768x371-1.jpg\",\"width\":768,\"height\":371},{\"@type\":\"BreadcrumbList\",\"@id\":\"https:\/\/focolares.es\/agenda\/jornada-esperando\/#breadcrumb\",\"itemListElement\":[{\"@type\":\"ListItem\",\"position\":1,\"name\":\"Portada\",\"item\":\"https:\/\/focolares.es\/\"},{\"@type\":\"ListItem\",\"position\":2,\"name\":\"Eventos\",\"item\":\"https:\/\/focolares.es\/events\/\"},{\"@type\":\"ListItem\",\"position\":3,\"name\":\"Jornada \u00abEsperando\u00bb\"}]},{\"@type\":\"WebSite\",\"@id\":\"https:\/\/focolares.es\/#website\",\"url\":\"https:\/\/focolares.es\/\",\"name\":\"Movimiento de los Focolares\",\"description\":\"\",\"publisher\":{\"@id\":\"https:\/\/focolares.es\/#organization\"},\"potentialAction\":[{\"@type\":\"SearchAction\",\"target\":{\"@type\":\"EntryPoint\",\"urlTemplate\":\"https:\/\/focolares.es\/?s={search_term_string}\"},\"query-input\":{\"@type\":\"PropertyValueSpecification\",\"valueRequired\":true,\"valueName\":\"search_term_string\"}}],\"inLanguage\":\"gl-ES\"},{\"@type\":\"Organization\",\"@id\":\"https:\/\/focolares.es\/#organization\",\"name\":\"Movimiento de los Focolares\",\"url\":\"https:\/\/focolares.es\/\",\"logo\":{\"@type\":\"ImageObject\",\"inLanguage\":\"gl-ES\",\"@id\":\"https:\/\/focolares.es\/#\/schema\/logo\/image\/\",\"url\":\"https:\/\/focolares.es\/wp-content\/uploads\/2024\/03\/Logo_focolares-1024x944-1.jpg\",\"contentUrl\":\"https:\/\/focolares.es\/wp-content\/uploads\/2024\/03\/Logo_focolares-1024x944-1.jpg\",\"width\":1024,\"height\":944,\"caption\":\"Movimiento de los Focolares\"},\"image\":{\"@id\":\"https:\/\/focolares.es\/#\/schema\/logo\/image\/\"}}]}<\/script>\n<!-- \/ Yoast SEO plugin. -->","yoast_head_json":{"title":"D\u00eda da &quot;Espera&quot; - Movemento dos Focolares","description":"Obradoiro &quot;Agardando. O valor da paciencia activa&quot; da serie &quot;+Humanos +Dialogantes, Di\u00e1logo: A sinfon\u00eda dos humanos&quot;.","robots":{"index":"index","follow":"follow","max-snippet":"max-snippet:-1","max-image-preview":"max-image-preview:large","max-video-preview":"max-video-preview:-1"},"canonical":"https:\/\/focolares.es\/gl\/axenda\/dia-de-espera\/","og_locale":"gl_ES","og_type":"article","og_title":"Jornada \"Esperando\" - Movimiento de los Focolares","og_description":"Jornada \"Esperando. El valor de una paciencia activa\" del ciclo \"+Humanos +Dialogantes, Di\u00e1logo: La sinfon\u00eda de los humanos\".","og_url":"https:\/\/focolares.es\/gl\/axenda\/dia-de-espera\/","og_site_name":"Movimiento de los Focolares","article_modified_time":"2025-11-07T11:29:29+00:00","og_image":[{"width":768,"height":371,"url":"https:\/\/focolares.es\/wp-content\/uploads\/2025\/09\/Humans-Dialogants-768x371-1.jpg","type":"image\/jpeg"}],"twitter_card":"summary_large_image","twitter_misc":{"Tempo de lectura":"1 minuto"},"schema":{"@context":"https:\/\/schema.org","@graph":[{"@type":"WebPage","@id":"https:\/\/focolares.es\/agenda\/jornada-esperando\/","url":"https:\/\/focolares.es\/agenda\/jornada-esperando\/","name":"D\u00eda da &quot;Espera&quot; - Movemento dos Focolares","isPartOf":{"@id":"https:\/\/focolares.es\/#website"},"primaryImageOfPage":{"@id":"https:\/\/focolares.es\/agenda\/jornada-esperando\/#primaryimage"},"image":{"@id":"https:\/\/focolares.es\/agenda\/jornada-esperando\/#primaryimage"},"thumbnailUrl":"https:\/\/focolares.es\/wp-content\/uploads\/2025\/09\/Humans-Dialogants-768x371-1.jpg","datePublished":"2025-10-05T20:28:59+00:00","dateModified":"2025-11-07T11:29:29+00:00","description":"Obradoiro &quot;Agardando. O valor da paciencia activa&quot; da serie &quot;+Humanos +Dialogantes, Di\u00e1logo: A sinfon\u00eda dos humanos&quot;.","breadcrumb":{"@id":"https:\/\/focolares.es\/agenda\/jornada-esperando\/#breadcrumb"},"inLanguage":"gl-ES","potentialAction":[{"@type":"ReadAction","target":["https:\/\/focolares.es\/agenda\/jornada-esperando\/"]}]},{"@type":"ImageObject","inLanguage":"gl-ES","@id":"https:\/\/focolares.es\/agenda\/jornada-esperando\/#primaryimage","url":"https:\/\/focolares.es\/wp-content\/uploads\/2025\/09\/Humans-Dialogants-768x371-1.jpg","contentUrl":"https:\/\/focolares.es\/wp-content\/uploads\/2025\/09\/Humans-Dialogants-768x371-1.jpg","width":768,"height":371},{"@type":"BreadcrumbList","@id":"https:\/\/focolares.es\/agenda\/jornada-esperando\/#breadcrumb","itemListElement":[{"@type":"ListItem","position":1,"name":"Portada","item":"https:\/\/focolares.es\/"},{"@type":"ListItem","position":2,"name":"Eventos","item":"https:\/\/focolares.es\/events\/"},{"@type":"ListItem","position":3,"name":"Jornada \u00abEsperando\u00bb"}]},{"@type":"WebSite","@id":"https:\/\/focolares.es\/#website","url":"https:\/\/focolares.es\/","name":"Movemento dos Focolares","description":"","publisher":{"@id":"https:\/\/focolares.es\/#organization"},"potentialAction":[{"@type":"SearchAction","target":{"@type":"EntryPoint","urlTemplate":"https:\/\/focolares.es\/?s={search_term_string}"},"query-input":{"@type":"PropertyValueSpecification","valueRequired":true,"valueName":"search_term_string"}}],"inLanguage":"gl-ES"},{"@type":"Organization","@id":"https:\/\/focolares.es\/#organization","name":"Movemento dos Focolares","url":"https:\/\/focolares.es\/","logo":{"@type":"ImageObject","inLanguage":"gl-ES","@id":"https:\/\/focolares.es\/#\/schema\/logo\/image\/","url":"https:\/\/focolares.es\/wp-content\/uploads\/2024\/03\/Logo_focolares-1024x944-1.jpg","contentUrl":"https:\/\/focolares.es\/wp-content\/uploads\/2024\/03\/Logo_focolares-1024x944-1.jpg","width":1024,"height":944,"caption":"Movimiento de los Focolares"},"image":{"@id":"https:\/\/focolares.es\/#\/schema\/logo\/image\/"}}]}},"ticketed":false,"_links":{"self":[{"href":"https:\/\/focolares.es\/gl\/wp-json\/wp\/v2\/tribe_events\/17899","targetHints":{"allow":["GET"]}}],"collection":[{"href":"https:\/\/focolares.es\/gl\/wp-json\/wp\/v2\/tribe_events"}],"about":[{"href":"https:\/\/focolares.es\/gl\/wp-json\/wp\/v2\/types\/tribe_events"}],"author":[{"embeddable":true,"href":"https:\/\/focolares.es\/gl\/wp-json\/wp\/v2\/users\/1"}],"version-history":[{"count":3,"href":"https:\/\/focolares.es\/gl\/wp-json\/wp\/v2\/tribe_events\/17899\/revisions"}],"predecessor-version":[{"id":17913,"href":"https:\/\/focolares.es\/gl\/wp-json\/wp\/v2\/tribe_events\/17899\/revisions\/17913"}],"wp:featuredmedia":[{"embeddable":true,"href":"https:\/\/focolares.es\/gl\/wp-json\/wp\/v2\/media\/17742"}],"wp:attachment":[{"href":"https:\/\/focolares.es\/gl\/wp-json\/wp\/v2\/media?parent=17899"}],"wp:term":[{"taxonomy":"post_tag","embeddable":true,"href":"https:\/\/focolares.es\/gl\/wp-json\/wp\/v2\/tags?post=17899"},{"taxonomy":"tribe_events_cat","embeddable":true,"href":"https:\/\/focolares.es\/gl\/wp-json\/wp\/v2\/tribe_events_cat?post=17899"}],"curies":[{"name":"wp","href":"https:\/\/api.w.org\/{rel}","templated":true}]}}

Día de &quot;espera&quot;

<p>O segundo ano do ciclo +Humanos +Diálogos, titulado &quot;Diálogo: A sinfonía dos humanos&quot;, aborda diversos aspectos para afondar na nosa condición humana máis auténtica, aquela que nos abre ao diálogo. Unha capacidade de diálogo que, á súa vez, nos permite recoñecernos e descubrirnos como cada vez máis humanos.</p>
<p>Este día chámase &quot;Agardar. O valor da paciencia activa&quot;.</p>
<p>Cada sesión consta dunha presentación a cargo do facilitador Francesc Brunés, traballo en grupos pequenos e oportunidades para socializar e debater.</p>
<p>Francesc Brunés é un economista con ampla experiencia como docente.</p>
<p>Lingua: catalán.</p>
<p><a href="https://forms.gle/ZiMNRVC45W6JDkWGA" target="_blank" rel="noopener">Inscrición</a>Non é necesario rexistrarse en todas as sesións.</p>
<p><a href="https://agorafrancesc.wordpress.com/curs-2025-26/" target="_blank" rel="noopener">Máis información</a></p>
<p><a href="https://focolares.es/wp-content/uploads/2025/09/Invitacion-Humanos-y-Dialogantes-25-26.jpeg" target="_blank" rel="noopener"><img fetchpriority="high" decoding="async" class="alignnone wp-image-17745 size-large" src="https://focolares.es/wp-content/uploads/2025/09/Invitacion-Humanos-y-Dialogantes-25-26-724x1024.jpeg" alt="" width="724" height="1024" srcset="https://focolares.es/wp-content/uploads/2025/09/Invitacion-Humanos-y-Dialogantes-25-26-724x1024.jpeg 724w, https://focolares.es/wp-content/uploads/2025/09/Invitacion-Humanos-y-Dialogantes-25-26-212x300.jpeg 212w, https://focolares.es/wp-content/uploads/2025/09/Invitacion-Humanos-y-Dialogantes-25-26-768x1086.jpeg 768w, https://focolares.es/wp-content/uploads/2025/09/Invitacion-Humanos-y-Dialogantes-25-26-1086x1536.jpeg 1086w, https://focolares.es/wp-content/uploads/2025/09/Invitacion-Humanos-y-Dialogantes-25-26-8x12.jpeg 8w, https://focolares.es/wp-content/uploads/2025/09/Invitacion-Humanos-y-Dialogantes-25-26.jpeg 1131w" sizes="(max-width: 724px) 100vw, 724px" /></a></p>
<p>&nbsp;</p>

<!-- This site is optimized with the Yoast SEO plugin v27.2 - https://yoast.com/product/yoast-seo-wordpress/ -->
<title>Jornada &quot;Esperando&quot; - Movimiento de los Focolares</title>
<meta name="description" content="Jornada &quot;Esperando. El valor de una paciencia activa&quot; del ciclo &quot;+Humanos +Dialogantes, Diálogo: La sinfonía de los humanos&quot;." />
<meta name="robots" content="index, follow, max-snippet:-1, max-image-preview:large, max-video-preview:-1" />
<link rel="canonical" href="https://focolares.es/gl/axenda/dia-de-espera/" />
<meta property="og:locale" content="gl_ES" />
<meta property="og:type" content="article" />
<meta property="og:title" content="Jornada &quot;Esperando&quot; - Movimiento de los Focolares" />
<meta property="og:description" content="Jornada &quot;Esperando. El valor de una paciencia activa&quot; del ciclo &quot;+Humanos +Dialogantes, Diálogo: La sinfonía de los humanos&quot;." />
<meta property="og:url" content="https://focolares.es/gl/axenda/dia-de-espera/" />
<meta property="og:site_name" content="Movimiento de los Focolares" />
<meta property="article:modified_time" content="2025-11-07T11:29:29+00:00" />
<meta property="og:image" content="https://focolares.es/wp-content/uploads/2025/09/Humans-Dialogants-768x371-1.jpg" />
	<meta property="og:image:width" content="768" />
	<meta property="og:image:height" content="371" />
	<meta property="og:image:type" content="image/jpeg" />
<meta name="twitter:card" content="summary_large_image" />
<meta name="twitter:label1" content="Tempo de lectura" />
	<meta name="twitter:data1" content="1 minuto" />
<script type="application/ld+json" class="yoast-schema-graph">{"@context":"https://schema.org","@graph":[{"@type":"WebPage","@id":"https://focolares.es/agenda/jornada-esperando/","url":"https://focolares.es/agenda/jornada-esperando/","name":"Jornada \"Esperando\" - Movimiento de los Focolares","isPartOf":{"@id":"https://focolares.es/#website"},"primaryImageOfPage":{"@id":"https://focolares.es/agenda/jornada-esperando/#primaryimage"},"image":{"@id":"https://focolares.es/agenda/jornada-esperando/#primaryimage"},"thumbnailUrl":"https://focolares.es/wp-content/uploads/2025/09/Humans-Dialogants-768x371-1.jpg","datePublished":"2025-10-05T20:28:59+00:00","dateModified":"2025-11-07T11:29:29+00:00","description":"Jornada \"Esperando. El valor de una paciencia activa\" del ciclo \"+Humanos +Dialogantes, Diálogo: La sinfonía de los humanos\".","breadcrumb":{"@id":"https://focolares.es/agenda/jornada-esperando/#breadcrumb"},"inLanguage":"gl-ES","potentialAction":[{"@type":"ReadAction","target":["https://focolares.es/agenda/jornada-esperando/"]}]},{"@type":"ImageObject","inLanguage":"gl-ES","@id":"https://focolares.es/agenda/jornada-esperando/#primaryimage","url":"https://focolares.es/wp-content/uploads/2025/09/Humans-Dialogants-768x371-1.jpg","contentUrl":"https://focolares.es/wp-content/uploads/2025/09/Humans-Dialogants-768x371-1.jpg","width":768,"height":371},{"@type":"BreadcrumbList","@id":"https://focolares.es/agenda/jornada-esperando/#breadcrumb","itemListElement":[{"@type":"ListItem","position":1,"name":"Portada","item":"https://focolares.es/"},{"@type":"ListItem","position":2,"name":"Eventos","item":"https://focolares.es/events/"},{"@type":"ListItem","position":3,"name":"Jornada «Esperando»"}]},{"@type":"WebSite","@id":"https://focolares.es/#website","url":"https://focolares.es/","name":"Movimiento de los Focolares","description":"","publisher":{"@id":"https://focolares.es/#organization"},"potentialAction":[{"@type":"SearchAction","target":{"@type":"EntryPoint","urlTemplate":"https://focolares.es/?s={search_term_string}"},"query-input":{"@type":"PropertyValueSpecification","valueRequired":true,"valueName":"search_term_string"}}],"inLanguage":"gl-ES"},{"@type":"Organization","@id":"https://focolares.es/#organization","name":"Movimiento de los Focolares","url":"https://focolares.es/","logo":{"@type":"ImageObject","inLanguage":"gl-ES","@id":"https://focolares.es/#/schema/logo/image/","url":"https://focolares.es/wp-content/uploads/2024/03/Logo_focolares-1024x944-1.jpg","contentUrl":"https://focolares.es/wp-content/uploads/2024/03/Logo_focolares-1024x944-1.jpg","width":1024,"height":944,"caption":"Movimiento de los Focolares"},"image":{"@id":"https://focolares.es/#/schema/logo/image/"}}]}</script>
<!-- / Yoast SEO plugin. -->

Día da &quot;Espera&quot; - Movemento dos Focolares

Obradoiro &quot;Agardando. O valor da paciencia activa&quot; da serie &quot;+Humanos +Dialogantes, Diálogo: A sinfonía dos humanos&quot;.

Jornada "Esperando. El valor de una paciencia activa" del ciclo "+Humanos +Dialogantes, Diálogo: La sinfonía de los humanos".
